--
-- Host: localhost    Database: cuipmar4_wrdp3
-- ------------------------------------------------------


--
-- Table structure for table `wp_commentmeta`
--

CREATE TABLE `wp_commentmeta` (
  `meta_id` bigint(20) unsigned NOT NULL AUTO_INCREMENT,
  `comment_id` bigint(20) unsigned NOT NULL DEFAULT '0',
  `meta_key` varchar(255) DEFAULT NULL,
  `meta_value` longtext,
  PRIMARY KEY (`meta_id`),
  KEY `comment_id` (`comment_id`),
  KEY `meta_key` (`meta_key`)
) ENGINE=MyISAM AUTO_INCREMENT=795 DEFAULT CHARSET=utf8;

--
-- Dumping data for table `wp_commentmeta`
--

INSERT INTO `wp_commentmeta` (`meta_id`, `comment_id`, `meta_key`, `meta_value`) VALUES (3,51,'_wp_trash_meta_status','0'),(785,351,'akismet_as_submitted','a:53:{s:15:\"comment_post_ID\";i:2;s:14:\"comment_author\";s:24:\"visit the following post\";s:20:\"comment_author_email\";s:0:\"\";s:18:\"comment_author_url\";s:76:\"http://hosw0rmbve.soup.io/post/288625054/Should-I-Purchase-Costume-Jewellery\";s:15:\"comment_content\";s:54:\"<strong>visit the following post...</strong>\n\nAbout...\";s:12:\"comment_type\";s:9:\"trackback\";s:7:\"user_ip\";s:13:\"37.59.164.228\";s:10:\"user_agent\";s:10:\"PHP/5.2.10\";s:8:\"referrer\";s:76:\"http://hosw0rmbve.soup.io/post/288625054/Should-I-Purchase-Costume-Jewellery\";s:4:\"blog\";s:19:\"http://web.cuip.net\";s:9:\"blog_lang\";s:5:\"en_US\";s:12:\"blog_charset\";s:5:\"UTF-8\";s:9:\"permalink\";s:26:\"http://web.cuip.net/about/\";s:21:\"akismet_comment_nonce\";s:6:\"failed\";s:8:\"POST_url\";s:76:\"http://hosw0rmbve.soup.io/post/288625054/Should-I-Purchase-Costume-Jewellery\";s:10:\"POST_title\";s:24:\"visit the following post\";s:14:\"POST_blog_name\";s:24:\"visit the following post\";s:12:\"POST_excerpt\";s:5:\"About\";s:15:\"SERVER_SOFTWARE\";s:6:\"Apache\";s:11:\"REQUEST_URI\";s:17:\"/about/trackback/\";s:14:\"CONTENT_LENGTH\";s:3:\"172\";s:12:\"CONTENT_TYPE\";s:33:\"application/x-www-form-urlencoded\";s:13:\"DOCUMENT_ROOT\";s:59:\"/home/cuipmar4/public_html/blogs/standalone-WPs/newscuipnet\";s:17:\"GATEWAY_INTERFACE\";s:7:\"CGI/1.1\";s:11:\"HTTP_ACCEPT\";s:129:\"text/html, application/xml;q=0.9, application/xhtml+xml, image/png, image/webp, image/jpeg, image/gif, image/x-xbitmap, */*;q=0.1\";s:20:\"HTTP_ACCEPT_ENCODING\";s:13:\"gzip, deflate\";s:20:\"HTTP_ACCEPT_LANGUAGE\";s:2:\"en\";s:15:\"HTTP_CONNECTION\";s:10:\"Keep-Alive\";s:9:\"HTTP_HOST\";s:12:\"web.cuip.net\";s:12:\"HTTP_REFERER\";s:76:\"http://hosw0rmbve.soup.io/post/288625054/Should-I-Purchase-Costume-Jewellery\";s:15:\"HTTP_USER_AGENT\";s:10:\"PHP/5.2.10\";s:4:\"PATH\";s:13:\"/bin:/usr/bin\";s:12:\"QUERY_STRING\";s:0:\"\";s:15:\"REDIRECT_STATUS\";s:3:\"200\";s:18:\"REDIRECT_UNIQUE_ID\";s:24:\"UU1s6NHsR2MAB4mNFFkAAAAL\";s:12:\"REDIRECT_URL\";s:17:\"/about/trackback/\";s:11:\"REMOTE_ADDR\";s:13:\"37.59.164.228\";s:11:\"REMOTE_PORT\";s:5:\"59716\";s:14:\"REQUEST_METHOD\";s:4:\"POST\";s:15:\"SCRIPT_FILENAME\";s:69:\"/home/cuipmar4/public_html/blogs/standalone-WPs/newscuipnet/index.php\";s:11:\"SCRIPT_NAME\";s:10:\"/index.php\";s:11:\"SERVER_ADDR\";s:14:\"174.127.110.33\";s:12:\"SERVER_ADMIN\";s:23:\"webmaster@web.cuip3.org\";s:11:\"SERVER_NAME\";s:12:\"web.cuip.net\";s:11:\"SERVER_PORT\";s:2:\"80\";s:15:\"SERVER_PROTOCOL\";s:8:\"HTTP/1.0\";s:16:\"SERVER_SIGNATURE\";s:0:\"\";s:9:\"UNIQUE_ID\";s:24:\"UU1s6NHsR2MAB4mNFFkAAAAL\";s:8:\"PHP_SELF\";s:10:\"/index.php\";s:12:\"REQUEST_TIME\";s:10:\"1364028648\";s:4:\"argv\";s:0:\"\";s:4:\"argc\";s:1:\"0\";s:25:\"comment_post_modified_gmt\";s:19:\"2011-03-14 17:30:08\";}'),(783,351,'akismet_result','true'),(784,351,'akismet_history','a:4:{s:4:\"time\";d:1364028648.94363307952880859375;s:7:\"message\";s:35:\"Akismet caught this comment as spam\";s:5:\"event\";s:10:\"check-spam\";s:4:\"user\";s:0:\"\";}'),(732,333,'akismet_result','true'),(733,333,'akismet_history','a:4:{s:4:\"time\";d:1363239511.404521942138671875;s:7:\"message\";s:35:\"Akismet caught this comment as spam\";s:5:\"event\";s:10:\"check-spam\";s:4:\"user\";s:0:\"\";}'),(734,333,'akismet_as_submitted','a:57:{s:15:\"comment_post_ID\";i:129;s:14:\"comment_author\";s:5:\"Beryl\";s:20:\"comment_author_email\";s:17:\"sduijek@gmail.com\";s:18:\"comment_author_url\";s:40:\"http://community.socialenginemods.net/bl\";s:15:\"comment_content\";s:2210:\"This killing red bottoms became the mark connected with Christian Louboutin Shoes sales and made him blast out. I love their collections with designers, too,\" she says. Can be in behind. Included in the see of quite a bit, ladies high heel sandals for example Louboutin Pumps Sale will practically allways be numerous non obsolete models. court bottom,in the process of hammering Jeong, MA Wei Li,ferragamo women, Zhang Kai, the brain of the main aggression Jeong, and Jeong, died of brain injury namely really forward two <a href=\"http://www.get-bent.com.au/content/quand-louboutin-en-ligne-il-d%C3%A9cid%C3%A9-que-dune-seule-couleur-ne-peut\">http://www.get-bent.com.au/content/quand-louboutin-en-ligne-il-d%C3%A9cid%C3%A9-que-dune-seule-couleur-ne-peut</a> and logged and Cao Zhijie Xu constitute the guilt of <a href=\"http://www.get-bent.com.au/content/quand-louboutin-en-ligne-il-d%C3%A9cid%C3%A9-que-dune-seule-couleur-ne-peut\">http://www.get-bent.com.au/content/quand-louboutin-en-ligne-il-d%C3%A9cid%C3%A9-que-dune-seule-couleur-ne-peut</a> intentional injury, and Wang Xu annexed to cater more than 21,000 yuan forward recording constitute the crime of harboring In view of several folk surrendered,Over eighty home mama was the daughter refused to eat, the deceased was an athletic <a href=\"http://www.peps-photography.com/blog/node/220948\">http://www.peps-photography.com/blog/node/220948</a> treatment and compensation for the detriment of a home of <a href=\"http://www.get-bent.com.au/content/leur-tr%C3%A8s-aqueux-tion-peut-lubrifier-la-escarpins-louboutin-transition-vers-la-phase\">http://www.get-bent.com.au/content/leur-tr%C3%A8s-aqueux-tion-peut-lubrifier-la-escarpins-louboutin-transition-vers-la-phase</a> the deceased, which the Court logged a lighter sentence by Xu,Sudden decease of villagers aboard a trip organizers claim their families v., MA Wei Li,yves saint laurent boots, Zhang Kai,cheap timberlands boots, 13 years within prison, five years amid prison Cao Zhijie, Wang forward two years imprisonment,Owners amongst one intermediary dealer restrained, suspended for 2 years . [url=http://community.socialenginemods.net/blog_entry.php?user=cherry357&blogentry_id=342580]Beryl[/url]\";s:12:\"comment_type\";s:0:\"\";s:14:\"comment_parent\";i:0;s:7:\"user_ID\";i:0;s:7:\"user_ip\";s:13:\"218.104.72.98\";s:10:\"user_agent\";s:172:\"Mozilla/4.0 (compatible; MSIE 6.0; Windows NT 5.1; SV1; TencentTraveler ; Mozilla/4.0 (compatible; MSIE 6.0; Windows NT 5.1; SV1) ; .NET CLR 2.0.50727 ; .NET CLR 4.0.30319)\";s:8:\"referrer\";s:101:\"http://web.cuip.net/2010/01/congratulations-duel/l_486_480_4c9bd8e3-fb47-44a9-8760-d7de75f841c4-jpeg/\";s:4:\"blog\";s:19:\"http://web.cuip.net\";s:9:\"blog_lang\";s:5:\"en_US\";s:12:\"blog_charset\";s:5:\"UTF-8\";s:9:\"permalink\";s:101:\"http://web.cuip.net/2010/01/congratulations-duel/l_486_480_4c9bd8e3-fb47-44a9-8760-d7de75f841c4-jpeg/\";s:21:\"akismet_comment_nonce\";s:6:\"passed\";s:20:\"POST_comment_post_ID\";s:3:\"129\";s:19:\"POST_comment_parent\";s:1:\"0\";s:26:\"POST_akismet_comment_nonce\";s:10:\"b9ee7261d4\";s:29:\"POST_recaptcha_response_field\";s:16:\"manual_challenge\";s:11:\"POST_submit\";s:14:\"Submit Comment\";s:11:\"POST_author\";s:5:\"Beryl\";s:10:\"POST_email\";s:17:\"sduijek@gmail.com\";s:8:\"POST_url\";s:40:\"http://community.socialenginemods.net/bl\";s:12:\"POST_comment\";s:2210:\"This killing red bottoms became the mark connected with Christian Louboutin Shoes sales and made him blast out. I love their collections with designers, too,\" she says. Can be in behind. Included in the see of quite a bit, ladies high heel sandals for example Louboutin Pumps Sale will practically allways be numerous non obsolete models. court bottom,in the process of hammering Jeong, MA Wei Li,ferragamo women, Zhang Kai, the brain of the main aggression Jeong, and Jeong, died of brain injury namely really forward two <a href=\"http://www.get-bent.com.au/content/quand-louboutin-en-ligne-il-d%C3%A9cid%C3%A9-que-dune-seule-couleur-ne-peut\">http://www.get-bent.com.au/content/quand-louboutin-en-ligne-il-d%C3%A9cid%C3%A9-que-dune-seule-couleur-ne-peut</a> and logged and Cao Zhijie Xu constitute the guilt of <a href=\"http://www.get-bent.com.au/content/quand-louboutin-en-ligne-il-d%C3%A9cid%C3%A9-que-dune-seule-couleur-ne-peut\">http://www.get-bent.com.au/content/quand-louboutin-en-ligne-il-d%C3%A9cid%C3%A9-que-dune-seule-couleur-ne-peut</a> intentional injury, and Wang Xu annexed to cater more than 21,000 yuan forward recording constitute the crime of harboring In view of several folk surrendered,Over eighty home mama was the daughter refused to eat, the deceased was an athletic <a href=\"http://www.peps-photography.com/blog/node/220948\">http://www.peps-photography.com/blog/node/220948</a> treatment and compensation for the detriment of a home of <a href=\"http://www.get-bent.com.au/content/leur-tr%C3%A8s-aqueux-tion-peut-lubrifier-la-escarpins-louboutin-transition-vers-la-phase\">http://www.get-bent.com.au/content/leur-tr%C3%A8s-aqueux-tion-peut-lubrifier-la-escarpins-louboutin-transition-vers-la-phase</a> the deceased, which the Court logged a lighter sentence by Xu,Sudden decease of villagers aboard a trip organizers claim their families v., MA Wei Li,yves saint laurent boots, Zhang Kai,cheap timberlands boots, 13 years within prison, five years amid prison Cao Zhijie, Wang forward two years imprisonment,Owners amongst one intermediary dealer restrained, suspended for 2 years . [url=http://community.socialenginemods.net/blog_entry.php?user=cherry357&blogentry_id=342580]Beryl[/url]\";s:15:\"SERVER_SOFTWARE\";s:6:\"Apache\";s:11:\"REQUEST_URI\";s:21:\"/wp-comments-post.php\";s:14:\"CONTENT_LENGTH\";s:4:\"2730\";s:12:\"CONTENT_TYPE\";s:33:\"application/x-www-form-urlencoded\";s:13:\"DOCUMENT_ROOT\";s:59:\"/home/cuipmar4/public_html/blogs/standalone-WPs/newscuipnet\";s:17:\"GATEWAY_INTERFACE\";s:7:\"CGI/1.1\";s:11:\"HTTP_ACCEPT\";s:87:\"image/gif, image/x-xbitmap, image/jpeg, image/pjpeg, application/x-shockwave-flash, */*\";s:20:\"HTTP_ACCEPT_ENCODING\";s:13:\"gzip, deflate\";s:15:\"HTTP_CONNECTION\";s:5:\"Close\";s:9:\"HTTP_HOST\";s:12:\"web.cuip.net\";s:12:\"HTTP_REFERER\";s:101:\"http://web.cuip.net/2010/01/congratulations-duel/l_486_480_4c9bd8e3-fb47-44a9-8760-d7de75f841c4-jpeg/\";s:15:\"HTTP_USER_AGENT\";s:172:\"Mozilla/4.0 (compatible; MSIE 6.0; Windows NT 5.1; SV1; TencentTraveler ; Mozilla/4.0 (compatible; MSIE 6.0; Windows NT 5.1; SV1) ; .NET CLR 2.0.50727 ; .NET CLR 4.0.30319)\";s:4:\"PATH\";s:13:\"/bin:/usr/bin\";s:12:\"QUERY_STRING\";s:0:\"\";s:15:\"REDIRECT_STATUS\";s:3:\"200\";s:11:\"REMOTE_ADDR\";s:13:\"218.104.72.98\";s:11:\"REMOTE_PORT\";s:4:\"1321\";s:14:\"REQUEST_METHOD\";s:4:\"POST\";s:15:\"SCRIPT_FILENAME\";s:80:\"/home/cuipmar4/public_html/blogs/standalone-WPs/newscuipnet/wp-comments-post.php\";s:11:\"SCRIPT_NAME\";s:21:\"/wp-comments-post.php\";s:11:\"SERVER_ADDR\";s:14:\"174.127.110.33\";s:12:\"SERVER_ADMIN\";s:23:\"webmaster@web.cuip3.org\";s:11:\"SERVER_NAME\";s:12:\"web.cuip.net\";s:11:\"SERVER_PORT\";s:2:\"80\";s:15:\"SERVER_PROTOCOL\";s:8:\"HTTP/1.1\";s:16:\"SERVER_SIGNATURE\";s:0:\"\";s:9:\"UNIQUE_ID\";s:24:\"UUFiVtHsR2MAAXDyBFcAAAAU\";s:8:\"PHP_SELF\";s:21:\"/wp-comments-post.php\";s:12:\"REQUEST_TIME\";s:10:\"1363239510\";s:4:\"argv\";s:0:\"\";s:4:\"argc\";s:1:\"0\";s:25:\"comment_post_modified_gmt\";s:19:\"2010-02-19 14:37:57\";}'),(751,340,'akismet_history','a:4:{s:4:\"time\";d:1363676839.9954559803009033203125;s:7:\"message\";s:35:\"Akismet caught this comment as spam\";s:5:\"event\";s:10:\"check-spam\";s:4:\"user\";s:0:\"\";}'),(735,334,'akismet_result','true'),(736,334,'akismet_history','a:4:{s:4:\"time\";d:1363362923.8291680812835693359375;s:7:\"message\";s:35:\"Akismet caught this comment as spam\";s:5:\"event\";s:10:\"check-spam\";s:4:\"user\";s:0:\"\";}'),(737,334,'akismet_as_submitted','a:53:{s:15:\"comment_post_ID\";i:2;s:14:\"comment_author\";s:35:\"epson t0715 ink cartridge multipack\";s:20:\"comment_author_email\";s:0:\"\";s:18:\"comment_author_url\";s:70:\"http://judges.cwars.ru/wiki/index.php?title=Участник:BobbyWang\";s:15:\"comment_content\";s:65:\"<strong>epson t0715 ink cartridge multipack...</strong>\n\nAbout...\";s:12:\"comment_type\";s:9:\"trackback\";s:7:\"user_ip\";s:12:\"173.208.2.46\";s:10:\"user_agent\";s:10:\"PHP/5.2.10\";s:8:\"referrer\";s:70:\"http://judges.cwars.ru/wiki/index.php?title=Участник:BobbyWang\";s:4:\"blog\";s:19:\"http://web.cuip.net\";s:9:\"blog_lang\";s:5:\"en_US\";s:12:\"blog_charset\";s:5:\"UTF-8\";s:9:\"permalink\";s:26:\"http://web.cuip.net/about/\";s:21:\"akismet_comment_nonce\";s:6:\"failed\";s:8:\"POST_url\";s:70:\"http://judges.cwars.ru/wiki/index.php?title=Участник:BobbyWang\";s:10:\"POST_title\";s:35:\"epson t0715 ink cartridge multipack\";s:14:\"POST_blog_name\";s:35:\"epson t0715 ink cartridge multipack\";s:12:\"POST_excerpt\";s:5:\"About\";s:15:\"SERVER_SOFTWARE\";s:6:\"Apache\";s:11:\"REQUEST_URI\";s:17:\"/about/trackback/\";s:14:\"CONTENT_LENGTH\";s:3:\"224\";s:12:\"CONTENT_TYPE\";s:33:\"application/x-www-form-urlencoded\";s:13:\"DOCUMENT_ROOT\";s:59:\"/home/cuipmar4/public_html/blogs/standalone-WPs/newscuipnet\";s:17:\"GATEWAY_INTERFACE\";s:7:\"CGI/1.1\";s:11:\"HTTP_ACCEPT\";s:129:\"text/html, application/xml;q=0.9, application/xhtml+xml, image/png, image/webp, image/jpeg, image/gif, image/x-xbitmap, */*;q=0.1\";s:20:\"HTTP_ACCEPT_ENCODING\";s:13:\"gzip, deflate\";s:20:\"HTTP_ACCEPT_LANGUAGE\";s:2:\"en\";s:15:\"HTTP_CONNECTION\";s:10:\"Keep-Alive\";s:9:\"HTTP_HOST\";s:12:\"web.cuip.net\";s:12:\"HTTP_REFERER\";s:70:\"http://judges.cwars.ru/wiki/index.php?title=Участник:BobbyWang\";s:15:\"HTTP_USER_AGENT\";s:10:\"PHP/5.2.10\";s:4:\"PATH\";s:13:\"/bin:/usr/bin\";s:12:\"QUERY_STRING\";s:0:\"\";s:15:\"REDIRECT_STATUS\";s:3:\"200\";s:18:\"REDIRECT_UNIQUE_ID\";s:24:\"UUNEatHsR2MAA7GzvP0AAABN\";s:12:\"REDIRECT_URL\";s:17:\"/about/trackback/\";s:11:\"REMOTE_ADDR\";s:12:\"173.208.2.46\";s:11:\"REMOTE_PORT\";s:5:\"37694\";s:14:\"REQUEST_METHOD\";s:4:\"POST\";s:15:\"SCRIPT_FILENAME\";s:69:\"/home/cuipmar4/public_html/blogs/standalone-WPs/newscuipnet/index.php\";s:11:\"SCRIPT_NAME\";s:10:\"/index.php\";s:11:\"SERVER_ADDR\";s:14:\"174.127.110.33\";s:12:\"SERVER_ADMIN\";s:23:\"webmaster@web.cuip3.org\";s:11:\"SERVER_NAME\";s:12:\"web.cuip.net\";s:11:\"SERVER_PORT\";s:2:\"80\";s:15:\"SERVER_PROTOCOL\";s:8:\"HTTP/1.0\";s:16:\"SERVER_SIGNATURE\";s:0:\"\";s:9:\"UNIQUE_ID\";s:24:\"UUNEatHsR2MAA7GzvP0AAABN\";s:8:\"PHP_SELF\";s:10:\"/index.php\";s:12:\"REQUEST_TIME\";s:10:\"1363362922\";s:4:\"argv\";s:0:\"\";s:4:\"argc\";s:1:\"0\";s:25:\"comment_post_modified_gmt\";s:19:\"2011-03-14 17:30:08\";}'),(741,337,'akismet_result','true'),(742,337,'akismet_history','a:4:{s:4:\"time\";d:1363589772.1154749393463134765625;s:7:\"message\";s:35:\"Akismet caught this comment as spam\";s:5:\"event\";s:10:\"check-spam\";s:4:\"user\";s:0:\"\";}'),(750,340,'akismet_result','true'),(792,354,'akismet_result','true'),(793,354,'akismet_history','a:4:{s:4:\"time\";d:1364185495.8096830844879150390625;s:7:\"message\";s:35:\"Akismet caught this comment as spam\";s:5:\"event\";s:10:\"check-spam\";s:4:\"user\";s:0:\"\";}'),(780,350,'akismet_result','true'),(794,354,'akismet_as_submitted','a:53:{s:15:\"comment_post_ID\";i:2;s:14:\"comment_author\";s:16:\"xerox 8560 black\";s:20:\"comment_author_email\";s:0:\"\";s:18:\"comment_author_url\";s:104:\"http://www.eeudf.org/eeudf_si/mediawiki/index.php?title=History_Of_Colour_Copiers_Printers_Multifunction\";s:15:\"comment_content\";s:46:\"<strong>xerox 8560 black...</strong>\n\nAbout...\";s:12:\"comment_type\";s:9:\"trackback\";s:7:\"user_ip\";s:14:\"91.108.177.179\";s:10:\"user_agent\";s:10:\"PHP/5.2.10\";s:8:\"referrer\";s:104:\"http://www.eeudf.org/eeudf_si/mediawiki/index.php?title=History_Of_Colour_Copiers_Printers_Multifunction\";s:4:\"blog\";s:19:\"http://web.cuip.net\";s:9:\"blog_lang\";s:5:\"en_US\";s:12:\"blog_charset\";s:5:\"UTF-8\";s:9:\"permalink\";s:26:\"http://web.cuip.net/about/\";s:21:\"akismet_comment_nonce\";s:6:\"failed\";s:8:\"POST_url\";s:104:\"http://www.eeudf.org/eeudf_si/mediawiki/index.php?title=History_Of_Colour_Copiers_Printers_Multifunction\";s:10:\"POST_title\";s:16:\"xerox 8560 black\";s:14:\"POST_blog_name\";s:16:\"xerox 8560 black\";s:12:\"POST_excerpt\";s:5:\"About\";s:15:\"SERVER_SOFTWARE\";s:6:\"Apache\";s:11:\"REQUEST_URI\";s:17:\"/about/trackback/\";s:14:\"CONTENT_LENGTH\";s:3:\"188\";s:12:\"CONTENT_TYPE\";s:33:\"application/x-www-form-urlencoded\";s:13:\"DOCUMENT_ROOT\";s:59:\"/home/cuipmar4/public_html/blogs/standalone-WPs/newscuipnet\";s:17:\"GATEWAY_INTERFACE\";s:7:\"CGI/1.1\";s:11:\"HTTP_ACCEPT\";s:129:\"text/html, application/xml;q=0.9, application/xhtml+xml, image/png, image/webp, image/jpeg, image/gif, image/x-xbitmap, */*;q=0.1\";s:20:\"HTTP_ACCEPT_ENCODING\";s:13:\"gzip, deflate\";s:20:\"HTTP_ACCEPT_LANGUAGE\";s:2:\"en\";s:15:\"HTTP_CONNECTION\";s:10:\"Keep-Alive\";s:9:\"HTTP_HOST\";s:12:\"web.cuip.net\";s:12:\"HTTP_REFERER\";s:104:\"http://www.eeudf.org/eeudf_si/mediawiki/index.php?title=History_Of_Colour_Copiers_Printers_Multifunction\";s:15:\"HTTP_USER_AGENT\";s:10:\"PHP/5.2.10\";s:4:\"PATH\";s:13:\"/bin:/usr/bin\";s:12:\"QUERY_STRING\";s:0:\"\";s:15:\"REDIRECT_STATUS\";s:3:\"200\";s:18:\"REDIRECT_UNIQUE_ID\";s:24:\"UU-Rl9HsR2MAAgsxmj4AAAAv\";s:12:\"REDIRECT_URL\";s:17:\"/about/trackback/\";s:11:\"REMOTE_ADDR\";s:14:\"91.108.177.179\";s:11:\"REMOTE_PORT\";s:5:\"43312\";s:14:\"REQUEST_METHOD\";s:4:\"POST\";s:15:\"SCRIPT_FILENAME\";s:69:\"/home/cuipmar4/public_html/blogs/standalone-WPs/newscuipnet/index.php\";s:11:\"SCRIPT_NAME\";s:10:\"/index.php\";s:11:\"SERVER_ADDR\";s:14:\"174.127.110.33\";s:12:\"SERVER_ADMIN\";s:23:\"webmaster@web.cuip3.org\";s:11:\"SERVER_NAME\";s:12:\"web.cuip.net\";s:11:\"SERVER_PORT\";s:2:\"80\";s:15:\"SERVER_PROTOCOL\";s:8:\"HTTP/1.0\";s:16:\"SERVER_SIGNATURE\";s:0:\"\";s:9:\"UNIQUE_ID\";s:24:\"UU-Rl9HsR2MAAgsxmj4AAAAv\";s:8:\"PHP_SELF\";s:10:\"/index.php\";s:12:\"REQUEST_TIME\";s:10:\"1364185495\";s:4:\"argv\";s:0:\"\";s:4:\"argc\";s:1:\"0\";s:25:\"comment_post_modified_gmt\";s:19:\"2011-03-14 17:30:08\";}'),(781,350,'akismet_history','a:4:{s:4:\"time\";d:1363942353.2453739643096923828125;s:7:\"message\";s:35:\"Akismet caught this comment as spam\";s:5:\"event\";s:10:\"check-spam\";s:4:\"user\";s:0:\"\";}'),(782,350,'akismet_as_submitted','a:53:{s:15:\"comment_post_ID\";i:2;s:14:\"comment_author\";s:33:\"visit the up coming internet site\";s:20:\"comment_author_email\";s:0:\"\";s:18:\"comment_author_url\";s:65:\"http://www.squidoo.com/hultquist-jewellery-style-from-scandinavia\";s:15:\"comment_content\";s:63:\"<strong>visit the up coming internet site...</strong>\n\nAbout...\";s:12:\"comment_type\";s:9:\"trackback\";s:7:\"user_ip\";s:15:\"173.234.196.201\";s:10:\"user_agent\";s:10:\"PHP/5.2.10\";s:8:\"referrer\";s:65:\"http://www.squidoo.com/hultquist-jewellery-style-from-scandinavia\";s:4:\"blog\";s:19:\"http://web.cuip.net\";s:9:\"blog_lang\";s:5:\"en_US\";s:12:\"blog_charset\";s:5:\"UTF-8\";s:9:\"permalink\";s:26:\"http://web.cuip.net/about/\";s:21:\"akismet_comment_nonce\";s:6:\"failed\";s:8:\"POST_url\";s:65:\"http://www.squidoo.com/hultquist-jewellery-style-from-scandinavia\";s:10:\"POST_title\";s:33:\"visit the up coming internet site\";s:14:\"POST_blog_name\";s:33:\"visit the up coming internet site\";s:12:\"POST_excerpt\";s:5:\"About\";s:15:\"SERVER_SOFTWARE\";s:6:\"Apache\";s:11:\"REQUEST_URI\";s:17:\"/about/trackback/\";s:14:\"CONTENT_LENGTH\";s:3:\"175\";s:12:\"CONTENT_TYPE\";s:33:\"application/x-www-form-urlencoded\";s:13:\"DOCUMENT_ROOT\";s:59:\"/home/cuipmar4/public_html/blogs/standalone-WPs/newscuipnet\";s:17:\"GATEWAY_INTERFACE\";s:7:\"CGI/1.1\";s:11:\"HTTP_ACCEPT\";s:129:\"text/html, application/xml;q=0.9, application/xhtml+xml, image/png, image/webp, image/jpeg, image/gif, image/x-xbitmap, */*;q=0.1\";s:20:\"HTTP_ACCEPT_ENCODING\";s:13:\"gzip, deflate\";s:20:\"HTTP_ACCEPT_LANGUAGE\";s:2:\"en\";s:15:\"HTTP_CONNECTION\";s:10:\"Keep-Alive\";s:9:\"HTTP_HOST\";s:12:\"web.cuip.net\";s:12:\"HTTP_REFERER\";s:65:\"http://www.squidoo.com/hultquist-jewellery-style-from-scandinavia\";s:15:\"HTTP_USER_AGENT\";s:10:\"PHP/5.2.10\";s:4:\"PATH\";s:13:\"/bin:/usr/bin\";s:12:\"QUERY_STRING\";s:0:\"\";s:15:\"REDIRECT_STATUS\";s:3:\"200\";s:18:\"REDIRECT_UNIQUE_ID\";s:24:\"UUwb0NHsR2MAD9OdBDQAAAAi\";s:12:\"REDIRECT_URL\";s:17:\"/about/trackback/\";s:11:\"REMOTE_ADDR\";s:15:\"173.234.196.201\";s:11:\"REMOTE_PORT\";s:5:\"54683\";s:14:\"REQUEST_METHOD\";s:4:\"POST\";s:15:\"SCRIPT_FILENAME\";s:69:\"/home/cuipmar4/public_html/blogs/standalone-WPs/newscuipnet/index.php\";s:11:\"SCRIPT_NAME\";s:10:\"/index.php\";s:11:\"SERVER_ADDR\";s:14:\"174.127.110.33\";s:12:\"SERVER_ADMIN\";s:23:\"webmaster@web.cuip3.org\";s:11:\"SERVER_NAME\";s:12:\"web.cuip.net\";s:11:\"SERVER_PORT\";s:2:\"80\";s:15:\"SERVER_PROTOCOL\";s:8:\"HTTP/1.0\";s:16:\"SERVER_SIGNATURE\";s:0:\"\";s:9:\"UNIQUE_ID\";s:24:\"UUwb0NHsR2MAD9OdBDQAAAAi\";s:8:\"PHP_SELF\";s:10:\"/index.php\";s:12:\"REQUEST_TIME\";s:10:\"1363942352\";s:4:\"argv\";s:0:\"\";s:4:\"argc\";s:1:\"0\";s:25:\"comment_post_modified_gmt\";s:19:\"2011-03-14 17:30:08\";}'),(774,348,'akismet_result','true'),(775,348,'akismet_history','a:4:{s:4:\"time\";d:1363859892.11756610870361328125;s:7:\"message\";s:35:\"Akismet caught this comment as spam\";s:5:\"event\";s:10:\"check-spam\";s:4:\"user\";s:0:\"\";}'),(776,348,'akismet_as_submitted','a:53:{s:15:\"comment_post_ID\";i:2;s:14:\"comment_author\";s:24:\"Pozycjonowanie stron www\";s:20:\"comment_author_email\";s:0:\"\";s:18:\"comment_author_url\";s:34:\"http://xann-internet-solutions.net\";s:15:\"comment_content\";s:54:\"<strong>Pozycjonowanie stron www...</strong>\n\nAbout...\";s:12:\"comment_type\";s:9:\"trackback\";s:7:\"user_ip\";s:11:\"5.39.127.48\";s:10:\"user_agent\";s:10:\"PHP/5.2.10\";s:8:\"referrer\";s:34:\"http://xann-internet-solutions.net\";s:4:\"blog\";s:19:\"http://web.cuip.net\";s:9:\"blog_lang\";s:5:\"en_US\";s:12:\"blog_charset\";s:5:\"UTF-8\";s:9:\"permalink\";s:26:\"http://web.cuip.net/about/\";s:21:\"akismet_comment_nonce\";s:6:\"failed\";s:8:\"POST_url\";s:34:\"http://xann-internet-solutions.net\";s:10:\"POST_title\";s:24:\"Pozycjonowanie stron www\";s:14:\"POST_blog_name\";s:24:\"Pozycjonowanie stron www\";s:12:\"POST_excerpt\";s:5:\"About\";s:15:\"SERVER_SOFTWARE\";s:6:\"Apache\";s:11:\"REQUEST_URI\";s:17:\"/about/trackback/\";s:14:\"CONTENT_LENGTH\";s:3:\"124\";s:12:\"CONTENT_TYPE\";s:33:\"application/x-www-form-urlencoded\";s:13:\"DOCUMENT_ROOT\";s:59:\"/home/cuipmar4/public_html/blogs/standalone-WPs/newscuipnet\";s:17:\"GATEWAY_INTERFACE\";s:7:\"CGI/1.1\";s:11:\"HTTP_ACCEPT\";s:129:\"text/html, application/xml;q=0.9, application/xhtml+xml, image/png, image/webp, image/jpeg, image/gif, image/x-xbitmap, */*;q=0.1\";s:20:\"HTTP_ACCEPT_ENCODING\";s:13:\"gzip, deflate\";s:20:\"HTTP_ACCEPT_LANGUAGE\";s:2:\"en\";s:15:\"HTTP_CONNECTION\";s:10:\"Keep-Alive\";s:9:\"HTTP_HOST\";s:12:\"web.cuip.net\";s:12:\"HTTP_REFERER\";s:34:\"http://xann-internet-solutions.net\";s:15:\"HTTP_USER_AGENT\";s:10:\"PHP/5.2.10\";s:4:\"PATH\";s:13:\"/bin:/usr/bin\";s:12:\"QUERY_STRING\";s:0:\"\";s:15:\"REDIRECT_STATUS\";s:3:\"200\";s:18:\"REDIRECT_UNIQUE_ID\";s:24:\"UUrZs9HsR2MABwjqTG8AAAAo\";s:12:\"REDIRECT_URL\";s:17:\"/about/trackback/\";s:11:\"REMOTE_ADDR\";s:11:\"5.39.127.48\";s:11:\"REMOTE_PORT\";s:5:\"44451\";s:14:\"REQUEST_METHOD\";s:4:\"POST\";s:15:\"SCRIPT_FILENAME\";s:69:\"/home/cuipmar4/public_html/blogs/standalone-WPs/newscuipnet/index.php\";s:11:\"SCRIPT_NAME\";s:10:\"/index.php\";s:11:\"SERVER_ADDR\";s:14:\"174.127.110.33\";s:12:\"SERVER_ADMIN\";s:23:\"webmaster@web.cuip3.org\";s:11:\"SERVER_NAME\";s:12:\"web.cuip.net\";s:11:\"SERVER_PORT\";s:2:\"80\";s:15:\"SERVER_PROTOCOL\";s:8:\"HTTP/1.0\";s:16:\"SERVER_SIGNATURE\";s:0:\"\";s:9:\"UNIQUE_ID\";s:24:\"UUrZs9HsR2MABwjqTG8AAAAo\";s:8:\"PHP_SELF\";s:10:\"/index.php\";s:12:\"REQUEST_TIME\";s:10:\"1363859891\";s:4:\"argv\";s:0:\"\";s:4:\"argc\";s:1:\"0\";s:25:\"comment_post_modified_gmt\";s:19:\"2011-03-14 17:30:08\";}'),(729,332,'akismet_result','true'),(730,332,'akismet_history','a:4:{s:4:\"time\";d:1363221875.127964019775390625;s:7:\"message\";s:35:\"Akismet caught this comment as spam\";s:5:\"event\";s:10:\"check-spam\";s:4:\"user\";s:0:\"\";}'),(731,332,'akismet_as_submitted','a:53:{s:15:\"comment_post_ID\";i:2;s:14:\"comment_author\";s:16:\"voyance en ligne\";s:20:\"comment_author_email\";s:0:\"\";s:18:\"comment_author_url\";s:31:\"HTTP://Www.insiders-newbern.com\";s:15:\"comment_content\";s:46:\"<strong>voyance en ligne...</strong>\n\nAbout...\";s:12:\"comment_type\";s:9:\"trackback\";s:7:\"user_ip\";s:13:\"5.254.128.115\";s:10:\"user_agent\";s:10:\"PHP/5.2.10\";s:8:\"referrer\";s:31:\"HTTP://Www.insiders-newbern.com\";s:4:\"blog\";s:19:\"http://web.cuip.net\";s:9:\"blog_lang\";s:5:\"en_US\";s:12:\"blog_charset\";s:5:\"UTF-8\";s:9:\"permalink\";s:26:\"http://web.cuip.net/about/\";s:21:\"akismet_comment_nonce\";s:6:\"failed\";s:8:\"POST_url\";s:31:\"HTTP://Www.insiders-newbern.com\";s:10:\"POST_title\";s:16:\"voyance en ligne\";s:14:\"POST_blog_name\";s:16:\"voyance en ligne\";s:12:\"POST_excerpt\";s:5:\"About\";s:15:\"SERVER_SOFTWARE\";s:6:\"Apache\";s:11:\"REQUEST_URI\";s:17:\"/about/trackback/\";s:14:\"CONTENT_LENGTH\";s:3:\"105\";s:12:\"CONTENT_TYPE\";s:33:\"application/x-www-form-urlencoded\";s:13:\"DOCUMENT_ROOT\";s:59:\"/home/cuipmar4/public_html/blogs/standalone-WPs/newscuipnet\";s:17:\"GATEWAY_INTERFACE\";s:7:\"CGI/1.1\";s:11:\"HTTP_ACCEPT\";s:129:\"text/html, application/xml;q=0.9, application/xhtml+xml, image/png, image/webp, image/jpeg, image/gif, image/x-xbitmap, */*;q=0.1\";s:20:\"HTTP_ACCEPT_ENCODING\";s:13:\"gzip, deflate\";s:20:\"HTTP_ACCEPT_LANGUAGE\";s:2:\"en\";s:15:\"HTTP_CONNECTION\";s:10:\"Keep-Alive\";s:9:\"HTTP_HOST\";s:12:\"web.cuip.net\";s:12:\"HTTP_REFERER\";s:31:\"HTTP://Www.insiders-newbern.com\";s:15:\"HTTP_USER_AGENT\";s:10:\"PHP/5.2.10\";s:4:\"PATH\";s:13:\"/bin:/usr/bin\";s:12:\"QUERY_STRING\";s:0:\"\";s:15:\"REDIRECT_STATUS\";s:3:\"200\";s:18:\"REDIRECT_UNIQUE_ID\";s:24:\"UUEdctHsR2MADPt-KL0AAAAM\";s:12:\"REDIRECT_URL\";s:17:\"/about/trackback/\";s:11:\"REMOTE_ADDR\";s:13:\"5.254.128.115\";s:11:\"REMOTE_PORT\";s:5:\"55593\";s:14:\"REQUEST_METHOD\";s:4:\"POST\";s:15:\"SCRIPT_FILENAME\";s:69:\"/home/cuipmar4/public_html/blogs/standalone-WPs/newscuipnet/index.php\";s:11:\"SCRIPT_NAME\";s:10:\"/index.php\";s:11:\"SERVER_ADDR\";s:14:\"174.127.110.33\";s:12:\"SERVER_ADMIN\";s:23:\"webmaster@web.cuip3.org\";s:11:\"SERVER_NAME\";s:12:\"web.cuip.net\";s:11:\"SERVER_PORT\";s:2:\"80\";s:15:\"SERVER_PROTOCOL\";s:8:\"HTTP/1.1\";s:16:\"SERVER_SIGNATURE\";s:0:\"\";s:9:\"UNIQUE_ID\";s:24:\"UUEdctHsR2MADPt-KL0AAAAM\";s:8:\"PHP_SELF\";s:10:\"/index.php\";s:12:\"REQUEST_TIME\";s:10:\"1363221874\";s:4:\"argv\";s:0:\"\";s:4:\"argc\";s:1:\"0\";s:25:\"comment_post_modified_gmt\";s:19:\"2011-03-14 17:30:08\";}'),(743,337,'akismet_as_submitted','a:54:{s:15:\"comment_post_ID\";i:2;s:14:\"comment_author\";s:18:\"xerox 8560 printer\";s:20:\"comment_author_email\";s:0:\"\";s:18:\"comment_author_url\";s:41:\"http://www.oceanholic.com/home/?mid=sub41\";s:15:\"comment_content\";s:48:\"<strong>xerox 8560 printer...</strong>\n\nAbout...\";s:12:\"comment_type\";s:9:\"trackback\";s:7:\"user_ip\";s:15:\"184.154.252.214\";s:10:\"user_agent\";s:10:\"PHP/5.2.10\";s:8:\"referrer\";s:60:\"http://www.oceanholic.com/home/?mid=sub41&document_srl=12654\";s:4:\"blog\";s:19:\"http://web.cuip.net\";s:9:\"blog_lang\";s:5:\"en_US\";s:12:\"blog_charset\";s:5:\"UTF-8\";s:9:\"permalink\";s:26:\"http://web.cuip.net/about/\";s:21:\"akismet_comment_nonce\";s:6:\"failed\";s:8:\"POST_url\";s:41:\"http://www.oceanholic.com/home/?mid=sub41\";s:17:\"POST_document_srl\";s:5:\"12654\";s:10:\"POST_title\";s:18:\"xerox 8560 printer\";s:14:\"POST_blog_name\";s:18:\"xerox 8560 printer\";s:12:\"POST_excerpt\";s:5:\"About\";s:15:\"SERVER_SOFTWARE\";s:6:\"Apache\";s:11:\"REQUEST_URI\";s:17:\"/about/trackback/\";s:14:\"CONTENT_LENGTH\";s:3:\"146\";s:12:\"CONTENT_TYPE\";s:33:\"application/x-www-form-urlencoded\";s:13:\"DOCUMENT_ROOT\";s:59:\"/home/cuipmar4/public_html/blogs/standalone-WPs/newscuipnet\";s:17:\"GATEWAY_INTERFACE\";s:7:\"CGI/1.1\";s:11:\"HTTP_ACCEPT\";s:129:\"text/html, application/xml;q=0.9, application/xhtml+xml, image/png, image/webp, image/jpeg, image/gif, image/x-xbitmap, */*;q=0.1\";s:20:\"HTTP_ACCEPT_ENCODING\";s:13:\"gzip, deflate\";s:20:\"HTTP_ACCEPT_LANGUAGE\";s:2:\"en\";s:15:\"HTTP_CONNECTION\";s:10:\"Keep-Alive\";s:9:\"HTTP_HOST\";s:12:\"web.cuip.net\";s:12:\"HTTP_REFERER\";s:60:\"http://www.oceanholic.com/home/?mid=sub41&document_srl=12654\";s:15:\"HTTP_USER_AGENT\";s:10:\"PHP/5.2.10\";s:4:\"PATH\";s:13:\"/bin:/usr/bin\";s:12:\"QUERY_STRING\";s:0:\"\";s:15:\"REDIRECT_STATUS\";s:3:\"200\";s:18:\"REDIRECT_UNIQUE_ID\";s:24:\"UUa6i9HsR2MADSPsCGwAAAAD\";s:12:\"REDIRECT_URL\";s:17:\"/about/trackback/\";s:11:\"REMOTE_ADDR\";s:15:\"184.154.252.214\";s:11:\"REMOTE_PORT\";s:5:\"33936\";s:14:\"REQUEST_METHOD\";s:4:\"POST\";s:15:\"SCRIPT_FILENAME\";s:69:\"/home/cuipmar4/public_html/blogs/standalone-WPs/newscuipnet/index.php\";s:11:\"SCRIPT_NAME\";s:10:\"/index.php\";s:11:\"SERVER_ADDR\";s:14:\"174.127.110.33\";s:12:\"SERVER_ADMIN\";s:23:\"webmaster@web.cuip3.org\";s:11:\"SERVER_NAME\";s:12:\"web.cuip.net\";s:11:\"SERVER_PORT\";s:2:\"80\";s:15:\"SERVER_PROTOCOL\";s:8:\"HTTP/1.0\";s:16:\"SERVER_SIGNATURE\";s:0:\"\";s:9:\"UNIQUE_ID\";s:24:\"UUa6i9HsR2MADSPsCGwAAAAD\";s:8:\"PHP_SELF\";s:10:\"/index.php\";s:12:\"REQUEST_TIME\";s:10:\"1363589771\";s:4:\"argv\";s:0:\"\";s:4:\"argc\";s:1:\"0\";s:25:\"comment_post_modified_gmt\";s:19:\"2011-03-14 17:30:08\";}'),(726,331,'akismet_result','true'),(727,331,'akismet_history','a:4:{s:4:\"time\";d:1363200873.99069690704345703125;s:7:\"message\";s:35:\"Akismet caught this comment as spam\";s:5:\"event\";s:10:\"check-spam\";s:4:\"user\";s:0:\"\";}'),(728,331,'akismet_as_submitted','a:53:{s:15:\"comment_post_ID\";i:2;s:14:\"comment_author\";s:27:\"click the following webpage\";s:20:\"comment_author_email\";s:0:\"\";s:18:\"comment_author_url\";s:32:\"http://elpoyo.com/?q=node/94968/\";s:15:\"comment_content\";s:57:\"<strong>click the following webpage...</strong>\n\nAbout...\";s:12:\"comment_type\";s:9:\"trackback\";s:7:\"user_ip\";s:14:\"91.108.177.180\";s:10:\"user_agent\";s:10:\"PHP/5.2.10\";s:8:\"referrer\";s:32:\"http://elpoyo.com/?q=node/94968/\";s:4:\"blog\";s:19:\"http://web.cuip.net\";s:9:\"blog_lang\";s:5:\"en_US\";s:12:\"blog_charset\";s:5:\"UTF-8\";s:9:\"permalink\";s:26:\"http://web.cuip.net/about/\";s:21:\"akismet_comment_nonce\";s:6:\"failed\";s:8:\"POST_url\";s:32:\"http://elpoyo.com/?q=node/94968/\";s:10:\"POST_title\";s:27:\"click the following webpage\";s:14:\"POST_blog_name\";s:27:\"click the following webpage\";s:12:\"POST_excerpt\";s:5:\"About\";s:15:\"SERVER_SOFTWARE\";s:6:\"Apache\";s:11:\"REQUEST_URI\";s:17:\"/about/trackback/\";s:14:\"CONTENT_LENGTH\";s:3:\"138\";s:12:\"CONTENT_TYPE\";s:33:\"application/x-www-form-urlencoded\";s:13:\"DOCUMENT_ROOT\";s:59:\"/home/cuipmar4/public_html/blogs/standalone-WPs/newscuipnet\";s:17:\"GATEWAY_INTERFACE\";s:7:\"CGI/1.1\";s:11:\"HTTP_ACCEPT\";s:129:\"text/html, application/xml;q=0.9, application/xhtml+xml, image/png, image/webp, image/jpeg, image/gif, image/x-xbitmap, */*;q=0.1\";s:20:\"HTTP_ACCEPT_ENCODING\";s:13:\"gzip, deflate\";s:20:\"HTTP_ACCEPT_LANGUAGE\";s:2:\"en\";s:15:\"HTTP_CONNECTION\";s:10:\"Keep-Alive\";s:9:\"HTTP_HOST\";s:12:\"web.cuip.net\";s:12:\"HTTP_REFERER\";s:32:\"http://elpoyo.com/?q=node/94968/\";s:15:\"HTTP_USER_AGENT\";s:10:\"PHP/5.2.10\";s:4:\"PATH\";s:13:\"/bin:/usr/bin\";s:12:\"QUERY_STRING\";s:0:\"\";s:15:\"REDIRECT_STATUS\";s:3:\"200\";s:18:\"REDIRECT_UNIQUE_ID\";s:24:\"UUDLadHsR2MABxEdkkQAAAAC\";s:12:\"REDIRECT_URL\";s:17:\"/about/trackback/\";s:11:\"REMOTE_ADDR\";s:14:\"91.108.177.180\";s:11:\"REMOTE_PORT\";s:5:\"53951\";s:14:\"REQUEST_METHOD\";s:4:\"POST\";s:15:\"SCRIPT_FILENAME\";s:69:\"/home/cuipmar4/public_html/blogs/standalone-WPs/newscuipnet/index.php\";s:11:\"SCRIPT_NAME\";s:10:\"/index.php\";s:11:\"SERVER_ADDR\";s:14:\"174.127.110.33\";s:12:\"SERVER_ADMIN\";s:23:\"webmaster@web.cuip3.org\";s:11:\"SERVER_NAME\";s:12:\"web.cuip.net\";s:11:\"SERVER_PORT\";s:2:\"80\";s:15:\"SERVER_PROTOCOL\";s:8:\"HTTP/1.0\";s:16:\"SERVER_SIGNATURE\";s:0:\"\";s:9:\"UNIQUE_ID\";s:24:\"UUDLadHsR2MABxEdkkQAAAAC\";s:8:\"PHP_SELF\";s:10:\"/index.php\";s:12:\"REQUEST_TIME\";s:10:\"1363200873\";s:4:\"argv\";s:0:\"\";s:4:\"argc\";s:1:\"0\";s:25:\"comment_post_modified_gmt\";s:19:\"2011-03-14 17:30:08\";}'),(714,327,'akismet_result','true'),(715,327,'akismet_history','a:4:{s:4:\"time\";d:1362946810.55185699462890625;s:7:\"message\";s:35:\"Akismet caught this comment as spam\";s:5:\"event\";s:10:\"check-spam\";s:4:\"user\";s:0:\"\";}'),(716,327,'akismet_as_submitted','a:53:{s:15:\"comment_post_ID\";i:2;s:14:\"comment_author\";s:16:\"film x streaming\";s:20:\"comment_author_email\";s:0:\"\";s:18:\"comment_author_url\";s:29:\"http://www.hiemstradesign.com\";s:15:\"comment_content\";s:46:\"<strong>film x streaming...</strong>\n\nAbout...\";s:12:\"comment_type\";s:9:\"trackback\";s:7:\"user_ip\";s:12:\"5.249.161.86\";s:10:\"user_agent\";s:10:\"PHP/5.2.10\";s:8:\"referrer\";s:29:\"http://www.hiemstradesign.com\";s:4:\"blog\";s:19:\"http://web.cuip.net\";s:9:\"blog_lang\";s:5:\"en_US\";s:12:\"blog_charset\";s:5:\"UTF-8\";s:9:\"permalink\";s:26:\"http://web.cuip.net/about/\";s:21:\"akismet_comment_nonce\";s:6:\"failed\";s:8:\"POST_url\";s:29:\"http://www.hiemstradesign.com\";s:10:\"POST_title\";s:16:\"film x streaming\";s:14:\"POST_blog_name\";s:16:\"film x streaming\";s:12:\"POST_excerpt\";s:5:\"About\";s:15:\"SERVER_SOFTWARE\";s:6:\"Apache\";s:11:\"REQUEST_URI\";s:17:\"/about/trackback/\";s:14:\"CONTENT_LENGTH\";s:3:\"103\";s:12:\"CONTENT_TYPE\";s:33:\"application/x-www-form-urlencoded\";s:13:\"DOCUMENT_ROOT\";s:59:\"/home/cuipmar4/public_html/blogs/standalone-WPs/newscuipnet\";s:17:\"GATEWAY_INTERFACE\";s:7:\"CGI/1.1\";s:11:\"HTTP_ACCEPT\";s:129:\"text/html, application/xml;q=0.9, application/xhtml+xml, image/png, image/webp, image/jpeg, image/gif, image/x-xbitmap, */*;q=0.1\";s:20:\"HTTP_ACCEPT_ENCODING\";s:13:\"gzip, deflate\";s:20:\"HTTP_ACCEPT_LANGUAGE\";s:2:\"en\";s:15:\"HTTP_CONNECTION\";s:10:\"Keep-Alive\";s:9:\"HTTP_HOST\";s:12:\"web.cuip.net\";s:12:\"HTTP_REFERER\";s:29:\"http://www.hiemstradesign.com\";s:15:\"HTTP_USER_AGENT\";s:10:\"PHP/5.2.10\";s:4:\"PATH\";s:13:\"/bin:/usr/bin\";s:12:\"QUERY_STRING\";s:0:\"\";s:15:\"REDIRECT_STATUS\";s:3:\"200\";s:18:\"REDIRECT_UNIQUE_ID\";s:24:\"UTzq@dHsR2MADSN3NVIAAAAO\";s:12:\"REDIRECT_URL\";s:17:\"/about/trackback/\";s:11:\"REMOTE_ADDR\";s:12:\"5.249.161.86\";s:11:\"REMOTE_PORT\";s:5:\"63503\";s:14:\"REQUEST_METHOD\";s:4:\"POST\";s:15:\"SCRIPT_FILENAME\";s:69:\"/home/cuipmar4/public_html/blogs/standalone-WPs/newscuipnet/index.php\";s:11:\"SCRIPT_NAME\";s:10:\"/index.php\";s:11:\"SERVER_ADDR\";s:14:\"174.127.110.33\";s:12:\"SERVER_ADMIN\";s:23:\"webmaster@web.cuip3.org\";s:11:\"SERVER_NAME\";s:12:\"web.cuip.net\";s:11:\"SERVER_PORT\";s:2:\"80\";s:15:\"SERVER_PROTOCOL\";s:8:\"HTTP/1.1\";s:16:\"SERVER_SIGNATURE\";s:0:\"\";s:9:\"UNIQUE_ID\";s:24:\"UTzq@dHsR2MADSN3NVIAAAAO\";s:8:\"PHP_SELF\";s:10:\"/index.php\";s:12:\"REQUEST_TIME\";s:10:\"1362946809\";s:4:\"argv\";s:0:\"\";s:4:\"argc\";s:1:\"0\";s:25:\"comment_post_modified_gmt\";s:19:\"2011-03-14 17:30:08\";}'),(711,326,'akismet_result','true'),(712,326,'akismet_history','a:4:{s:4:\"time\";d:1362900241.471035003662109375;s:7:\"message\";s:35:\"Akismet caught this comment as spam\";s:5:\"event\";s:10:\"check-spam\";s:4:\"user\";s:0:\"\";}'),(713,326,'akismet_as_submitted','a:56:{s:15:\"comment_post_ID\";i:487;s:14:\"comment_author\";s:13:\"nike free run\";s:20:\"comment_author_email\";s:19:\"fqdaryjgg@gmail.com\";s:18:\"comment_author_url\";s:26:\"http://www.udsalg-nikefree\";s:15:\"comment_content\";s:518:\"In the traditional way; they ought to put our trousers in our UGG boots. As a consequence that UGG shoes which are full of stylish aspects. The UGGS boots will always make the best us connected with common sheepskin. They are usually ahead into some colors including white or pale. While it seemed that customers have interested in shoes which are complete with different colorful colors. [url=http://www.udsalg-nikefree]nike free run[/url]  <a href=\"http://www.udsalg-nikefree\" title=\"nike free run\">nike free run</a>\";s:12:\"comment_type\";s:0:\"\";s:14:\"comment_parent\";i:0;s:7:\"user_ID\";i:0;s:7:\"user_ip\";s:14:\"199.15.234.114\";s:10:\"user_agent\";s:50:\"Mozilla/4.0 (compatible; MSIE 6.0; Windows NT 5.1)\";s:8:\"referrer\";s:47:\"http://web.cuip.net/2011/06/capstone-2011/sdss/\";s:4:\"blog\";s:19:\"http://web.cuip.net\";s:9:\"blog_lang\";s:5:\"en_US\";s:12:\"blog_charset\";s:5:\"UTF-8\";s:9:\"permalink\";s:47:\"http://web.cuip.net/2011/06/capstone-2011/sdss/\";s:21:\"akismet_comment_nonce\";s:6:\"passed\";s:20:\"POST_comment_post_ID\";s:3:\"487\";s:19:\"POST_comment_parent\";s:1:\"0\";s:26:\"POST_akismet_comment_nonce\";s:10:\"3ecb2ef570\";s:29:\"POST_recaptcha_response_field\";s:16:\"manual_challenge\";s:11:\"POST_submit\";s:14:\"Submit Comment\";s:11:\"POST_author\";s:13:\"nike free run\";s:10:\"POST_email\";s:19:\"fqdaryjgg@gmail.com\";s:8:\"POST_url\";s:26:\"http://www.udsalg-nikefree\";s:12:\"POST_comment\";s:518:\"In the traditional way; they ought to put our trousers in our UGG boots. As a consequence that UGG shoes which are full of stylish aspects. The UGGS boots will always make the best us connected with common sheepskin. They are usually ahead into some colors including white or pale. While it seemed that customers have interested in shoes which are complete with different colorful colors. [url=http://www.udsalg-nikefree]nike free run[/url]  <a href=\"http://www.udsalg-nikefree\" title=\"nike free run\">nike free run</a>\";s:15:\"SERVER_SOFTWARE\";s:6:\"Apache\";s:11:\"REQUEST_URI\";s:21:\"/wp-comments-post.php\";s:14:\"CONTENT_LENGTH\";s:3:\"812\";s:12:\"CONTENT_TYPE\";s:33:\"application/x-www-form-urlencoded\";s:13:\"DOCUMENT_ROOT\";s:59:\"/home/cuipmar4/public_html/blogs/standalone-WPs/newscuipnet\";s:17:\"GATEWAY_INTERFACE\";s:7:\"CGI/1.1\";s:11:\"HTTP_ACCEPT\";s:87:\"image/gif, image/x-xbitmap, image/jpeg, image/pjpeg, application/x-shockwave-flash, */*\";s:15:\"HTTP_CONNECTION\";s:5:\"Close\";s:9:\"HTTP_HOST\";s:12:\"web.cuip.net\";s:12:\"HTTP_REFERER\";s:47:\"http://web.cuip.net/2011/06/capstone-2011/sdss/\";s:15:\"HTTP_USER_AGENT\";s:50:\"Mozilla/4.0 (compatible; MSIE 6.0; Windows NT 5.1)\";s:4:\"PATH\";s:13:\"/bin:/usr/bin\";s:12:\"QUERY_STRING\";s:0:\"\";s:15:\"REDIRECT_STATUS\";s:3:\"200\";s:11:\"REMOTE_ADDR\";s:14:\"199.15.234.114\";s:11:\"REMOTE_PORT\";s:5:\"56902\";s:14:\"REQUEST_METHOD\";s:4:\"POST\";s:15:\"SCRIPT_FILENAME\";s:80:\"/home/cuipmar4/public_html/blogs/standalone-WPs/newscuipnet/wp-comments-post.php\";s:11:\"SCRIPT_NAME\";s:21:\"/wp-comments-post.php\";s:11:\"SERVER_ADDR\";s:14:\"174.127.110.33\";s:12:\"SERVER_ADMIN\";s:23:\"webmaster@web.cuip3.org\";s:11:\"SERVER_NAME\";s:12:\"web.cuip.net\";s:11:\"SERVER_PORT\";s:2:\"80\";s:15:\"SERVER_PROTOCOL\";s:8:\"HTTP/1.1\";s:16:\"SERVER_SIGNATURE\";s:0:\"\";s:9:\"UNIQUE_ID\";s:24:\"UTw1ENHsR2MAAXlsI5MAAAAD\";s:8:\"PHP_SELF\";s:21:\"/wp-comments-post.php\";s:12:\"REQUEST_TIME\";s:10:\"1362900240\";s:4:\"argv\";s:0:\"\";s:4:\"argc\";s:1:\"0\";s:25:\"comment_post_modified_gmt\";s:19:\"2011-06-23 19:55:02\";}'),(723,330,'akismet_result','true'),(724,330,'akismet_history','a:4:{s:4:\"time\";d:1363099938.5721569061279296875;s:7:\"message\";s:35:\"Akismet caught this comment as spam\";s:5:\"event\";s:10:\"check-spam\";s:4:\"user\";s:0:\"\";}'),(725,330,'akismet_as_submitted','a:53:{s:15:\"comment_post_ID\";i:2;s:14:\"comment_author\";s:24:\"how to make money online\";s:20:\"comment_author_email\";s:0:\"\";s:18:\"comment_author_url\";s:32:\"http://makemoneyonlinebyguru.com\";s:15:\"comment_content\";s:54:\"<strong>how to make money online...</strong>\n\nAbout...\";s:12:\"comment_type\";s:9:\"trackback\";s:7:\"user_ip\";s:12:\"187.63.3.239\";s:10:\"user_agent\";s:10:\"PHP/5.2.10\";s:8:\"referrer\";s:32:\"http://makemoneyonlinebyguru.com\";s:4:\"blog\";s:19:\"http://web.cuip.net\";s:9:\"blog_lang\";s:5:\"en_US\";s:12:\"blog_charset\";s:5:\"UTF-8\";s:9:\"permalink\";s:26:\"http://web.cuip.net/about/\";s:21:\"akismet_comment_nonce\";s:6:\"failed\";s:8:\"POST_url\";s:32:\"http://makemoneyonlinebyguru.com\";s:10:\"POST_title\";s:24:\"how to make money online\";s:14:\"POST_blog_name\";s:24:\"how to make money online\";s:12:\"POST_excerpt\";s:5:\"About\";s:15:\"SERVER_SOFTWARE\";s:6:\"Apache\";s:11:\"REQUEST_URI\";s:17:\"/about/trackback/\";s:14:\"CONTENT_LENGTH\";s:3:\"122\";s:12:\"CONTENT_TYPE\";s:33:\"application/x-www-form-urlencoded\";s:13:\"DOCUMENT_ROOT\";s:59:\"/home/cuipmar4/public_html/blogs/standalone-WPs/newscuipnet\";s:17:\"GATEWAY_INTERFACE\";s:7:\"CGI/1.1\";s:11:\"HTTP_ACCEPT\";s:129:\"text/html, application/xml;q=0.9, application/xhtml+xml, image/png, image/webp, image/jpeg, image/gif, image/x-xbitmap, */*;q=0.1\";s:20:\"HTTP_ACCEPT_ENCODING\";s:13:\"gzip, deflate\";s:20:\"HTTP_ACCEPT_LANGUAGE\";s:2:\"en\";s:15:\"HTTP_CONNECTION\";s:10:\"Keep-Alive\";s:9:\"HTTP_HOST\";s:12:\"web.cuip.net\";s:12:\"HTTP_REFERER\";s:32:\"http://makemoneyonlinebyguru.com\";s:15:\"HTTP_USER_AGENT\";s:10:\"PHP/5.2.10\";s:4:\"PATH\";s:13:\"/bin:/usr/bin\";s:12:\"QUERY_STRING\";s:0:\"\";s:15:\"REDIRECT_STATUS\";s:3:\"200\";s:18:\"REDIRECT_UNIQUE_ID\";s:24:\"UT9BIdHsR2MACdupbnQAAAAb\";s:12:\"REDIRECT_URL\";s:17:\"/about/trackback/\";s:11:\"REMOTE_ADDR\";s:12:\"187.63.3.239\";s:11:\"REMOTE_PORT\";s:5:\"36018\";s:14:\"REQUEST_METHOD\";s:4:\"POST\";s:15:\"SCRIPT_FILENAME\";s:69:\"/home/cuipmar4/public_html/blogs/standalone-WPs/newscuipnet/index.php\";s:11:\"SCRIPT_NAME\";s:10:\"/index.php\";s:11:\"SERVER_ADDR\";s:14:\"174.127.110.33\";s:12:\"SERVER_ADMIN\";s:23:\"webmaster@web.cuip3.org\";s:11:\"SERVER_NAME\";s:12:\"web.cuip.net\";s:11:\"SERVER_PORT\";s:2:\"80\";s:15:\"SERVER_PROTOCOL\";s:8:\"HTTP/1.0\";s:16:\"SERVER_SIGNATURE\";s:0:\"\";s:9:\"UNIQUE_ID\";s:24:\"UT9BIdHsR2MACdupbnQAAAAb\";s:8:\"PHP_SELF\";s:10:\"/index.php\";s:12:\"REQUEST_TIME\";s:10:\"1363099937\";s:4:\"argv\";s:0:\"\";s:4:\"argc\";s:1:\"0\";s:25:\"comment_post_modified_gmt\";s:19:\"2011-03-14 17:30:08\";}'),(720,329,'akismet_result','true'),(721,329,'akismet_history','a:4:{s:4:\"time\";d:1363077822.527678012847900390625;s:7:\"message\";s:35:\"Akismet caught this comment as spam\";s:5:\"event\";s:10:\"check-spam\";s:4:\"user\";s:0:\"\";}'),(722,329,'akismet_as_submitted','a:53:{s:15:\"comment_post_ID\";i:2;s:14:\"comment_author\";s:9:\"slpa that\";s:20:\"comment_author_email\";s:0:\"\";s:18:\"comment_author_url\";s:22:\"http://slapthat177.com\";s:15:\"comment_content\";s:124:\"<strong>victoria secret store coupons...</strong>\n\nMitch just surprised me with victoria secret coupons #GotMyselfAKeeper...\";s:12:\"comment_type\";s:9:\"trackback\";s:7:\"user_ip\";s:13:\"23.29.125.203\";s:10:\"user_agent\";s:101:\"Mozilla/5.0 (X11; U; Linux i686; it-IT; rv:1.9.0.2) Gecko/2008092313 Ubuntu/9.25 (jaunty) Firefox/3.8\";s:8:\"referrer\";s:26:\"http://web.cuip.net/about/\";s:4:\"blog\";s:19:\"http://web.cuip.net\";s:9:\"blog_lang\";s:5:\"en_US\";s:12:\"blog_charset\";s:5:\"UTF-8\";s:9:\"permalink\";s:26:\"http://web.cuip.net/about/\";s:21:\"akismet_comment_nonce\";s:6:\"failed\";s:14:\"POST_blog_name\";s:9:\"slpa that\";s:8:\"POST_url\";s:22:\"http://slapthat177.com\";s:10:\"POST_title\";s:29:\"victoria secret store coupons\";s:12:\"POST_excerpt\";s:70:\"Mitch just surprised me with victoria secret coupons #GotMyselfAKeeper\";s:15:\"SERVER_SOFTWARE\";s:6:\"Apache\";s:11:\"REQUEST_URI\";s:16:\"/about/trackback\";s:14:\"CONTENT_LENGTH\";s:3:\"195\";s:12:\"CONTENT_TYPE\";s:33:\"application/x-www-form-urlencoded\";s:13:\"DOCUMENT_ROOT\";s:59:\"/home/cuipmar4/public_html/blogs/standalone-WPs/newscuipnet\";s:17:\"GATEWAY_INTERFACE\";s:7:\"CGI/1.1\";s:11:\"HTTP_ACCEPT\";s:56:\"image/gif, image/x-xbitmap, image/jpeg, image/pjpeg, */*\";s:20:\"HTTP_ACCEPT_LANGUAGE\";s:1:\"*\";s:18:\"HTTP_CACHE_CONTROL\";s:14:\"max-age=259200\";s:15:\"HTTP_CONNECTION\";s:10:\"keep-alive\";s:9:\"HTTP_HOST\";s:12:\"web.cuip.net\";s:12:\"HTTP_REFERER\";s:26:\"http://web.cuip.net/about/\";s:15:\"HTTP_USER_AGENT\";s:101:\"Mozilla/5.0 (X11; U; Linux i686; it-IT; rv:1.9.0.2) Gecko/2008092313 Ubuntu/9.25 (jaunty) Firefox/3.8\";s:4:\"PATH\";s:13:\"/bin:/usr/bin\";s:12:\"QUERY_STRING\";s:0:\"\";s:15:\"REDIRECT_STATUS\";s:3:\"200\";s:18:\"REDIRECT_UNIQUE_ID\";s:24:\"UT7qvdHsR2MAAvqqWiMAAAAD\";s:12:\"REDIRECT_URL\";s:16:\"/about/trackback\";s:11:\"REMOTE_ADDR\";s:13:\"23.29.125.203\";s:11:\"REMOTE_PORT\";s:5:\"36447\";s:14:\"REQUEST_METHOD\";s:4:\"POST\";s:15:\"SCRIPT_FILENAME\";s:69:\"/home/cuipmar4/public_html/blogs/standalone-WPs/newscuipnet/index.php\";s:11:\"SCRIPT_NAME\";s:10:\"/index.php\";s:11:\"SERVER_ADDR\";s:14:\"174.127.110.33\";s:12:\"SERVER_ADMIN\";s:23:\"webmaster@web.cuip3.org\";s:11:\"SERVER_NAME\";s:12:\"web.cuip.net\";s:11:\"SERVER_PORT\";s:2:\"80\";s:15:\"SERVER_PROTOCOL\";s:8:\"HTTP/1.0\";s:16:\"SERVER_SIGNATURE\";s:0:\"\";s:9:\"UNIQUE_ID\";s:24:\"UT7qvdHsR2MAAvqqWiMAAAAD\";s:8:\"PHP_SELF\";s:10:\"/index.php\";s:12:\"REQUEST_TIME\";s:10:\"1363077821\";s:4:\"argv\";s:0:\"\";s:4:\"argc\";s:1:\"0\";s:25:\"comment_post_modified_gmt\";s:19:\"2011-03-14 17:30:08\";}'),(752,340,'akismet_as_submitted','a:53:{s:15:\"comment_post_ID\";i:2;s:14:\"comment_author\";s:36:\"http://www.jamakbada.co.kr/home/2291\";s:20:\"comment_author_email\";s:0:\"\";s:18:\"comment_author_url\";s:36:\"http://www.jamakbada.co.kr/home/2291\";s:15:\"comment_content\";s:66:\"<strong>http://www.jamakbada.co.kr/home/2291...</strong>\n\nAbout...\";s:12:\"comment_type\";s:9:\"trackback\";s:7:\"user_ip\";s:15:\"192.119.151.105\";s:10:\"user_agent\";s:10:\"PHP/5.2.10\";s:8:\"referrer\";s:36:\"http://www.jamakbada.co.kr/home/2291\";s:4:\"blog\";s:19:\"http://web.cuip.net\";s:9:\"blog_lang\";s:5:\"en_US\";s:12:\"blog_charset\";s:5:\"UTF-8\";s:9:\"permalink\";s:26:\"http://web.cuip.net/about/\";s:21:\"akismet_comment_nonce\";s:6:\"failed\";s:8:\"POST_url\";s:36:\"http://www.jamakbada.co.kr/home/2291\";s:10:\"POST_title\";s:36:\"http://www.jamakbada.co.kr/home/2291\";s:14:\"POST_blog_name\";s:36:\"http://www.jamakbada.co.kr/home/2291\";s:12:\"POST_excerpt\";s:5:\"About\";s:15:\"SERVER_SOFTWARE\";s:6:\"Apache\";s:11:\"REQUEST_URI\";s:17:\"/about/trackback/\";s:14:\"CONTENT_LENGTH\";s:3:\"174\";s:12:\"CONTENT_TYPE\";s:33:\"application/x-www-form-urlencoded\";s:13:\"DOCUMENT_ROOT\";s:59:\"/home/cuipmar4/public_html/blogs/standalone-WPs/newscuipnet\";s:17:\"GATEWAY_INTERFACE\";s:7:\"CGI/1.1\";s:11:\"HTTP_ACCEPT\";s:129:\"text/html, application/xml;q=0.9, application/xhtml+xml, image/png, image/webp, image/jpeg, image/gif, image/x-xbitmap, */*;q=0.1\";s:20:\"HTTP_ACCEPT_ENCODING\";s:13:\"gzip, deflate\";s:20:\"HTTP_ACCEPT_LANGUAGE\";s:2:\"en\";s:15:\"HTTP_CONNECTION\";s:10:\"Keep-Alive\";s:9:\"HTTP_HOST\";s:12:\"web.cuip.net\";s:12:\"HTTP_REFERER\";s:36:\"http://www.jamakbada.co.kr/home/2291\";s:15:\"HTTP_USER_AGENT\";s:10:\"PHP/5.2.10\";s:4:\"PATH\";s:13:\"/bin:/usr/bin\";s:12:\"QUERY_STRING\";s:0:\"\";s:15:\"REDIRECT_STATUS\";s:3:\"200\";s:18:\"REDIRECT_UNIQUE_ID\";s:24:\"UUgOp9HsR2MACAlBA0IAAAAD\";s:12:\"REDIRECT_URL\";s:17:\"/about/trackback/\";s:11:\"REMOTE_ADDR\";s:15:\"192.119.151.105\";s:11:\"REMOTE_PORT\";s:5:\"33500\";s:14:\"REQUEST_METHOD\";s:4:\"POST\";s:15:\"SCRIPT_FILENAME\";s:69:\"/home/cuipmar4/public_html/blogs/standalone-WPs/newscuipnet/index.php\";s:11:\"SCRIPT_NAME\";s:10:\"/index.php\";s:11:\"SERVER_ADDR\";s:14:\"174.127.110.33\";s:12:\"SERVER_ADMIN\";s:23:\"webmaster@web.cuip3.org\";s:11:\"SERVER_NAME\";s:12:\"web.cuip.net\";s:11:\"SERVER_PORT\";s:2:\"80\";s:15:\"SERVER_PROTOCOL\";s:8:\"HTTP/1.0\";s:16:\"SERVER_SIGNATURE\";s:0:\"\";s:9:\"UNIQUE_ID\";s:24:\"UUgOp9HsR2MACAlBA0IAAAAD\";s:8:\"PHP_SELF\";s:10:\"/index.php\";s:12:\"REQUEST_TIME\";s:10:\"1363676839\";s:4:\"argv\";s:0:\"\";s:4:\"argc\";s:1:\"0\";s:25:\"comment_post_modified_gmt\";s:19:\"2011-03-14 17:30:08\";}'),(789,353,'akismet_result','true'),(790,353,'akismet_history','a:4:{s:4:\"time\";d:1364177207.4793679714202880859375;s:7:\"message\";s:35:\"Akismet caught this comment as spam\";s:5:\"event\";s:10:\"check-spam\";s:4:\"user\";s:0:\"\";}'),(791,353,'akismet_as_submitted','a:53:{s:15:\"comment_post_ID\";i:2;s:14:\"comment_author\";s:16:\"facebook oldalak\";s:20:\"comment_author_email\";s:0:\"\";s:18:\"comment_author_url\";s:89:\"http://Www.Linksreddit.com/story.php?title=sdas-social-sparkle-net-spa-facebook-marketing\";s:15:\"comment_content\";s:46:\"<strong>facebook oldalak...</strong>\n\nAbout...\";s:12:\"comment_type\";s:9:\"trackback\";s:7:\"user_ip\";s:13:\"37.59.164.228\";s:10:\"user_agent\";s:10:\"PHP/5.2.10\";s:8:\"referrer\";s:89:\"http://Www.Linksreddit.com/story.php?title=sdas-social-sparkle-net-spa-facebook-marketing\";s:4:\"blog\";s:19:\"http://web.cuip.net\";s:9:\"blog_lang\";s:5:\"en_US\";s:12:\"blog_charset\";s:5:\"UTF-8\";s:9:\"permalink\";s:26:\"http://web.cuip.net/about/\";s:21:\"akismet_comment_nonce\";s:6:\"failed\";s:8:\"POST_url\";s:89:\"http://Www.Linksreddit.com/story.php?title=sdas-social-sparkle-net-spa-facebook-marketing\";s:10:\"POST_title\";s:16:\"facebook oldalak\";s:14:\"POST_blog_name\";s:16:\"facebook oldalak\";s:12:\"POST_excerpt\";s:5:\"About\";s:15:\"SERVER_SOFTWARE\";s:6:\"Apache\";s:11:\"REQUEST_URI\";s:17:\"/about/trackback/\";s:14:\"CONTENT_LENGTH\";s:3:\"169\";s:12:\"CONTENT_TYPE\";s:33:\"application/x-www-form-urlencoded\";s:13:\"DOCUMENT_ROOT\";s:59:\"/home/cuipmar4/public_html/blogs/standalone-WPs/newscuipnet\";s:17:\"GATEWAY_INTERFACE\";s:7:\"CGI/1.1\";s:11:\"HTTP_ACCEPT\";s:129:\"text/html, application/xml;q=0.9, application/xhtml+xml, image/png, image/webp, image/jpeg, image/gif, image/x-xbitmap, */*;q=0.1\";s:20:\"HTTP_ACCEPT_ENCODING\";s:13:\"gzip, deflate\";s:20:\"HTTP_ACCEPT_LANGUAGE\";s:2:\"en\";s:15:\"HTTP_CONNECTION\";s:10:\"Keep-Alive\";s:9:\"HTTP_HOST\";s:12:\"web.cuip.net\";s:12:\"HTTP_REFERER\";s:89:\"http://Www.Linksreddit.com/story.php?title=sdas-social-sparkle-net-spa-facebook-marketing\";s:15:\"HTTP_USER_AGENT\";s:10:\"PHP/5.2.10\";s:4:\"PATH\";s:13:\"/bin:/usr/bin\";s:12:\"QUERY_STRING\";s:0:\"\";s:15:\"REDIRECT_STATUS\";s:3:\"200\";s:18:\"REDIRECT_UNIQUE_ID\";s:24:\"UU@xNtHsR2MAD5P8gUkAAAAQ\";s:12:\"REDIRECT_URL\";s:17:\"/about/trackback/\";s:11:\"REMOTE_ADDR\";s:13:\"37.59.164.228\";s:11:\"REMOTE_PORT\";s:5:\"57245\";s:14:\"REQUEST_METHOD\";s:4:\"POST\";s:15:\"SCRIPT_FILENAME\";s:69:\"/home/cuipmar4/public_html/blogs/standalone-WPs/newscuipnet/index.php\";s:11:\"SCRIPT_NAME\";s:10:\"/index.php\";s:11:\"SERVER_ADDR\";s:14:\"174.127.110.33\";s:12:\"SERVER_ADMIN\";s:23:\"webmaster@web.cuip3.org\";s:11:\"SERVER_NAME\";s:12:\"web.cuip.net\";s:11:\"SERVER_PORT\";s:2:\"80\";s:15:\"SERVER_PROTOCOL\";s:8:\"HTTP/1.0\";s:16:\"SERVER_SIGNATURE\";s:0:\"\";s:9:\"UNIQUE_ID\";s:24:\"UU@xNtHsR2MAD5P8gUkAAAAQ\";s:8:\"PHP_SELF\";s:10:\"/index.php\";s:12:\"REQUEST_TIME\";s:10:\"1364177206\";s:4:\"argv\";s:0:\"\";s:4:\"argc\";s:1:\"0\";s:25:\"comment_post_modified_gmt\";s:19:\"2011-03-14 17:30:08\";}'),(786,352,'akismet_result','true'),(787,352,'akismet_history','a:4:{s:4:\"time\";d:1364169409.5931670665740966796875;s:7:\"message\";s:35:\"Akismet caught this comment as spam\";s:5:\"event\";s:10:\"check-spam\";s:4:\"user\";s:0:\"\";}'),(788,352,'akismet_as_submitted','a:53:{s:15:\"comment_post_ID\";i:2;s:14:\"comment_author\";s:25:\",cheap silver earrings uk\";s:20:\"comment_author_email\";s:0:\"\";s:18:\"comment_author_url\";s:41:\"http://webdetail.org/www.5dsmartstore.com\";s:15:\"comment_content\";s:55:\"<strong>,cheap silver earrings uk...</strong>\n\nAbout...\";s:12:\"comment_type\";s:9:\"trackback\";s:7:\"user_ip\";s:12:\"173.208.2.46\";s:10:\"user_agent\";s:10:\"PHP/5.2.10\";s:8:\"referrer\";s:41:\"http://webdetail.org/www.5dsmartstore.com\";s:4:\"blog\";s:19:\"http://web.cuip.net\";s:9:\"blog_lang\";s:5:\"en_US\";s:12:\"blog_charset\";s:5:\"UTF-8\";s:9:\"permalink\";s:26:\"http://web.cuip.net/about/\";s:21:\"akismet_comment_nonce\";s:6:\"failed\";s:8:\"POST_url\";s:41:\"http://webdetail.org/www.5dsmartstore.com\";s:10:\"POST_title\";s:25:\",cheap silver earrings uk\";s:14:\"POST_blog_name\";s:25:\",cheap silver earrings uk\";s:12:\"POST_excerpt\";s:5:\"About\";s:15:\"SERVER_SOFTWARE\";s:6:\"Apache\";s:11:\"REQUEST_URI\";s:17:\"/about/trackback/\";s:14:\"CONTENT_LENGTH\";s:3:\"139\";s:12:\"CONTENT_TYPE\";s:33:\"application/x-www-form-urlencoded\";s:13:\"DOCUMENT_ROOT\";s:59:\"/home/cuipmar4/public_html/blogs/standalone-WPs/newscuipnet\";s:17:\"GATEWAY_INTERFACE\";s:7:\"CGI/1.1\";s:11:\"HTTP_ACCEPT\";s:129:\"text/html, application/xml;q=0.9, application/xhtml+xml, image/png, image/webp, image/jpeg, image/gif, image/x-xbitmap, */*;q=0.1\";s:20:\"HTTP_ACCEPT_ENCODING\";s:13:\"gzip, deflate\";s:20:\"HTTP_ACCEPT_LANGUAGE\";s:2:\"en\";s:15:\"HTTP_CONNECTION\";s:10:\"Keep-Alive\";s:9:\"HTTP_HOST\";s:12:\"web.cuip.net\";s:12:\"HTTP_REFERER\";s:41:\"http://webdetail.org/www.5dsmartstore.com\";s:15:\"HTTP_USER_AGENT\";s:10:\"PHP/5.2.10\";s:4:\"PATH\";s:13:\"/bin:/usr/bin\";s:12:\"QUERY_STRING\";s:0:\"\";s:15:\"REDIRECT_STATUS\";s:3:\"200\";s:18:\"REDIRECT_UNIQUE_ID\";s:24:\"UU@SwNHsR2MADTpIU7UAAAAD\";s:12:\"REDIRECT_URL\";s:17:\"/about/trackback/\";s:11:\"REMOTE_ADDR\";s:12:\"173.208.2.46\";s:11:\"REMOTE_PORT\";s:5:\"57533\";s:14:\"REQUEST_METHOD\";s:4:\"POST\";s:15:\"SCRIPT_FILENAME\";s:69:\"/home/cuipmar4/public_html/blogs/standalone-WPs/newscuipnet/index.php\";s:11:\"SCRIPT_NAME\";s:10:\"/index.php\";s:11:\"SERVER_ADDR\";s:14:\"174.127.110.33\";s:12:\"SERVER_ADMIN\";s:23:\"webmaster@web.cuip3.org\";s:11:\"SERVER_NAME\";s:12:\"web.cuip.net\";s:11:\"SERVER_PORT\";s:2:\"80\";s:15:\"SERVER_PROTOCOL\";s:8:\"HTTP/1.0\";s:16:\"SERVER_SIGNATURE\";s:0:\"\";s:9:\"UNIQUE_ID\";s:24:\"UU@SwNHsR2MADTpIU7UAAAAD\";s:8:\"PHP_SELF\";s:10:\"/index.php\";s:12:\"REQUEST_TIME\";s:10:\"1364169408\";s:4:\"argv\";s:0:\"\";s:4:\"argc\";s:1:\"0\";s:25:\"comment_post_modified_gmt\";s:19:\"2011-03-14 17:30:08\";}'),(717,328,'akismet_result','true'),(718,328,'akismet_history','a:4:{s:4:\"time\";d:1362975945.90637111663818359375;s:7:\"message\";s:35:\"Akismet caught this comment as spam\";s:5:\"event\";s:10:\"check-spam\";s:4:\"user\";s:0:\"\";}'),(719,328,'akismet_as_submitted','a:53:{s:15:\"comment_post_ID\";i:2;s:14:\"comment_author\";s:34:\"simply click the up coming website\";s:20:\"comment_author_email\";s:0:\"\";s:18:\"comment_author_url\";s:35:\"http://phillyclassics.com/MarianOld\";s:15:\"comment_content\";s:64:\"<strong>simply click the up coming website...</strong>\n\nAbout...\";s:12:\"comment_type\";s:9:\"trackback\";s:7:\"user_ip\";s:14:\"94.242.237.129\";s:10:\"user_agent\";s:10:\"PHP/5.2.10\";s:8:\"referrer\";s:35:\"http://phillyclassics.com/MarianOld\";s:4:\"blog\";s:19:\"http://web.cuip.net\";s:9:\"blog_lang\";s:5:\"en_US\";s:12:\"blog_charset\";s:5:\"UTF-8\";s:9:\"permalink\";s:26:\"http://web.cuip.net/about/\";s:21:\"akismet_comment_nonce\";s:6:\"failed\";s:8:\"POST_url\";s:35:\"http://phillyclassics.com/MarianOld\";s:10:\"POST_title\";s:34:\"simply click the up coming website\";s:14:\"POST_blog_name\";s:34:\"simply click the up coming website\";s:12:\"POST_excerpt\";s:5:\"About\";s:15:\"SERVER_SOFTWARE\";s:6:\"Apache\";s:11:\"REQUEST_URI\";s:17:\"/about/trackback/\";s:14:\"CONTENT_LENGTH\";s:3:\"147\";s:12:\"CONTENT_TYPE\";s:33:\"application/x-www-form-urlencoded\";s:13:\"DOCUMENT_ROOT\";s:59:\"/home/cuipmar4/public_html/blogs/standalone-WPs/newscuipnet\";s:17:\"GATEWAY_INTERFACE\";s:7:\"CGI/1.1\";s:11:\"HTTP_ACCEPT\";s:129:\"text/html, application/xml;q=0.9, application/xhtml+xml, image/png, image/webp, image/jpeg, image/gif, image/x-xbitmap, */*;q=0.1\";s:20:\"HTTP_ACCEPT_ENCODING\";s:13:\"gzip, deflate\";s:20:\"HTTP_ACCEPT_LANGUAGE\";s:2:\"en\";s:15:\"HTTP_CONNECTION\";s:10:\"Keep-Alive\";s:9:\"HTTP_HOST\";s:12:\"web.cuip.net\";s:12:\"HTTP_REFERER\";s:35:\"http://phillyclassics.com/MarianOld\";s:15:\"HTTP_USER_AGENT\";s:10:\"PHP/5.2.10\";s:4:\"PATH\";s:13:\"/bin:/usr/bin\";s:12:\"QUERY_STRING\";s:0:\"\";s:15:\"REDIRECT_STATUS\";s:3:\"200\";s:18:\"REDIRECT_UNIQUE_ID\";s:24:\"UT1cydHsR2MABLmUuEIAAAAK\";s:12:\"REDIRECT_URL\";s:17:\"/about/trackback/\";s:11:\"REMOTE_ADDR\";s:14:\"94.242.237.129\";s:11:\"REMOTE_PORT\";s:5:\"61226\";s:14:\"REQUEST_METHOD\";s:4:\"POST\";s:15:\"SCRIPT_FILENAME\";s:69:\"/home/cuipmar4/public_html/blogs/standalone-WPs/newscuipnet/index.php\";s:11:\"SCRIPT_NAME\";s:10:\"/index.php\";s:11:\"SERVER_ADDR\";s:14:\"174.127.110.33\";s:12:\"SERVER_ADMIN\";s:23:\"webmaster@web.cuip3.org\";s:11:\"SERVER_NAME\";s:12:\"web.cuip.net\";s:11:\"SERVER_PORT\";s:2:\"80\";s:15:\"SERVER_PROTOCOL\";s:8:\"HTTP/1.1\";s:16:\"SERVER_SIGNATURE\";s:0:\"\";s:9:\"UNIQUE_ID\";s:24:\"UT1cydHsR2MABLmUuEIAAAAK\";s:8:\"PHP_SELF\";s:10:\"/index.php\";s:12:\"REQUEST_TIME\";s:10:\"1362975945\";s:4:\"argv\";s:0:\"\";s:4:\"argc\";s:1:\"0\";s:25:\"comment_post_modified_gmt\";s:19:\"2011-03-14 17:30:08\";}'),(738,336,'akismet_result','true'),(739,336,'akismet_history','a:4:{s:4:\"time\";d:1363458653.3423340320587158203125;s:7:\"message\";s:35:\"Akismet caught this comment as spam\";s:5:\"event\";s:10:\"check-spam\";s:4:\"user\";s:0:\"\";}'),(740,336,'akismet_as_submitted','a:53:{s:15:\"comment_post_ID\";i:2;s:14:\"comment_author\";s:21:\"Learn Additional Here\";s:20:\"comment_author_email\";s:0:\"\";s:18:\"comment_author_url\";s:50:\"http://yingit.com/index.php?do=/profile-2459/info/\";s:15:\"comment_content\";s:51:\"<strong>Learn Additional Here...</strong>\n\nAbout...\";s:12:\"comment_type\";s:9:\"trackback\";s:7:\"user_ip\";s:15:\"192.119.151.116\";s:10:\"user_agent\";s:10:\"PHP/5.2.10\";s:8:\"referrer\";s:50:\"http://yingit.com/index.php?do=/profile-2459/info/\";s:4:\"blog\";s:19:\"http://web.cuip.net\";s:9:\"blog_lang\";s:5:\"en_US\";s:12:\"blog_charset\";s:5:\"UTF-8\";s:9:\"permalink\";s:26:\"http://web.cuip.net/about/\";s:21:\"akismet_comment_nonce\";s:6:\"failed\";s:8:\"POST_url\";s:50:\"http://yingit.com/index.php?do=/profile-2459/info/\";s:10:\"POST_title\";s:21:\"Learn Additional Here\";s:14:\"POST_blog_name\";s:21:\"Learn Additional Here\";s:12:\"POST_excerpt\";s:5:\"About\";s:15:\"SERVER_SOFTWARE\";s:6:\"Apache\";s:11:\"REQUEST_URI\";s:17:\"/about/trackback/\";s:14:\"CONTENT_LENGTH\";s:3:\"146\";s:12:\"CONTENT_TYPE\";s:33:\"application/x-www-form-urlencoded\";s:13:\"DOCUMENT_ROOT\";s:59:\"/home/cuipmar4/public_html/blogs/standalone-WPs/newscuipnet\";s:17:\"GATEWAY_INTERFACE\";s:7:\"CGI/1.1\";s:11:\"HTTP_ACCEPT\";s:129:\"text/html, application/xml;q=0.9, application/xhtml+xml, image/png, image/webp, image/jpeg, image/gif, image/x-xbitmap, */*;q=0.1\";s:20:\"HTTP_ACCEPT_ENCODING\";s:13:\"gzip, deflate\";s:20:\"HTTP_ACCEPT_LANGUAGE\";s:2:\"en\";s:15:\"HTTP_CONNECTION\";s:10:\"Keep-Alive\";s:9:\"HTTP_HOST\";s:12:\"web.cuip.net\";s:12:\"HTTP_REFERER\";s:50:\"http://yingit.com/index.php?do=/profile-2459/info/\";s:15:\"HTTP_USER_AGENT\";s:10:\"PHP/5.2.10\";s:4:\"PATH\";s:13:\"/bin:/usr/bin\";s:12:\"QUERY_STRING\";s:0:\"\";s:15:\"REDIRECT_STATUS\";s:3:\"200\";s:18:\"REDIRECT_UNIQUE_ID\";s:24:\"UUS6XNHsR2MADSl2wzwAAAA1\";s:12:\"REDIRECT_URL\";s:17:\"/about/trackback/\";s:11:\"REMOTE_ADDR\";s:15:\"192.119.151.116\";s:11:\"REMOTE_PORT\";s:5:\"60937\";s:14:\"REQUEST_METHOD\";s:4:\"POST\";s:15:\"SCRIPT_FILENAME\";s:69:\"/home/cuipmar4/public_html/blogs/standalone-WPs/newscuipnet/index.php\";s:11:\"SCRIPT_NAME\";s:10:\"/index.php\";s:11:\"SERVER_ADDR\";s:14:\"174.127.110.33\";s:12:\"SERVER_ADMIN\";s:23:\"webmaster@web.cuip3.org\";s:11:\"SERVER_NAME\";s:12:\"web.cuip.net\";s:11:\"SERVER_PORT\";s:2:\"80\";s:15:\"SERVER_PROTOCOL\";s:8:\"HTTP/1.0\";s:16:\"SERVER_SIGNATURE\";s:0:\"\";s:9:\"UNIQUE_ID\";s:24:\"UUS6XNHsR2MADSl2wzwAAAA1\";s:8:\"PHP_SELF\";s:10:\"/index.php\";s:12:\"REQUEST_TIME\";s:10:\"1363458652\";s:4:\"argv\";s:0:\"\";s:4:\"argc\";s:1:\"0\";s:25:\"comment_post_modified_gmt\";s:19:\"2011-03-14 17:30:08\";}'),(744,338,'akismet_result','true'),(745,338,'akismet_history','a:4:{s:4:\"time\";d:1363597089.44593906402587890625;s:7:\"message\";s:35:\"Akismet caught this comment as spam\";s:5:\"event\";s:10:\"check-spam\";s:4:\"user\";s:0:\"\";}'),(746,338,'akismet_as_submitted','a:53:{s:15:\"comment_post_ID\";i:2;s:14:\"comment_author\";s:9:\"slpa that\";s:20:\"comment_author_email\";s:0:\"\";s:18:\"comment_author_url\";s:20:\"http://slapthat5.com\";s:15:\"comment_content\";s:173:\"<strong>victoria secret outlet online...</strong>\n\nGet my swimsuit from victorias secret and they send a magazine and a coupon with it. There goes the rest of my money......\";s:12:\"comment_type\";s:9:\"trackback\";s:7:\"user_ip\";s:14:\"99.198.125.123\";s:10:\"user_agent\";s:113:\"Mozilla/5.0 (Windows; U; Windows NT 5.1; en-US; rv:1.9.0.14) Gecko/2009082707 Firefox/3.0.14 (.NET CLR 3.5.30729)\";s:8:\"referrer\";s:26:\"http://web.cuip.net/about/\";s:4:\"blog\";s:19:\"http://web.cuip.net\";s:9:\"blog_lang\";s:5:\"en_US\";s:12:\"blog_charset\";s:5:\"UTF-8\";s:9:\"permalink\";s:26:\"http://web.cuip.net/about/\";s:21:\"akismet_comment_nonce\";s:6:\"failed\";s:14:\"POST_blog_name\";s:9:\"slpa that\";s:8:\"POST_url\";s:20:\"http://slapthat5.com\";s:10:\"POST_title\";s:29:\"victoria secret outlet online\";s:12:\"POST_excerpt\";s:119:\"Get my swimsuit from victorias secret and they send a magazine and a coupon with it. There goes the rest of my money...\";s:15:\"SERVER_SOFTWARE\";s:6:\"Apache\";s:11:\"REQUEST_URI\";s:16:\"/about/trackback\";s:14:\"CONTENT_LENGTH\";s:3:\"276\";s:12:\"CONTENT_TYPE\";s:33:\"application/x-www-form-urlencoded\";s:13:\"DOCUMENT_ROOT\";s:59:\"/home/cuipmar4/public_html/blogs/standalone-WPs/newscuipnet\";s:17:\"GATEWAY_INTERFACE\";s:7:\"CGI/1.1\";s:11:\"HTTP_ACCEPT\";s:56:\"image/gif, image/x-xbitmap, image/jpeg, image/pjpeg, */*\";s:20:\"HTTP_ACCEPT_LANGUAGE\";s:1:\"*\";s:18:\"HTTP_CACHE_CONTROL\";s:14:\"max-age=259200\";s:15:\"HTTP_CONNECTION\";s:10:\"keep-alive\";s:9:\"HTTP_HOST\";s:12:\"web.cuip.net\";s:12:\"HTTP_REFERER\";s:26:\"http://web.cuip.net/about/\";s:15:\"HTTP_USER_AGENT\";s:113:\"Mozilla/5.0 (Windows; U; Windows NT 5.1; en-US; rv:1.9.0.14) Gecko/2009082707 Firefox/3.0.14 (.NET CLR 3.5.30729)\";s:4:\"PATH\";s:13:\"/bin:/usr/bin\";s:12:\"QUERY_STRING\";s:0:\"\";s:15:\"REDIRECT_STATUS\";s:3:\"200\";s:18:\"REDIRECT_UNIQUE_ID\";s:24:\"UUbXINHsR2MADvI1n6AAAAAD\";s:12:\"REDIRECT_URL\";s:16:\"/about/trackback\";s:11:\"REMOTE_ADDR\";s:14:\"99.198.125.123\";s:11:\"REMOTE_PORT\";s:5:\"34893\";s:14:\"REQUEST_METHOD\";s:4:\"POST\";s:15:\"SCRIPT_FILENAME\";s:69:\"/home/cuipmar4/public_html/blogs/standalone-WPs/newscuipnet/index.php\";s:11:\"SCRIPT_NAME\";s:10:\"/index.php\";s:11:\"SERVER_ADDR\";s:14:\"174.127.110.33\";s:12:\"SERVER_ADMIN\";s:23:\"webmaster@web.cuip3.org\";s:11:\"SERVER_NAME\";s:12:\"web.cuip.net\";s:11:\"SERVER_PORT\";s:2:\"80\";s:15:\"SERVER_PROTOCOL\";s:8:\"HTTP/1.1\";s:16:\"SERVER_SIGNATURE\";s:0:\"\";s:9:\"UNIQUE_ID\";s:24:\"UUbXINHsR2MADvI1n6AAAAAD\";s:8:\"PHP_SELF\";s:10:\"/index.php\";s:12:\"REQUEST_TIME\";s:10:\"1363597088\";s:4:\"argv\";s:0:\"\";s:4:\"argc\";s:1:\"0\";s:25:\"comment_post_modified_gmt\";s:19:\"2011-03-14 17:30:08\";}'),(747,339,'akismet_result','true'),(748,339,'akismet_history','a:4:{s:4:\"time\";d:1363669036.4757220745086669921875;s:7:\"message\";s:35:\"Akismet caught this comment as spam\";s:5:\"event\";s:10:\"check-spam\";s:4:\"user\";s:0:\"\";}'),(749,339,'akismet_as_submitted','a:53:{s:15:\"comment_post_ID\";i:5;s:14:\"comment_author\";s:35:\"Best Deals Hotel Save Up To 75% Off\";s:20:\"comment_author_email\";s:0:\"\";s:18:\"comment_author_url\";s:32:\"http://www.agoda.com?CID=1568156\";s:15:\"comment_content\";s:65:\"<strong>Best Deals Hotel Save Up To 75% Off...</strong>\n\nStaff...\";s:12:\"comment_type\";s:9:\"trackback\";s:7:\"user_ip\";s:14:\"118.101.88.171\";s:10:\"user_agent\";s:10:\"PHP/5.2.10\";s:8:\"referrer\";s:32:\"http://www.agoda.com?CID=1568156\";s:4:\"blog\";s:19:\"http://web.cuip.net\";s:9:\"blog_lang\";s:5:\"en_US\";s:12:\"blog_charset\";s:5:\"UTF-8\";s:9:\"permalink\";s:26:\"http://web.cuip.net/staff/\";s:21:\"akismet_comment_nonce\";s:6:\"failed\";s:8:\"POST_url\";s:32:\"http://www.agoda.com?CID=1568156\";s:10:\"POST_title\";s:35:\"Best Deals Hotel Save Up To 75% Off\";s:14:\"POST_blog_name\";s:35:\"Best Deals Hotel Save Up To 75% Off\";s:12:\"POST_excerpt\";s:5:\"Staff\";s:15:\"SERVER_SOFTWARE\";s:6:\"Apache\";s:11:\"REQUEST_URI\";s:17:\"/staff/trackback/\";s:14:\"CONTENT_LENGTH\";s:3:\"152\";s:12:\"CONTENT_TYPE\";s:33:\"application/x-www-form-urlencoded\";s:13:\"DOCUMENT_ROOT\";s:59:\"/home/cuipmar4/public_html/blogs/standalone-WPs/newscuipnet\";s:17:\"GATEWAY_INTERFACE\";s:7:\"CGI/1.1\";s:11:\"HTTP_ACCEPT\";s:129:\"text/html, application/xml;q=0.9, application/xhtml+xml, image/png, image/webp, image/jpeg, image/gif, image/x-xbitmap, */*;q=0.1\";s:20:\"HTTP_ACCEPT_ENCODING\";s:13:\"gzip, deflate\";s:20:\"HTTP_ACCEPT_LANGUAGE\";s:2:\"en\";s:15:\"HTTP_CONNECTION\";s:10:\"Keep-Alive\";s:9:\"HTTP_HOST\";s:12:\"web.cuip.net\";s:12:\"HTTP_REFERER\";s:32:\"http://www.agoda.com?CID=1568156\";s:15:\"HTTP_USER_AGENT\";s:10:\"PHP/5.2.10\";s:4:\"PATH\";s:13:\"/bin:/usr/bin\";s:12:\"QUERY_STRING\";s:0:\"\";s:15:\"REDIRECT_STATUS\";s:3:\"200\";s:18:\"REDIRECT_UNIQUE_ID\";s:24:\"UUfwK9HsR2MABiB-DpcAAAAX\";s:12:\"REDIRECT_URL\";s:17:\"/staff/trackback/\";s:11:\"REMOTE_ADDR\";s:14:\"118.101.88.171\";s:11:\"REMOTE_PORT\";s:4:\"2811\";s:14:\"REQUEST_METHOD\";s:4:\"POST\";s:15:\"SCRIPT_FILENAME\";s:69:\"/home/cuipmar4/public_html/blogs/standalone-WPs/newscuipnet/index.php\";s:11:\"SCRIPT_NAME\";s:10:\"/index.php\";s:11:\"SERVER_ADDR\";s:14:\"174.127.110.33\";s:12:\"SERVER_ADMIN\";s:23:\"webmaster@web.cuip3.org\";s:11:\"SERVER_NAME\";s:12:\"web.cuip.net\";s:11:\"SERVER_PORT\";s:2:\"80\";s:15:\"SERVER_PROTOCOL\";s:8:\"HTTP/1.1\";s:16:\"SERVER_SIGNATURE\";s:0:\"\";s:9:\"UNIQUE_ID\";s:24:\"UUfwK9HsR2MABiB-DpcAAAAX\";s:8:\"PHP_SELF\";s:10:\"/index.php\";s:12:\"REQUEST_TIME\";s:10:\"1363669035\";s:4:\"argv\";s:0:\"\";s:4:\"argc\";s:1:\"0\";s:25:\"comment_post_modified_gmt\";s:19:\"2010-08-09 19:40:13\";}'),(753,341,'akismet_result','true'),(754,341,'akismet_history','a:4:{s:4:\"time\";d:1363678618.6273090839385986328125;s:7:\"message\";s:35:\"Akismet caught this comment as spam\";s:5:\"event\";s:10:\"check-spam\";s:4:\"user\";s:0:\"\";}'),(755,341,'akismet_as_submitted','a:52:{s:15:\"comment_post_ID\";i:5;s:14:\"comment_author\";s:24:\"how to make money online\";s:20:\"comment_author_email\";s:0:\"\";s:18:\"comment_author_url\";s:32:\"http://makemoneyonlinebyguru.com\";s:15:\"comment_content\";s:54:\"<strong>how to make money online...</strong>\n\nStaff...\";s:12:\"comment_type\";s:9:\"trackback\";s:7:\"user_ip\";s:15:\"120.203.214.182\";s:10:\"user_agent\";s:10:\"PHP/5.2.10\";s:8:\"referrer\";s:32:\"http://makemoneyonlinebyguru.com\";s:4:\"blog\";s:19:\"http://web.cuip.net\";s:9:\"blog_lang\";s:5:\"en_US\";s:12:\"blog_charset\";s:5:\"UTF-8\";s:9:\"permalink\";s:26:\"http://web.cuip.net/staff/\";s:21:\"akismet_comment_nonce\";s:6:\"failed\";s:8:\"POST_url\";s:32:\"http://makemoneyonlinebyguru.com\";s:10:\"POST_title\";s:24:\"how to make money online\";s:14:\"POST_blog_name\";s:24:\"how to make money online\";s:12:\"POST_excerpt\";s:5:\"Staff\";s:15:\"SERVER_SOFTWARE\";s:6:\"Apache\";s:11:\"REQUEST_URI\";s:17:\"/staff/trackback/\";s:14:\"CONTENT_LENGTH\";s:3:\"122\";s:12:\"CONTENT_TYPE\";s:33:\"application/x-www-form-urlencoded\";s:13:\"DOCUMENT_ROOT\";s:59:\"/home/cuipmar4/public_html/blogs/standalone-WPs/newscuipnet\";s:17:\"GATEWAY_INTERFACE\";s:7:\"CGI/1.1\";s:11:\"HTTP_ACCEPT\";s:129:\"text/html, application/xml;q=0.9, application/xhtml+xml, image/png, image/webp, image/jpeg, image/gif, image/x-xbitmap, */*;q=0.1\";s:20:\"HTTP_ACCEPT_LANGUAGE\";s:2:\"en\";s:18:\"HTTP_CACHE_CONTROL\";s:13:\"max-age=86400\";s:9:\"HTTP_HOST\";s:12:\"web.cuip.net\";s:12:\"HTTP_REFERER\";s:32:\"http://makemoneyonlinebyguru.com\";s:15:\"HTTP_USER_AGENT\";s:10:\"PHP/5.2.10\";s:4:\"PATH\";s:13:\"/bin:/usr/bin\";s:12:\"QUERY_STRING\";s:0:\"\";s:15:\"REDIRECT_STATUS\";s:3:\"200\";s:18:\"REDIRECT_UNIQUE_ID\";s:24:\"UUgVmdHsR2MACIoIp4MAAAAN\";s:12:\"REDIRECT_URL\";s:17:\"/staff/trackback/\";s:11:\"REMOTE_ADDR\";s:15:\"120.203.214.182\";s:11:\"REMOTE_PORT\";s:5:\"33127\";s:14:\"REQUEST_METHOD\";s:4:\"POST\";s:15:\"SCRIPT_FILENAME\";s:69:\"/home/cuipmar4/public_html/blogs/standalone-WPs/newscuipnet/index.php\";s:11:\"SCRIPT_NAME\";s:10:\"/index.php\";s:11:\"SERVER_ADDR\";s:14:\"174.127.110.33\";s:12:\"SERVER_ADMIN\";s:23:\"webmaster@web.cuip3.org\";s:11:\"SERVER_NAME\";s:12:\"web.cuip.net\";s:11:\"SERVER_PORT\";s:2:\"80\";s:15:\"SERVER_PROTOCOL\";s:8:\"HTTP/1.1\";s:16:\"SERVER_SIGNATURE\";s:0:\"\";s:9:\"UNIQUE_ID\";s:24:\"UUgVmdHsR2MACIoIp4MAAAAN\";s:8:\"PHP_SELF\";s:10:\"/index.php\";s:12:\"REQUEST_TIME\";s:10:\"1363678618\";s:4:\"argv\";s:0:\"\";s:4:\"argc\";s:1:\"0\";s:25:\"comment_post_modified_gmt\";s:19:\"2010-08-09 19:40:13\";}'),(756,342,'akismet_result','true'),(757,342,'akismet_history','a:4:{s:4:\"time\";d:1363724088.3848130702972412109375;s:7:\"message\";s:35:\"Akismet caught this comment as spam\";s:5:\"event\";s:10:\"check-spam\";s:4:\"user\";s:0:\"\";}'),(758,342,'akismet_as_submitted','a:53:{s:15:\"comment_post_ID\";i:2;s:14:\"comment_author\";s:8:\"Continue\";s:20:\"comment_author_email\";s:0:\"\";s:18:\"comment_author_url\";s:47:\"http://nauki:V5pBT3zuLD@hayart.net/404error.php\";s:15:\"comment_content\";s:38:\"<strong>Continue...</strong>\n\nAbout...\";s:12:\"comment_type\";s:9:\"trackback\";s:7:\"user_ip\";s:14:\"178.33.154.135\";s:10:\"user_agent\";s:10:\"PHP/5.2.10\";s:8:\"referrer\";s:47:\"http://nauki:V5pBT3zuLD@hayart.net/404error.php\";s:4:\"blog\";s:19:\"http://web.cuip.net\";s:9:\"blog_lang\";s:5:\"en_US\";s:12:\"blog_charset\";s:5:\"UTF-8\";s:9:\"permalink\";s:26:\"http://web.cuip.net/about/\";s:21:\"akismet_comment_nonce\";s:6:\"failed\";s:8:\"POST_url\";s:47:\"http://nauki:V5pBT3zuLD@hayart.net/404error.php\";s:10:\"POST_title\";s:8:\"Continue\";s:14:\"POST_blog_name\";s:8:\"Continue\";s:12:\"POST_excerpt\";s:5:\"About\";s:15:\"SERVER_SOFTWARE\";s:6:\"Apache\";s:11:\"REQUEST_URI\";s:17:\"/about/trackback/\";s:14:\"CONTENT_LENGTH\";s:3:\"111\";s:12:\"CONTENT_TYPE\";s:33:\"application/x-www-form-urlencoded\";s:13:\"DOCUMENT_ROOT\";s:59:\"/home/cuipmar4/public_html/blogs/standalone-WPs/newscuipnet\";s:17:\"GATEWAY_INTERFACE\";s:7:\"CGI/1.1\";s:11:\"HTTP_ACCEPT\";s:129:\"text/html, application/xml;q=0.9, application/xhtml+xml, image/png, image/webp, image/jpeg, image/gif, image/x-xbitmap, */*;q=0.1\";s:20:\"HTTP_ACCEPT_ENCODING\";s:13:\"gzip, deflate\";s:20:\"HTTP_ACCEPT_LANGUAGE\";s:2:\"en\";s:15:\"HTTP_CONNECTION\";s:10:\"Keep-Alive\";s:9:\"HTTP_HOST\";s:12:\"web.cuip.net\";s:12:\"HTTP_REFERER\";s:47:\"http://nauki:V5pBT3zuLD@hayart.net/404error.php\";s:15:\"HTTP_USER_AGENT\";s:10:\"PHP/5.2.10\";s:4:\"PATH\";s:13:\"/bin:/usr/bin\";s:12:\"QUERY_STRING\";s:0:\"\";s:15:\"REDIRECT_STATUS\";s:3:\"200\";s:18:\"REDIRECT_UNIQUE_ID\";s:24:\"UUjHN9HsR2MABsLwopwAAAAZ\";s:12:\"REDIRECT_URL\";s:17:\"/about/trackback/\";s:11:\"REMOTE_ADDR\";s:14:\"178.33.154.135\";s:11:\"REMOTE_PORT\";s:5:\"58359\";s:14:\"REQUEST_METHOD\";s:4:\"POST\";s:15:\"SCRIPT_FILENAME\";s:69:\"/home/cuipmar4/public_html/blogs/standalone-WPs/newscuipnet/index.php\";s:11:\"SCRIPT_NAME\";s:10:\"/index.php\";s:11:\"SERVER_ADDR\";s:14:\"174.127.110.33\";s:12:\"SERVER_ADMIN\";s:23:\"webmaster@web.cuip3.org\";s:11:\"SERVER_NAME\";s:12:\"web.cuip.net\";s:11:\"SERVER_PORT\";s:2:\"80\";s:15:\"SERVER_PROTOCOL\";s:8:\"HTTP/1.0\";s:16:\"SERVER_SIGNATURE\";s:0:\"\";s:9:\"UNIQUE_ID\";s:24:\"UUjHN9HsR2MABsLwopwAAAAZ\";s:8:\"PHP_SELF\";s:10:\"/index.php\";s:12:\"REQUEST_TIME\";s:10:\"1363724087\";s:4:\"argv\";s:0:\"\";s:4:\"argc\";s:1:\"0\";s:25:\"comment_post_modified_gmt\";s:19:\"2011-03-14 17:30:08\";}'),(759,343,'akismet_result','true'),(760,343,'akismet_history','a:4:{s:4:\"time\";d:1363734470.7502439022064208984375;s:7:\"message\";s:35:\"Akismet caught this comment as spam\";s:5:\"event\";s:10:\"check-spam\";s:4:\"user\";s:0:\"\";}'),(761,343,'akismet_as_submitted','a:53:{s:15:\"comment_post_ID\";i:5;s:14:\"comment_author\";s:7:\"monavie\";s:20:\"comment_author_email\";s:0:\"\";s:18:\"comment_author_url\";s:30:\"http://www.lazymanandmoney.com\";s:15:\"comment_content\";s:37:\"<strong>monavie...</strong>\n\nStaff...\";s:12:\"comment_type\";s:9:\"trackback\";s:7:\"user_ip\";s:14:\"199.83.212.121\";s:10:\"user_agent\";s:10:\"PHP/5.2.10\";s:8:\"referrer\";s:30:\"http://www.lazymanandmoney.com\";s:4:\"blog\";s:19:\"http://web.cuip.net\";s:9:\"blog_lang\";s:5:\"en_US\";s:12:\"blog_charset\";s:5:\"UTF-8\";s:9:\"permalink\";s:26:\"http://web.cuip.net/staff/\";s:21:\"akismet_comment_nonce\";s:6:\"failed\";s:8:\"POST_url\";s:30:\"http://www.lazymanandmoney.com\";s:10:\"POST_title\";s:7:\"monavie\";s:14:\"POST_blog_name\";s:7:\"monavie\";s:12:\"POST_excerpt\";s:5:\"Staff\";s:15:\"SERVER_SOFTWARE\";s:6:\"Apache\";s:11:\"REQUEST_URI\";s:17:\"/staff/trackback/\";s:14:\"CONTENT_LENGTH\";s:2:\"86\";s:12:\"CONTENT_TYPE\";s:33:\"application/x-www-form-urlencoded\";s:13:\"DOCUMENT_ROOT\";s:59:\"/home/cuipmar4/public_html/blogs/standalone-WPs/newscuipnet\";s:17:\"GATEWAY_INTERFACE\";s:7:\"CGI/1.1\";s:11:\"HTTP_ACCEPT\";s:129:\"text/html, application/xml;q=0.9, application/xhtml+xml, image/png, image/webp, image/jpeg, image/gif, image/x-xbitmap, */*;q=0.1\";s:20:\"HTTP_ACCEPT_ENCODING\";s:13:\"gzip, deflate\";s:20:\"HTTP_ACCEPT_LANGUAGE\";s:2:\"en\";s:15:\"HTTP_CONNECTION\";s:10:\"Keep-Alive\";s:9:\"HTTP_HOST\";s:12:\"web.cuip.net\";s:12:\"HTTP_REFERER\";s:30:\"http://www.lazymanandmoney.com\";s:15:\"HTTP_USER_AGENT\";s:10:\"PHP/5.2.10\";s:4:\"PATH\";s:13:\"/bin:/usr/bin\";s:12:\"QUERY_STRING\";s:0:\"\";s:15:\"REDIRECT_STATUS\";s:3:\"200\";s:18:\"REDIRECT_UNIQUE_ID\";s:24:\"UUjvxtHsR2MABQL9NkUAAAAG\";s:12:\"REDIRECT_URL\";s:17:\"/staff/trackback/\";s:11:\"REMOTE_ADDR\";s:14:\"199.83.212.121\";s:11:\"REMOTE_PORT\";s:5:\"36670\";s:14:\"REQUEST_METHOD\";s:4:\"POST\";s:15:\"SCRIPT_FILENAME\";s:69:\"/home/cuipmar4/public_html/blogs/standalone-WPs/newscuipnet/index.php\";s:11:\"SCRIPT_NAME\";s:10:\"/index.php\";s:11:\"SERVER_ADDR\";s:14:\"174.127.110.33\";s:12:\"SERVER_ADMIN\";s:23:\"webmaster@web.cuip3.org\";s:11:\"SERVER_NAME\";s:12:\"web.cuip.net\";s:11:\"SERVER_PORT\";s:2:\"80\";s:15:\"SERVER_PROTOCOL\";s:8:\"HTTP/1.0\";s:16:\"SERVER_SIGNATURE\";s:0:\"\";s:9:\"UNIQUE_ID\";s:24:\"UUjvxtHsR2MABQL9NkUAAAAG\";s:8:\"PHP_SELF\";s:10:\"/index.php\";s:12:\"REQUEST_TIME\";s:10:\"1363734470\";s:4:\"argv\";s:0:\"\";s:4:\"argc\";s:1:\"0\";s:25:\"comment_post_modified_gmt\";s:19:\"2010-08-09 19:40:13\";}'),(762,344,'akismet_result','true'),(763,344,'akismet_history','a:4:{s:4:\"time\";d:1363748196.794269084930419921875;s:7:\"message\";s:35:\"Akismet caught this comment as spam\";s:5:\"event\";s:10:\"check-spam\";s:4:\"user\";s:0:\"\";}'),(764,344,'akismet_as_submitted','a:53:{s:15:\"comment_post_ID\";i:2;s:14:\"comment_author\";s:17:\"sign up face book\";s:20:\"comment_author_email\";s:0:\"\";s:18:\"comment_author_url\";s:40:\"http://kristen-b.net.dedicatedornot.com/\";s:15:\"comment_content\";s:47:\"<strong>sign up face book...</strong>\n\nAbout...\";s:12:\"comment_type\";s:9:\"trackback\";s:7:\"user_ip\";s:14:\"91.108.177.179\";s:10:\"user_agent\";s:10:\"PHP/5.2.10\";s:8:\"referrer\";s:40:\"http://kristen-b.net.dedicatedornot.com/\";s:4:\"blog\";s:19:\"http://web.cuip.net\";s:9:\"blog_lang\";s:5:\"en_US\";s:12:\"blog_charset\";s:5:\"UTF-8\";s:9:\"permalink\";s:26:\"http://web.cuip.net/about/\";s:21:\"akismet_comment_nonce\";s:6:\"failed\";s:8:\"POST_url\";s:40:\"http://kristen-b.net.dedicatedornot.com/\";s:10:\"POST_title\";s:17:\"sign up face book\";s:14:\"POST_blog_name\";s:17:\"sign up face book\";s:12:\"POST_excerpt\";s:5:\"About\";s:15:\"SERVER_SOFTWARE\";s:6:\"Apache\";s:11:\"REQUEST_URI\";s:17:\"/about/trackback/\";s:14:\"CONTENT_LENGTH\";s:3:\"118\";s:12:\"CONTENT_TYPE\";s:33:\"application/x-www-form-urlencoded\";s:13:\"DOCUMENT_ROOT\";s:59:\"/home/cuipmar4/public_html/blogs/standalone-WPs/newscuipnet\";s:17:\"GATEWAY_INTERFACE\";s:7:\"CGI/1.1\";s:11:\"HTTP_ACCEPT\";s:129:\"text/html, application/xml;q=0.9, application/xhtml+xml, image/png, image/webp, image/jpeg, image/gif, image/x-xbitmap, */*;q=0.1\";s:20:\"HTTP_ACCEPT_ENCODING\";s:13:\"gzip, deflate\";s:20:\"HTTP_ACCEPT_LANGUAGE\";s:2:\"en\";s:15:\"HTTP_CONNECTION\";s:10:\"Keep-Alive\";s:9:\"HTTP_HOST\";s:12:\"web.cuip.net\";s:12:\"HTTP_REFERER\";s:40:\"http://kristen-b.net.dedicatedornot.com/\";s:15:\"HTTP_USER_AGENT\";s:10:\"PHP/5.2.10\";s:4:\"PATH\";s:13:\"/bin:/usr/bin\";s:12:\"QUERY_STRING\";s:0:\"\";s:15:\"REDIRECT_STATUS\";s:3:\"200\";s:18:\"REDIRECT_UNIQUE_ID\";s:24:\"UUklZNHsR2MACMks48wAAAAA\";s:12:\"REDIRECT_URL\";s:17:\"/about/trackback/\";s:11:\"REMOTE_ADDR\";s:14:\"91.108.177.179\";s:11:\"REMOTE_PORT\";s:5:\"47156\";s:14:\"REQUEST_METHOD\";s:4:\"POST\";s:15:\"SCRIPT_FILENAME\";s:69:\"/home/cuipmar4/public_html/blogs/standalone-WPs/newscuipnet/index.php\";s:11:\"SCRIPT_NAME\";s:10:\"/index.php\";s:11:\"SERVER_ADDR\";s:14:\"174.127.110.33\";s:12:\"SERVER_ADMIN\";s:23:\"webmaster@web.cuip3.org\";s:11:\"SERVER_NAME\";s:12:\"web.cuip.net\";s:11:\"SERVER_PORT\";s:2:\"80\";s:15:\"SERVER_PROTOCOL\";s:8:\"HTTP/1.0\";s:16:\"SERVER_SIGNATURE\";s:0:\"\";s:9:\"UNIQUE_ID\";s:24:\"UUklZNHsR2MACMks48wAAAAA\";s:8:\"PHP_SELF\";s:10:\"/index.php\";s:12:\"REQUEST_TIME\";s:10:\"1363748196\";s:4:\"argv\";s:0:\"\";s:4:\"argc\";s:1:\"0\";s:25:\"comment_post_modified_gmt\";s:19:\"2011-03-14 17:30:08\";}'),(765,345,'akismet_result','true'),(766,345,'akismet_history','a:4:{s:4:\"time\";d:1363761703.1017749309539794921875;s:7:\"message\";s:35:\"Akismet caught this comment as spam\";s:5:\"event\";s:10:\"check-spam\";s:4:\"user\";s:0:\"\";}'),(767,345,'akismet_as_submitted','a:53:{s:15:\"comment_post_ID\";i:2;s:14:\"comment_author\";s:16:\"More suggestions\";s:20:\"comment_author_email\";s:0:\"\";s:18:\"comment_author_url\";s:75:\"http://web1.fairfield-h.schools.nsw.edu.au/moodle/user/profile.php?id=19936\";s:15:\"comment_content\";s:46:\"<strong>More suggestions...</strong>\n\nAbout...\";s:12:\"comment_type\";s:9:\"trackback\";s:7:\"user_ip\";s:14:\"149.255.111.63\";s:10:\"user_agent\";s:10:\"PHP/5.2.10\";s:8:\"referrer\";s:75:\"http://web1.fairfield-h.schools.nsw.edu.au/moodle/user/profile.php?id=19936\";s:4:\"blog\";s:19:\"http://web.cuip.net\";s:9:\"blog_lang\";s:5:\"en_US\";s:12:\"blog_charset\";s:5:\"UTF-8\";s:9:\"permalink\";s:26:\"http://web.cuip.net/about/\";s:21:\"akismet_comment_nonce\";s:6:\"failed\";s:8:\"POST_url\";s:75:\"http://web1.fairfield-h.schools.nsw.edu.au/moodle/user/profile.php?id=19936\";s:10:\"POST_title\";s:16:\"More suggestions\";s:14:\"POST_blog_name\";s:16:\"More suggestions\";s:12:\"POST_excerpt\";s:5:\"About\";s:15:\"SERVER_SOFTWARE\";s:6:\"Apache\";s:11:\"REQUEST_URI\";s:17:\"/about/trackback/\";s:14:\"CONTENT_LENGTH\";s:3:\"159\";s:12:\"CONTENT_TYPE\";s:33:\"application/x-www-form-urlencoded\";s:13:\"DOCUMENT_ROOT\";s:59:\"/home/cuipmar4/public_html/blogs/standalone-WPs/newscuipnet\";s:17:\"GATEWAY_INTERFACE\";s:7:\"CGI/1.1\";s:11:\"HTTP_ACCEPT\";s:129:\"text/html, application/xml;q=0.9, application/xhtml+xml, image/png, image/webp, image/jpeg, image/gif, image/x-xbitmap, */*;q=0.1\";s:20:\"HTTP_ACCEPT_ENCODING\";s:13:\"gzip, deflate\";s:20:\"HTTP_ACCEPT_LANGUAGE\";s:2:\"en\";s:15:\"HTTP_CONNECTION\";s:10:\"Keep-Alive\";s:9:\"HTTP_HOST\";s:12:\"web.cuip.net\";s:12:\"HTTP_REFERER\";s:75:\"http://web1.fairfield-h.schools.nsw.edu.au/moodle/user/profile.php?id=19936\";s:15:\"HTTP_USER_AGENT\";s:10:\"PHP/5.2.10\";s:4:\"PATH\";s:13:\"/bin:/usr/bin\";s:12:\"QUERY_STRING\";s:0:\"\";s:15:\"REDIRECT_STATUS\";s:3:\"200\";s:18:\"REDIRECT_UNIQUE_ID\";s:24:\"UUlaJtHsR2MADAEllT0AAAAN\";s:12:\"REDIRECT_URL\";s:17:\"/about/trackback/\";s:11:\"REMOTE_ADDR\";s:14:\"149.255.111.63\";s:11:\"REMOTE_PORT\";s:5:\"40276\";s:14:\"REQUEST_METHOD\";s:4:\"POST\";s:15:\"SCRIPT_FILENAME\";s:69:\"/home/cuipmar4/public_html/blogs/standalone-WPs/newscuipnet/index.php\";s:11:\"SCRIPT_NAME\";s:10:\"/index.php\";s:11:\"SERVER_ADDR\";s:14:\"174.127.110.33\";s:12:\"SERVER_ADMIN\";s:23:\"webmaster@web.cuip3.org\";s:11:\"SERVER_NAME\";s:12:\"web.cuip.net\";s:11:\"SERVER_PORT\";s:2:\"80\";s:15:\"SERVER_PROTOCOL\";s:8:\"HTTP/1.0\";s:16:\"SERVER_SIGNATURE\";s:0:\"\";s:9:\"UNIQUE_ID\";s:24:\"UUlaJtHsR2MADAEllT0AAAAN\";s:8:\"PHP_SELF\";s:10:\"/index.php\";s:12:\"REQUEST_TIME\";s:10:\"1363761702\";s:4:\"argv\";s:0:\"\";s:4:\"argc\";s:1:\"0\";s:25:\"comment_post_modified_gmt\";s:19:\"2011-03-14 17:30:08\";}'),(768,346,'akismet_result','true'),(769,346,'akismet_history','a:4:{s:4:\"time\";d:1363764576.783627986907958984375;s:7:\"message\";s:35:\"Akismet caught this comment as spam\";s:5:\"event\";s:10:\"check-spam\";s:4:\"user\";s:0:\"\";}'),(770,346,'akismet_as_submitted','a:53:{s:15:\"comment_post_ID\";i:2;s:14:\"comment_author\";s:12:\"Full Content\";s:20:\"comment_author_email\";s:0:\"\";s:18:\"comment_author_url\";s:72:\"http://student.msi.vxu.se/mediawiki/index.php?title=Användare:ScarlettH\";s:15:\"comment_content\";s:42:\"<strong>Full Content...</strong>\n\nAbout...\";s:12:\"comment_type\";s:9:\"trackback\";s:7:\"user_ip\";s:12:\"173.208.2.61\";s:10:\"user_agent\";s:10:\"PHP/5.2.10\";s:8:\"referrer\";s:72:\"http://student.msi.vxu.se/mediawiki/index.php?title=Användare:ScarlettH\";s:4:\"blog\";s:19:\"http://web.cuip.net\";s:9:\"blog_lang\";s:5:\"en_US\";s:12:\"blog_charset\";s:5:\"UTF-8\";s:9:\"permalink\";s:26:\"http://web.cuip.net/about/\";s:21:\"akismet_comment_nonce\";s:6:\"failed\";s:8:\"POST_url\";s:72:\"http://student.msi.vxu.se/mediawiki/index.php?title=Användare:ScarlettH\";s:10:\"POST_title\";s:12:\"Full Content\";s:14:\"POST_blog_name\";s:12:\"Full Content\";s:12:\"POST_excerpt\";s:5:\"About\";s:15:\"SERVER_SOFTWARE\";s:6:\"Apache\";s:11:\"REQUEST_URI\";s:17:\"/about/trackback/\";s:14:\"CONTENT_LENGTH\";s:3:\"152\";s:12:\"CONTENT_TYPE\";s:33:\"application/x-www-form-urlencoded\";s:13:\"DOCUMENT_ROOT\";s:59:\"/home/cuipmar4/public_html/blogs/standalone-WPs/newscuipnet\";s:17:\"GATEWAY_INTERFACE\";s:7:\"CGI/1.1\";s:11:\"HTTP_ACCEPT\";s:129:\"text/html, application/xml;q=0.9, application/xhtml+xml, image/png, image/webp, image/jpeg, image/gif, image/x-xbitmap, */*;q=0.1\";s:20:\"HTTP_ACCEPT_ENCODING\";s:13:\"gzip, deflate\";s:20:\"HTTP_ACCEPT_LANGUAGE\";s:2:\"en\";s:15:\"HTTP_CONNECTION\";s:10:\"Keep-Alive\";s:9:\"HTTP_HOST\";s:12:\"web.cuip.net\";s:12:\"HTTP_REFERER\";s:72:\"http://student.msi.vxu.se/mediawiki/index.php?title=Användare:ScarlettH\";s:15:\"HTTP_USER_AGENT\";s:10:\"PHP/5.2.10\";s:4:\"PATH\";s:13:\"/bin:/usr/bin\";s:12:\"QUERY_STRING\";s:0:\"\";s:15:\"REDIRECT_STATUS\";s:3:\"200\";s:18:\"REDIRECT_UNIQUE_ID\";s:24:\"UUllX9HsR2MADKoXui4AAAAH\";s:12:\"REDIRECT_URL\";s:17:\"/about/trackback/\";s:11:\"REMOTE_ADDR\";s:12:\"173.208.2.61\";s:11:\"REMOTE_PORT\";s:5:\"56269\";s:14:\"REQUEST_METHOD\";s:4:\"POST\";s:15:\"SCRIPT_FILENAME\";s:69:\"/home/cuipmar4/public_html/blogs/standalone-WPs/newscuipnet/index.php\";s:11:\"SCRIPT_NAME\";s:10:\"/index.php\";s:11:\"SERVER_ADDR\";s:14:\"174.127.110.33\";s:12:\"SERVER_ADMIN\";s:23:\"webmaster@web.cuip3.org\";s:11:\"SERVER_NAME\";s:12:\"web.cuip.net\";s:11:\"SERVER_PORT\";s:2:\"80\";s:15:\"SERVER_PROTOCOL\";s:8:\"HTTP/1.0\";s:16:\"SERVER_SIGNATURE\";s:0:\"\";s:9:\"UNIQUE_ID\";s:24:\"UUllX9HsR2MADKoXui4AAAAH\";s:8:\"PHP_SELF\";s:10:\"/index.php\";s:12:\"REQUEST_TIME\";s:10:\"1363764576\";s:4:\"argv\";s:0:\"\";s:4:\"argc\";s:1:\"0\";s:25:\"comment_post_modified_gmt\";s:19:\"2011-03-14 17:30:08\";}'),(771,347,'akismet_result','true'),(772,347,'akismet_history','a:4:{s:4:\"time\";d:1363778651.8004090785980224609375;s:7:\"message\";s:35:\"Akismet caught this comment as spam\";s:5:\"event\";s:10:\"check-spam\";s:4:\"user\";s:0:\"\";}'),(773,347,'akismet_as_submitted','a:53:{s:15:\"comment_post_ID\";i:2;s:14:\"comment_author\";s:25:\"pilgrim jewellery denmark\";s:20:\"comment_author_email\";s:0:\"\";s:18:\"comment_author_url\";s:53:\"http://ali2s3nhbo.jigsy.com/entries/general/jewelry29\";s:15:\"comment_content\";s:55:\"<strong>pilgrim jewellery denmark...</strong>\n\nAbout...\";s:12:\"comment_type\";s:9:\"trackback\";s:7:\"user_ip\";s:12:\"185.3.132.45\";s:10:\"user_agent\";s:10:\"PHP/5.2.10\";s:8:\"referrer\";s:53:\"http://ali2s3nhbo.jigsy.com/entries/general/jewelry29\";s:4:\"blog\";s:19:\"http://web.cuip.net\";s:9:\"blog_lang\";s:5:\"en_US\";s:12:\"blog_charset\";s:5:\"UTF-8\";s:9:\"permalink\";s:26:\"http://web.cuip.net/about/\";s:21:\"akismet_comment_nonce\";s:6:\"failed\";s:8:\"POST_url\";s:53:\"http://ali2s3nhbo.jigsy.com/entries/general/jewelry29\";s:10:\"POST_title\";s:25:\"pilgrim jewellery denmark\";s:14:\"POST_blog_name\";s:25:\"pilgrim jewellery denmark\";s:12:\"POST_excerpt\";s:5:\"About\";s:15:\"SERVER_SOFTWARE\";s:6:\"Apache\";s:11:\"REQUEST_URI\";s:17:\"/about/trackback/\";s:14:\"CONTENT_LENGTH\";s:3:\"151\";s:12:\"CONTENT_TYPE\";s:33:\"application/x-www-form-urlencoded\";s:13:\"DOCUMENT_ROOT\";s:59:\"/home/cuipmar4/public_html/blogs/standalone-WPs/newscuipnet\";s:17:\"GATEWAY_INTERFACE\";s:7:\"CGI/1.1\";s:11:\"HTTP_ACCEPT\";s:129:\"text/html, application/xml;q=0.9, application/xhtml+xml, image/png, image/webp, image/jpeg, image/gif, image/x-xbitmap, */*;q=0.1\";s:20:\"HTTP_ACCEPT_ENCODING\";s:13:\"gzip, deflate\";s:20:\"HTTP_ACCEPT_LANGUAGE\";s:2:\"en\";s:15:\"HTTP_CONNECTION\";s:10:\"Keep-Alive\";s:9:\"HTTP_HOST\";s:12:\"web.cuip.net\";s:12:\"HTTP_REFERER\";s:53:\"http://ali2s3nhbo.jigsy.com/entries/general/jewelry29\";s:15:\"HTTP_USER_AGENT\";s:10:\"PHP/5.2.10\";s:4:\"PATH\";s:13:\"/bin:/usr/bin\";s:12:\"QUERY_STRING\";s:0:\"\";s:15:\"REDIRECT_STATUS\";s:3:\"200\";s:18:\"REDIRECT_UNIQUE_ID\";s:24:\"UUmcWtHsR2MAADh-0mUAAAAO\";s:12:\"REDIRECT_URL\";s:17:\"/about/trackback/\";s:11:\"REMOTE_ADDR\";s:12:\"185.3.132.45\";s:11:\"REMOTE_PORT\";s:5:\"42894\";s:14:\"REQUEST_METHOD\";s:4:\"POST\";s:15:\"SCRIPT_FILENAME\";s:69:\"/home/cuipmar4/public_html/blogs/standalone-WPs/newscuipnet/index.php\";s:11:\"SCRIPT_NAME\";s:10:\"/index.php\";s:11:\"SERVER_ADDR\";s:14:\"174.127.110.33\";s:12:\"SERVER_ADMIN\";s:23:\"webmaster@web.cuip3.org\";s:11:\"SERVER_NAME\";s:12:\"web.cuip.net\";s:11:\"SERVER_PORT\";s:2:\"80\";s:15:\"SERVER_PROTOCOL\";s:8:\"HTTP/1.0\";s:16:\"SERVER_SIGNATURE\";s:0:\"\";s:9:\"UNIQUE_ID\";s:24:\"UUmcWtHsR2MAADh-0mUAAAAO\";s:8:\"PHP_SELF\";s:10:\"/index.php\";s:12:\"REQUEST_TIME\";s:10:\"1363778651\";s:4:\"argv\";s:0:\"\";s:4:\"argc\";s:1:\"0\";s:25:\"comment_post_modified_gmt\";s:19:\"2011-03-14 17:30:08\";}'),(777,349,'akismet_result','true'),(778,349,'akismet_history','a:4:{s:4:\"time\";d:1363888703.183361053466796875;s:7:\"message\";s:35:\"Akismet caught this comment as spam\";s:5:\"event\";s:10:\"check-spam\";s:4:\"user\";s:0:\"\";}'),(779,349,'akismet_as_submitted','a:53:{s:15:\"comment_post_ID\";i:2;s:14:\"comment_author\";s:27:\"danonjewellery.wetpaint.com\";s:20:\"comment_author_email\";s:0:\"\";s:18:\"comment_author_url\";s:35:\"http://danonjewellery.wetpaint.com/\";s:15:\"comment_content\";s:57:\"<strong>danonjewellery.wetpaint.com...</strong>\n\nAbout...\";s:12:\"comment_type\";s:9:\"trackback\";s:7:\"user_ip\";s:12:\"185.3.132.45\";s:10:\"user_agent\";s:10:\"PHP/5.2.10\";s:8:\"referrer\";s:35:\"http://danonjewellery.wetpaint.com/\";s:4:\"blog\";s:19:\"http://web.cuip.net\";s:9:\"blog_lang\";s:5:\"en_US\";s:12:\"blog_charset\";s:5:\"UTF-8\";s:9:\"permalink\";s:26:\"http://web.cuip.net/about/\";s:21:\"akismet_comment_nonce\";s:6:\"failed\";s:8:\"POST_url\";s:35:\"http://danonjewellery.wetpaint.com/\";s:10:\"POST_title\";s:27:\"danonjewellery.wetpaint.com\";s:14:\"POST_blog_name\";s:27:\"danonjewellery.wetpaint.com\";s:12:\"POST_excerpt\";s:5:\"About\";s:15:\"SERVER_SOFTWARE\";s:6:\"Apache\";s:11:\"REQUEST_URI\";s:17:\"/about/trackback/\";s:14:\"CONTENT_LENGTH\";s:3:\"133\";s:12:\"CONTENT_TYPE\";s:33:\"application/x-www-form-urlencoded\";s:13:\"DOCUMENT_ROOT\";s:59:\"/home/cuipmar4/public_html/blogs/standalone-WPs/newscuipnet\";s:17:\"GATEWAY_INTERFACE\";s:7:\"CGI/1.1\";s:11:\"HTTP_ACCEPT\";s:129:\"text/html, application/xml;q=0.9, application/xhtml+xml, image/png, image/webp, image/jpeg, image/gif, image/x-xbitmap, */*;q=0.1\";s:20:\"HTTP_ACCEPT_ENCODING\";s:13:\"gzip, deflate\";s:20:\"HTTP_ACCEPT_LANGUAGE\";s:2:\"en\";s:15:\"HTTP_CONNECTION\";s:10:\"Keep-Alive\";s:9:\"HTTP_HOST\";s:12:\"web.cuip.net\";s:12:\"HTTP_REFERER\";s:35:\"http://danonjewellery.wetpaint.com/\";s:15:\"HTTP_USER_AGENT\";s:10:\"PHP/5.2.10\";s:4:\"PATH\";s:13:\"/bin:/usr/bin\";s:12:\"QUERY_STRING\";s:0:\"\";s:15:\"REDIRECT_STATUS\";s:3:\"200\";s:18:\"REDIRECT_UNIQUE_ID\";s:24:\"UUtKPtHsR2MAD@n6T8oAAAAP\";s:12:\"REDIRECT_URL\";s:17:\"/about/trackback/\";s:11:\"REMOTE_ADDR\";s:12:\"185.3.132.45\";s:11:\"REMOTE_PORT\";s:5:\"39691\";s:14:\"REQUEST_METHOD\";s:4:\"POST\";s:15:\"SCRIPT_FILENAME\";s:69:\"/home/cuipmar4/public_html/blogs/standalone-WPs/newscuipnet/index.php\";s:11:\"SCRIPT_NAME\";s:10:\"/index.php\";s:11:\"SERVER_ADDR\";s:14:\"174.127.110.33\";s:12:\"SERVER_ADMIN\";s:23:\"webmaster@web.cuip3.org\";s:11:\"SERVER_NAME\";s:12:\"web.cuip.net\";s:11:\"SERVER_PORT\";s:2:\"80\";s:15:\"SERVER_PROTOCOL\";s:8:\"HTTP/1.0\";s:16:\"SERVER_SIGNATURE\";s:0:\"\";s:9:\"UNIQUE_ID\";s:24:\"UUtKPtHsR2MAD@n6T8oAAAAP\";s:8:\"PHP_SELF\";s:10:\"/index.php\";s:12:\"REQUEST_TIME\";s:10:\"1363888702\";s:4:\"argv\";s:0:\"\";s:4:\"argc\";s:1:\"0\";s:25:\"comment_post_modified_gmt\";s:19:\"2011-03-14 17:30:08\";}');

--
-- Table structure for table `wp_comments`
--

CREATE TABLE `wp_comments` (
  `comment_ID` bigint(20) unsigned NOT NULL AUTO_INCREMENT,
  `comment_post_ID` bigint(20) unsigned NOT NULL DEFAULT '0',
  `comment_author` tinytext NOT NULL,
  `comment_author_email` varchar(100) NOT NULL DEFAULT '',
  `comment_author_url` varchar(200) NOT NULL DEFAULT '',
  `comment_author_IP` varchar(100) NOT NULL DEFAULT '',
  `comment_date` datetime NOT NULL DEFAULT '0000-00-00 00:00:00',
  `comment_date_gmt` datetime NOT NULL DEFAULT '0000-00-00 00:00:00',
  `comment_content` text NOT NULL,
  `comment_karma` int(11) NOT NULL DEFAULT '0',
  `comment_approved` varchar(20) NOT NULL DEFAULT '1',
  `comment_agent` varchar(255) NOT NULL DEFAULT '',
  `comment_type` varchar(20) NOT NULL DEFAULT '',
  `comment_parent` bigint(20) unsigned NOT NULL DEFAULT '0',
  `user_id` bigint(20) unsigned NOT NULL DEFAULT '0',
  PRIMARY KEY (`comment_ID`),
  KEY `comment_post_ID` (`comment_post_ID`),
  KEY `comment_approved_date_gmt` (`comment_approved`,`comment_date_gmt`),
  KEY `comment_date_gmt` (`comment_date_gmt`),
  KEY `comment_parent` (`comment_parent`)
) ENGINE=MyISAM AUTO_INCREMENT=355 DEFAULT CHARSET=latin1;

--
-- Dumping data for table `wp_comments`
--

INSERT INTO `wp_comments` (`comment_ID`, `comment_post_ID`, `comment_author`, `comment_author_email`, `comment_author_url`, `comment_author_IP`, `comment_date`, `comment_date_gmt`, `comment_content`, `comment_karma`, `comment_approved`, `comment_agent`, `comment_type`, `comment_parent`, `user_id`) VALUES (328,2,'simply click the up coming website','','http://phillyclassics.com/MarianOld','94.242.237.129','2013-03-10 23:25:45','2013-03-11 04:25:45','<strong>simply click the up coming website...</strong>\n\nAbout...',0,'spam','PHP/5.2.10','trackback',0,0),(353,2,'facebook oldalak','','http://Www.Linksreddit.com/story.php?title=sdas-social-sparkle-net-spa-facebook-marketing','37.59.164.228','2013-03-24 21:06:47','2013-03-25 02:06:47','<strong>facebook oldalak...</strong>\n\nAbout...',0,'spam','PHP/5.2.10','trackback',0,0),(354,2,'xerox 8560 black','','http://www.eeudf.org/eeudf_si/mediawiki/index.php?title=History_Of_Colour_Copiers_Printers_Multifunction','91.108.177.179','2013-03-24 23:24:55','2013-03-25 04:24:55','<strong>xerox 8560 black...</strong>\n\nAbout...',0,'spam','PHP/5.2.10','trackback',0,0),(352,2,',cheap silver earrings uk','','http://webdetail.org/www.5dsmartstore.com','173.208.2.46','2013-03-24 18:56:49','2013-03-24 23:56:49','<strong>,cheap silver earrings uk...</strong>\n\nAbout...',0,'spam','PHP/5.2.10','trackback',0,0),(327,2,'film x streaming','','http://www.hiemstradesign.com','5.249.161.86','2013-03-10 15:20:10','2013-03-10 20:20:10','<strong>film x streaming...</strong>\n\nAbout...',0,'spam','PHP/5.2.10','trackback',0,0),(329,2,'slpa that','','http://slapthat177.com','23.29.125.203','2013-03-12 03:43:42','2013-03-12 08:43:42','<strong>victoria secret store coupons...</strong>\n\nMitch just surprised me with victoria secret coupons #GotMyselfAKeeper...',0,'spam','Mozilla/5.0 (X11; U; Linux i686; it-IT; rv:1.9.0.2) Gecko/2008092313 Ubuntu/9.25 (jaunty) Firefox/3.8','trackback',0,0),(340,2,'http://www.jamakbada.co.kr/home/2291','','http://www.jamakbada.co.kr/home/2291','192.119.151.105','2013-03-19 02:07:19','2013-03-19 07:07:19','<strong>http://www.jamakbada.co.kr/home/2291...</strong>\n\nAbout...',0,'spam','PHP/5.2.10','trackback',0,0),(348,2,'Pozycjonowanie stron www','','http://xann-internet-solutions.net','5.39.127.48','2013-03-21 04:58:12','2013-03-21 09:58:12','<strong>Pozycjonowanie stron www...</strong>\n\nAbout...',0,'spam','PHP/5.2.10','trackback',0,0),(350,2,'visit the up coming internet site','','http://www.squidoo.com/hultquist-jewellery-style-from-scandinavia','173.234.196.201','2013-03-22 03:52:33','2013-03-22 08:52:33','<strong>visit the up coming internet site...</strong>\n\nAbout...',0,'spam','PHP/5.2.10','trackback',0,0),(351,2,'visit the following post','','http://hosw0rmbve.soup.io/post/288625054/Should-I-Purchase-Costume-Jewellery','37.59.164.228','2013-03-23 03:50:48','2013-03-23 08:50:48','<strong>visit the following post...</strong>\n\nAbout...',0,'spam','PHP/5.2.10','trackback',0,0),(337,2,'xerox 8560 printer','','http://www.oceanholic.com/home/?mid=sub41','184.154.252.214','2013-03-18 01:56:12','2013-03-18 06:56:12','<strong>xerox 8560 printer...</strong>\n\nAbout...',0,'spam','PHP/5.2.10','trackback',0,0),(331,2,'click the following webpage','','http://elpoyo.com/?q=node/94968/','91.108.177.180','2013-03-13 13:54:33','2013-03-13 18:54:33','<strong>click the following webpage...</strong>\n\nAbout...',0,'spam','PHP/5.2.10','trackback',0,0),(332,2,'voyance en ligne','','','5.254.128.115','2013-03-13 19:44:35','2013-03-14 00:44:35','<strong>voyance en ligne...</strong>\n\nAbout...',0,'spam','PHP/5.2.10','trackback',0,0),(333,129,'Beryl','sduijek@gmail.com','http://community.socialenginemods.net/bl','218.104.72.98','2013-03-14 00:38:31','2013-03-14 05:38:31','This killing red bottoms became the mark connected with Christian Louboutin Shoes sales and made him blast out. I love their collections with designers, too,\" she says. Can be in behind. Included in the see of quite a bit, ladies high heel sandals for example Louboutin Pumps Sale will practically allways be numerous non obsolete models. court bottom,in the process of hammering Jeong, MA Wei Li,ferragamo women, Zhang Kai, the brain of the main aggression Jeong, and Jeong, died of brain injury namely really forward two <a href=\"http://www.get-bent.com.au/content/quand-louboutin-en-ligne-il-d%C3%A9cid%C3%A9-que-dune-seule-couleur-ne-peut\" rel=\"nofollow\">http://www.get-bent.com.au/content/quand-louboutin-en-ligne-il-d%C3%A9cid%C3%A9-que-dune-seule-couleur-ne-peut</a> and logged and Cao Zhijie Xu constitute the guilt of <a href=\"http://www.get-bent.com.au/content/quand-louboutin-en-ligne-il-d%C3%A9cid%C3%A9-que-dune-seule-couleur-ne-peut\" rel=\"nofollow\">http://www.get-bent.com.au/content/quand-louboutin-en-ligne-il-d%C3%A9cid%C3%A9-que-dune-seule-couleur-ne-peut</a> intentional injury, and Wang Xu annexed to cater more than 21,000 yuan forward recording constitute the crime of harboring In view of several folk surrendered,Over eighty home mama was the daughter refused to eat, the deceased was an athletic <a href=\"http://www.peps-photography.com/blog/node/220948\" rel=\"nofollow\">http://www.peps-photography.com/blog/node/220948</a> treatment and compensation for the detriment of a home of <a href=\"http://www.get-bent.com.au/content/leur-tr%C3%A8s-aqueux-tion-peut-lubrifier-la-escarpins-louboutin-transition-vers-la-phase\" rel=\"nofollow\">http://www.get-bent.com.au/content/leur-tr%C3%A8s-aqueux-tion-peut-lubrifier-la-escarpins-louboutin-transition-vers-la-phase</a> the deceased, which the Court logged a lighter sentence by Xu,Sudden decease of villagers aboard a trip organizers claim their families v., MA Wei Li,yves saint laurent boots, Zhang Kai,cheap timberlands boots, 13 years within prison, five years amid prison Cao Zhijie, Wang forward two years imprisonment,Owners amongst one intermediary dealer restrained, suspended for 2 years . [url=http://community.socialenginemods.net/blog_entry.php?user=cherry357&amp;blogentry_id=342580]Beryl[/url]',0,'spam','Mozilla/4.0 (compatible; MSIE 6.0; Windows NT 5.1; SV1; TencentTraveler ; Mozilla/4.0 (compatible; MSIE 6.0; Windows NT 5.1; SV1) ; .NET CLR 2.0.50727 ; .NET CLR 4.0.30319)','',0,0),(334,2,'epson t0715 ink cartridge multipack','','http://judges.cwars.ru/wiki/index.php?title=????????:BobbyWang','173.208.2.46','2013-03-15 10:55:23','2013-03-15 15:55:23','<strong>epson t0715 ink cartridge multipack...</strong>\n\nAbout...',0,'spam','PHP/5.2.10','trackback',0,0),(326,487,'nike free run','fqdaryjgg@gmail.com','http://www.udsalg-nikefree','199.15.234.114','2013-03-10 01:24:01','2013-03-10 07:24:01','In the traditional way; they ought to put our trousers in our UGG boots. As a consequence that UGG shoes which are full of stylish aspects. The UGGS boots will always make the best us connected with common sheepskin. They are usually ahead into some colors including white or pale. While it seemed that customers have interested in shoes which are complete with different colorful colors. [url=http://www.udsalg-nikefree]nike free run[/url]  <a href=\"http://www.udsalg-nikefree\" title=\"nike free run\" rel=\"nofollow\">nike free run</a>',0,'spam','Mozilla/4.0 (compatible; MSIE 6.0; Windows NT 5.1)','',0,0),(330,2,'how to make money online','','http://makemoneyonlinebyguru.com','187.63.3.239','2013-03-12 09:52:18','2013-03-12 14:52:18','<strong>how to make money online...</strong>\n\nAbout...',0,'spam','PHP/5.2.10','trackback',0,0),(335,483,'FASHIONTRENDS2012TheDuchessEffect,Pippa\'','yfltosfnq@gmail.com','http://atlblogs.com/rptut/archives/2003/','119.183.249.52','2013-03-16 01:11:39','2013-03-16 06:11:39','Cheers! It is perfect time to make some plans for the future and it is time to be happy. FASHION TRENDS 2012 The Duchess Effect, Pippa\'s Bu http://atlblogs.com/rptut/archives/2003/11/ttt-rotk-what-does-pete-j-have-to-say.html#comments',0,'spam','Mozilla/4.0 (compatible; MSIE 6.0; Windows NT 5.1)','',0,0),(336,2,'Learn Additional Here','','http://yingit.com/index.php?do=/profile-2459/info/','192.119.151.116','2013-03-16 13:30:53','2013-03-16 18:30:53','<strong>Learn Additional Here...</strong>\n\nAbout...',0,'spam','PHP/5.2.10','trackback',0,0),(338,2,'slpa that','','http://slapthat5.com','99.198.125.123','2013-03-18 03:58:09','2013-03-18 08:58:09','<strong>victoria secret outlet online...</strong>\n\nGet my swimsuit from victorias secret and they send a magazine and a coupon with it. There goes the rest of my money......',0,'spam','Mozilla/5.0 (Windows; U; Windows NT 5.1; en-US; rv:1.9.0.14) Gecko/2009082707 Firefox/3.0.14 (.NET CLR 3.5.30729)','trackback',0,0),(339,5,'Best Deals Hotel Save Up To 75% Off','','http://www.agoda.com?CID=1568156','118.101.88.171','2013-03-18 23:57:15','2013-03-19 04:57:15','<strong>Best Deals Hotel Save Up To 75% Off...</strong>\n\nStaff...',0,'spam','PHP/5.2.10','trackback',0,0),(341,5,'how to make money online','','http://makemoneyonlinebyguru.com','120.203.214.182','2013-03-19 02:36:58','2013-03-19 07:36:58','<strong>how to make money online...</strong>\n\nStaff...',0,'spam','PHP/5.2.10','trackback',0,0),(342,2,'Continue','','http://nauki:V5pBT3zuLD@hayart.net/404error.php','178.33.154.135','2013-03-19 15:14:48','2013-03-19 20:14:48','<strong>Continue...</strong>\n\nAbout...',0,'spam','PHP/5.2.10','trackback',0,0),(343,5,'monavie','','http://www.lazymanandmoney.com','199.83.212.121','2013-03-19 18:07:50','2013-03-19 23:07:50','<strong>monavie...</strong>\n\nStaff...',0,'spam','PHP/5.2.10','trackback',0,0),(344,2,'sign up face book','','http://kristen-b.net.dedicatedornot.com/','91.108.177.179','2013-03-19 21:56:36','2013-03-20 02:56:36','<strong>sign up face book...</strong>\n\nAbout...',0,'spam','PHP/5.2.10','trackback',0,0),(345,2,'More suggestions','','http://web1.fairfield-h.schools.nsw.edu.au/moodle/user/profile.php?id=19936','149.255.111.63','2013-03-20 01:41:43','2013-03-20 06:41:43','<strong>More suggestions...</strong>\n\nAbout...',0,'spam','PHP/5.2.10','trackback',0,0),(346,2,'Full Content','','http://student.msi.vxu.se/mediawiki/index.php?title=Användare:ScarlettH','173.208.2.61','2013-03-20 02:29:36','2013-03-20 07:29:36','<strong>Full Content...</strong>\n\nAbout...',0,'spam','PHP/5.2.10','trackback',0,0),(347,2,'pilgrim jewellery denmark','','http://ali2s3nhbo.jigsy.com/entries/general/jewelry29','185.3.132.45','2013-03-20 06:24:11','2013-03-20 11:24:11','<strong>pilgrim jewellery denmark...</strong>\n\nAbout...',0,'spam','PHP/5.2.10','trackback',0,0),(349,2,'danonjewellery.wetpaint.com','','http://danonjewellery.wetpaint.com/','185.3.132.45','2013-03-21 12:58:23','2013-03-21 17:58:23','<strong>danonjewellery.wetpaint.com...</strong>\n\nAbout...',0,'spam','PHP/5.2.10','trackback',0,0);

--
-- Table structure for table `wp_custom_headers`
--

CREATE TABLE `wp_custom_headers` (
  `id` mediumint(9) NOT NULL AUTO_INCREMENT,
  `post_id` bigint(11) NOT NULL DEFAULT '0',
  `url` varchar(255) NOT NULL,
  `header_type` varchar(255) NOT NULL,
  `filetype` varchar(255) NOT NULL,
  UNIQUE KEY `id` (`id`)
) ENGINE=MyISAM DEFAULT CHARSET=latin1;

--
-- Dumping data for table `wp_custom_headers`
--


--
-- Table structure for table `wp_eventscalendar_main`
--

CREATE TABLE `wp_eventscalendar_main` (
  `id` mediumint(9) NOT NULL AUTO_INCREMENT,
  `eventTitle` varchar(255) CHARACTER SET utf8 NOT NULL,
  `eventDescription` text CHARACTER SET utf8 NOT NULL,
  `eventLocation` varchar(255) CHARACTER SET utf8 DEFAULT NULL,
  `eventLinkout` varchar(255) CHARACTER SET utf8 DEFAULT NULL,
  `eventStartDate` date NOT NULL,
  `eventStartTime` time DEFAULT NULL,
  `eventEndDate` date NOT NULL,
  `eventEndTime` time DEFAULT NULL,
  `accessLevel` varchar(255) CHARACTER SET utf8 NOT NULL DEFAULT 'public',
  `postID` mediumint(9) DEFAULT NULL,
  PRIMARY KEY (`id`)
) ENGINE=MyISAM AUTO_INCREMENT=2 DEFAULT CHARSET=latin1;

--
-- Dumping data for table `wp_eventscalendar_main`
--

INSERT INTO `wp_eventscalendar_main` (`id`, `eventTitle`, `eventDescription`, `eventLocation`, `eventLinkout`, `eventStartDate`, `eventStartTime`, `eventEndDate`, `eventEndTime`, `accessLevel`, `postID`) VALUES (1,'Education:  Paul Tough','Paul Tough: What Would It Take? Replicating the Harlem\r\nChildren’s Zone Model in Chicago\r\n\r\nPlease RSVP to agikas@luc.edu as space is limited.\r\n','LoyolaSchoolofLaw25E.Pearson,10thFloor|',NULL,'2010-02-25','15:30:00','2010-02-25','17:00:00','public',NULL);

--
-- Table structure for table `wp_frm_fields`
--

CREATE TABLE `wp_frm_fields` (
  `id` int(11) NOT NULL AUTO_INCREMENT,
  `field_key` varchar(255) DEFAULT NULL,
  `name` text,
  `description` text,
  `type` text,
  `default_value` longtext,
  `options` longtext,
  `field_order` int(11) DEFAULT '0',
  `required` int(1) DEFAULT NULL,
  `field_options` longtext,
  `form_id` int(11) DEFAULT NULL,
  `created_at` datetime NOT NULL,
  PRIMARY KEY (`id`),
  UNIQUE KEY `field_key` (`field_key`),
  KEY `form_id` (`form_id`)
) ENGINE=MyISAM AUTO_INCREMENT=46 DEFAULT CHARSET=utf8;

--
-- Dumping data for table `wp_frm_fields`
--

INSERT INTO `wp_frm_fields` (`id`, `field_key`, `name`, `description`, `type`, `default_value`, `options`, `field_order`, `required`, `field_options`, `form_id`, `created_at`) VALUES (45,'jfwyrj','Captcha','','captcha','','',7,0,'a:11:{s:4:\"size\";s:0:\"\";s:3:\"max\";s:0:\"\";s:5:\"label\";s:4:\"none\";s:5:\"blank\";s:0:\"\";s:18:\"required_indicator\";s:1:\"*\";s:7:\"invalid\";s:0:\"\";s:14:\"separate_value\";i:0;s:14:\"clear_on_focus\";i:0;s:13:\"default_blank\";i:0;s:7:\"classes\";s:0:\"\";s:11:\"custom_html\";s:388:\"<div id=\"frm_field_[id]_container\" class=\"frm_form_field form-field [required_class][error_class]\">\n    <label class=\"frm_primary_label\">[field_name]\n        <span class=\"frm_required\">[required_label]</span>\n    </label>\n    [input]\n    [if description]<div class=\"frm_description\">[description]</div>[/if description]\n    [if error]<div class=\"frm_error\">[error]</div>[/if error]\n</div>\";}',1,'2012-10-08 17:00:27'),(44,'xh0eft','Message','','textarea','','',6,1,'a:11:{s:4:\"size\";s:0:\"\";s:3:\"max\";s:1:\"5\";s:5:\"label\";s:0:\"\";s:5:\"blank\";s:0:\"\";s:18:\"required_indicator\";s:1:\"*\";s:7:\"invalid\";s:0:\"\";s:14:\"separate_value\";i:0;s:14:\"clear_on_focus\";i:0;s:13:\"default_blank\";i:0;s:7:\"classes\";s:8:\"frm_full\";s:11:\"custom_html\";s:388:\"<div id=\"frm_field_[id]_container\" class=\"frm_form_field form-field [required_class][error_class]\">\n    <label class=\"frm_primary_label\">[field_name]\n        <span class=\"frm_required\">[required_label]</span>\n    </label>\n    [input]\n    [if description]<div class=\"frm_description\">[description]</div>[/if description]\n    [if error]<div class=\"frm_error\">[error]</div>[/if error]\n</div>\";}',1,'2012-10-08 17:00:27'),(43,'sdnhir','Subject','','text','','',5,1,'a:11:{s:4:\"size\";s:0:\"\";s:3:\"max\";s:0:\"\";s:5:\"label\";s:0:\"\";s:5:\"blank\";s:0:\"\";s:18:\"required_indicator\";s:1:\"*\";s:7:\"invalid\";s:0:\"\";s:14:\"separate_value\";i:0;s:14:\"clear_on_focus\";i:0;s:13:\"default_blank\";i:0;s:7:\"classes\";s:8:\"frm_full\";s:11:\"custom_html\";s:388:\"<div id=\"frm_field_[id]_container\" class=\"frm_form_field form-field [required_class][error_class]\">\n    <label class=\"frm_primary_label\">[field_name]\n        <span class=\"frm_required\">[required_label]</span>\n    </label>\n    [input]\n    [if description]<div class=\"frm_description\">[description]</div>[/if description]\n    [if error]<div class=\"frm_error\">[error]</div>[/if error]\n</div>\";}',1,'2012-10-08 17:00:27'),(42,'bsdmqa','Website','','url','','',4,0,'a:11:{s:4:\"size\";s:0:\"\";s:3:\"max\";s:0:\"\";s:5:\"label\";s:0:\"\";s:5:\"blank\";s:0:\"\";s:18:\"required_indicator\";s:1:\"*\";s:7:\"invalid\";s:28:\"Please enter a valid website\";s:14:\"separate_value\";i:0;s:14:\"clear_on_focus\";i:0;s:13:\"default_blank\";i:0;s:7:\"classes\";s:8:\"frm_full\";s:11:\"custom_html\";s:388:\"<div id=\"frm_field_[id]_container\" class=\"frm_form_field form-field [required_class][error_class]\">\n    <label class=\"frm_primary_label\">[field_name]\n        <span class=\"frm_required\">[required_label]</span>\n    </label>\n    [input]\n    [if description]<div class=\"frm_description\">[description]</div>[/if description]\n    [if error]<div class=\"frm_error\">[error]</div>[/if error]\n</div>\";}',1,'2012-10-08 17:00:27'),(41,'1tajm9','Email','','email','','',3,1,'a:11:{s:4:\"size\";s:0:\"\";s:3:\"max\";s:0:\"\";s:5:\"label\";s:0:\"\";s:5:\"blank\";s:0:\"\";s:18:\"required_indicator\";s:1:\"*\";s:7:\"invalid\";s:34:\"Please enter a valid email address\";s:14:\"separate_value\";i:0;s:14:\"clear_on_focus\";i:0;s:13:\"default_blank\";i:0;s:7:\"classes\";s:8:\"frm_full\";s:11:\"custom_html\";s:388:\"<div id=\"frm_field_[id]_container\" class=\"frm_form_field form-field [required_class][error_class]\">\n    <label class=\"frm_primary_label\">[field_name]\n        <span class=\"frm_required\">[required_label]</span>\n    </label>\n    [input]\n    [if description]<div class=\"frm_description\">[description]</div>[/if description]\n    [if error]<div class=\"frm_error\">[error]</div>[/if error]\n</div>\";}',1,'2012-10-08 17:00:27'),(7,'5us72q','Name','','text','','',1,1,'a:9:{s:4:\"size\";s:0:\"\";s:3:\"max\";s:0:\"\";s:5:\"label\";s:3:\"top\";s:18:\"required_indicator\";s:1:\"*\";s:14:\"clear_on_focus\";i:0;s:11:\"custom_html\";s:327:\"<div id=\\\"frm_field_[id]_container\\\" class=\\\"form-field [required_class] [error_class]\\\">\r\n    <label class=\\\"frm_pos_[label_position]\\\">[field_name]\r\n        <span class=\\\"frm_required\\\">[required_label]</span>\r\n    </label>\r\n    [input]\r\n    [if description]<p class=\\\"description\\\">[description]</p>[/if description]\r\n</div>\";s:13:\"default_blank\";i:0;s:5:\"blank\";s:20:\"Name cannot be blank\";s:7:\"invalid\";s:0:\"\";}',2,'2010-02-19 19:24:03'),(8,'u2n8tg','Email','','email','','',2,1,'a:9:{s:4:\"size\";s:0:\"\";s:3:\"max\";s:0:\"\";s:5:\"label\";s:3:\"top\";s:18:\"required_indicator\";s:1:\"*\";s:14:\"clear_on_focus\";i:0;s:11:\"custom_html\";s:327:\"<div id=\\\"frm_field_[id]_container\\\" class=\\\"form-field [required_class] [error_class]\\\">\r\n    <label class=\\\"frm_pos_[label_position]\\\">[field_name]\r\n        <span class=\\\"frm_required\\\">[required_label]</span>\r\n    </label>\r\n    [input]\r\n    [if description]<p class=\\\"description\\\">[description]</p>[/if description]\r\n</div>\";s:13:\"default_blank\";i:0;s:5:\"blank\";s:21:\"Email cannot be blank\";s:7:\"invalid\";s:0:\"\";}',2,'2010-02-19 19:24:03'),(9,'6dtfhz','Website','','website','','',3,0,'a:9:{s:4:\"size\";s:0:\"\";s:3:\"max\";s:0:\"\";s:5:\"label\";s:3:\"top\";s:18:\"required_indicator\";s:1:\"*\";s:14:\"clear_on_focus\";i:0;s:11:\"custom_html\";s:327:\"<div id=\\\"frm_field_[id]_container\\\" class=\\\"form-field [required_class] [error_class]\\\">\r\n    <label class=\\\"frm_pos_[label_position]\\\">[field_name]\r\n        <span class=\\\"frm_required\\\">[required_label]</span>\r\n    </label>\r\n    [input]\r\n    [if description]<p class=\\\"description\\\">[description]</p>[/if description]\r\n</div>\";s:13:\"default_blank\";i:0;s:5:\"blank\";s:23:\"Website cannot be blank\";s:7:\"invalid\";s:0:\"\";}',2,'2010-02-19 19:24:03'),(10,'1ipvnd','Subject','','text','','',4,1,'a:9:{s:4:\"size\";s:0:\"\";s:3:\"max\";s:0:\"\";s:5:\"label\";s:3:\"top\";s:18:\"required_indicator\";s:1:\"*\";s:14:\"clear_on_focus\";i:0;s:11:\"custom_html\";s:327:\"<div id=\\\"frm_field_[id]_container\\\" class=\\\"form-field [required_class] [error_class]\\\">\r\n    <label class=\\\"frm_pos_[label_position]\\\">[field_name]\r\n        <span class=\\\"frm_required\\\">[required_label]</span>\r\n    </label>\r\n    [input]\r\n    [if description]<p class=\\\"description\\\">[description]</p>[/if description]\r\n</div>\";s:13:\"default_blank\";i:0;s:5:\"blank\";s:23:\"Subject cannot be blank\";s:7:\"invalid\";s:0:\"\";}',2,'2010-02-19 19:24:03'),(11,'cjsn3p','Message','','textarea','','',5,1,'a:9:{s:4:\"size\";s:2:\"45\";s:3:\"max\";s:1:\"5\";s:5:\"label\";s:3:\"top\";s:18:\"required_indicator\";s:1:\"*\";s:14:\"clear_on_focus\";i:0;s:11:\"custom_html\";s:327:\"<div id=\\\"frm_field_[id]_container\\\" class=\\\"form-field [required_class] [error_class]\\\">\r\n    <label class=\\\"frm_pos_[label_position]\\\">[field_name]\r\n        <span class=\\\"frm_required\\\">[required_label]</span>\r\n    </label>\r\n    [input]\r\n    [if description]<p class=\\\"description\\\">[description]</p>[/if description]\r\n</div>\";s:13:\"default_blank\";i:0;s:5:\"blank\";s:23:\"Message cannot be blank\";s:7:\"invalid\";s:0:\"\";}',2,'2010-02-19 19:24:03'),(12,'awz389','Captcha','','captcha','1','',6,0,'a:9:{s:4:\"size\";s:0:\"\";s:3:\"max\";s:0:\"\";s:5:\"label\";s:4:\"none\";s:18:\"required_indicator\";s:0:\"\";s:14:\"clear_on_focus\";i:0;s:11:\"custom_html\";s:327:\"<div id=\\\"frm_field_[id]_container\\\" class=\\\"form-field [required_class] [error_class]\\\">\r\n    <label class=\\\"frm_pos_[label_position]\\\">[field_name]\r\n        <span class=\\\"frm_required\\\">[required_label]</span>\r\n    </label>\r\n    [input]\r\n    [if description]<p class=\\\"description\\\">[description]</p>[/if description]\r\n</div>\";s:13:\"default_blank\";i:0;s:7:\"invalid\";s:0:\"\";s:5:\"blank\";s:0:\"\";}',2,'2010-02-19 19:24:03'),(40,'f5mrkh','Last','Last','text','','',2,1,'a:11:{s:4:\"size\";s:0:\"\";s:3:\"max\";s:0:\"\";s:5:\"label\";s:6:\"hidden\";s:5:\"blank\";s:0:\"\";s:18:\"required_indicator\";s:1:\"*\";s:7:\"invalid\";s:0:\"\";s:14:\"separate_value\";i:0;s:14:\"clear_on_focus\";i:0;s:13:\"default_blank\";i:0;s:7:\"classes\";s:14:\"frm_right_half\";s:11:\"custom_html\";s:388:\"<div id=\"frm_field_[id]_container\" class=\"frm_form_field form-field [required_class][error_class]\">\n    <label class=\"frm_primary_label\">[field_name]\n        <span class=\"frm_required\">[required_label]</span>\n    </label>\n    [input]\n    [if description]<div class=\"frm_description\">[description]</div>[/if description]\n    [if error]<div class=\"frm_error\">[error]</div>[/if error]\n</div>\";}',1,'2012-10-08 17:00:27'),(39,'tn72t8','Name','First','text','','',1,1,'a:11:{s:4:\"size\";s:0:\"\";s:3:\"max\";s:0:\"\";s:5:\"label\";s:0:\"\";s:5:\"blank\";s:0:\"\";s:18:\"required_indicator\";s:1:\"*\";s:7:\"invalid\";s:0:\"\";s:14:\"separate_value\";i:0;s:14:\"clear_on_focus\";i:0;s:13:\"default_blank\";i:0;s:7:\"classes\";s:13:\"frm_left_half\";s:11:\"custom_html\";s:388:\"<div id=\"frm_field_[id]_container\" class=\"frm_form_field form-field [required_class][error_class]\">\n    <label class=\"frm_primary_label\">[field_name]\n        <span class=\"frm_required\">[required_label]</span>\n    </label>\n    [input]\n    [if description]<div class=\"frm_description\">[description]</div>[/if description]\n    [if error]<div class=\"frm_error\">[error]</div>[/if error]\n</div>\";}',1,'2012-10-08 17:00:26');

--
-- Table structure for table `wp_frm_forms`
--

CREATE TABLE `wp_frm_forms` (
  `id` int(11) NOT NULL AUTO_INCREMENT,
  `form_key` varchar(255) DEFAULT NULL,
  `name` varchar(255) DEFAULT NULL,
  `description` text,
  `logged_in` tinyint(1) DEFAULT NULL,
  `editable` tinyint(1) DEFAULT NULL,
  `is_template` tinyint(1) DEFAULT '0',
  `default_template` tinyint(1) DEFAULT '0',
  `status` varchar(255) DEFAULT NULL,
  `prli_link_id` int(11) DEFAULT NULL,
  `options` longtext,
  `created_at` datetime NOT NULL,
  `notifications` longtext,
  PRIMARY KEY (`id`),
  UNIQUE KEY `form_key` (`form_key`)
) ENGINE=MyISAM AUTO_INCREMENT=3 DEFAULT CHARSET=utf8;

--
-- Dumping data for table `wp_frm_forms`
--

INSERT INTO `wp_frm_forms` (`id`, `form_key`, `name`, `description`, `logged_in`, `editable`, `is_template`, `default_template`, `status`, `prli_link_id`, `options`, `created_at`, `notifications`) VALUES (1,'contact','Contact Us','We would like to hear from you. Please send us a message by filling out the form below and we will get back with you shortly.',NULL,NULL,1,1,'published',0,'a:12:{s:8:\"email_to\";s:13:\"shaz@cuip.net\";s:8:\"reply_to\";s:0:\"\";s:13:\"reply_to_name\";s:0:\"\";s:12:\"submit_value\";s:6:\"Submit\";s:14:\"success_action\";s:7:\"message\";s:11:\"success_msg\";s:54:\"Your responses were successfully submitted. Thank you!\";s:9:\"show_form\";i:0;s:7:\"akismet\";s:0:\"\";s:7:\"no_save\";i:0;s:12:\"custom_style\";i:1;s:11:\"before_html\";s:146:\"[if form_name]<h3>[form_name]</h3>[/if form_name]\n[if form_description]<div class=\"frm_description\">[form_description]</div>[/if form_description]\";s:10:\"after_html\";s:0:\"\";}','2010-02-19 19:23:39',NULL),(2,'xz9n1y','Contact CUIP','We would like to hear from you. Please send us a message by filling out the form below and we will get back to you shortly.',0,0,0,0,'published',NULL,'a:7:{s:8:\"email_to\";s:13:\"help@cuip.net\";s:12:\"submit_value\";s:6:\"Submit\";s:11:\"success_msg\";s:37:\"Thanks!  We\\\'ll get back to you ASAP.\";s:7:\"akismet\";i:1;s:12:\"custom_style\";i:1;s:11:\"before_html\";s:145:\"[if form_name]<h3>[form_name]</h3>[/if form_name]\r\n[if form_description]<p class=\\\"frm_description\\\">[form_description]</p>[/if form_description]\";s:10:\"after_html\";s:0:\"\";}','2010-02-19 19:24:03',NULL);

--
-- Table structure for table `wp_frm_item_metas`
--

CREATE TABLE `wp_frm_item_metas` (
  `id` int(11) NOT NULL AUTO_INCREMENT,
  `meta_key` varchar(255) DEFAULT NULL,
  `meta_value` longtext,
  `field_id` int(11) NOT NULL,
  `item_id` int(11) NOT NULL,
  `created_at` datetime NOT NULL,
  PRIMARY KEY (`id`),
  KEY `field_id` (`field_id`),
  KEY `item_id` (`item_id`)
) ENGINE=MyISAM AUTO_INCREMENT=590 DEFAULT CHARSET=utf8;

--
-- Dumping data for table `wp_frm_item_metas`
--

INSERT INTO `wp_frm_item_metas` (`id`, `meta_key`, `meta_value`, `field_id`, `item_id`, `created_at`) VALUES (1,'5us72q','SR',7,1,'2010-02-19 19:28:13'),(2,'u2n8tg','shaz@uchicago.edu',8,1,'2010-02-19 19:28:13'),(3,'6dtfhz','http://istillreadbooks.wordpress.com',9,1,'2010-02-19 19:28:13'),(4,'1ipvnd','test',10,1,'2010-02-19 19:28:13'),(5,'cjsn3p','test, where does this go?',11,1,'2010-02-19 19:28:13'),(6,'5us72q','Jaime Jack',7,2,'2010-06-18 07:07:13'),(7,'u2n8tg','jackwalkerdo@gmail.com',8,2,'2010-06-18 07:07:13'),(8,'1ipvnd','Marketing suggestion for your website',10,2,'2010-06-18 07:07:13'),(9,'cjsn3p','We noticed that you are not at the top of the search engines for a number of your key terms. We have helped companies similar to yours to achieve top organic rankings. Please reply to this message and we will prepare a special proposal for you, to show you how we can achieve similar results for you.',11,2,'2010-06-18 07:07:13'),(10,NULL,'fdkyoc@ehsiox.com',7,3,'2010-10-01 17:59:13'),(11,NULL,'fdkyoc@ehsiox.com',8,3,'2010-10-01 17:59:13'),(12,NULL,'fdkyoc@ehsiox.com',9,3,'2010-10-01 17:59:13'),(13,NULL,'fdkyoc@ehsiox.com',10,3,'2010-10-01 17:59:13'),(14,NULL,'AbACyW  <a href=\\\"http://owfroepwmtwm.com/\\\">owfroepwmtwm</a>, [url=http://wnczbzmifkez.com/]wnczbzmifkez[/url], [link=http://merwrsdfrdyb.com/]merwrsdfrdyb[/link], http://mbnyfjzhcroi.com/',11,3,'2010-10-01 17:59:13'),(15,NULL,'waspdj@turhhh.com',7,4,'2010-10-02 22:02:54'),(16,NULL,'waspdj@turhhh.com',8,4,'2010-10-02 22:02:54'),(17,NULL,'waspdj@turhhh.com',9,4,'2010-10-02 22:02:54'),(18,NULL,'waspdj@turhhh.com',10,4,'2010-10-02 22:02:54'),(19,NULL,'uGwtXp  <a href=\\\"http://ttjzbtjrhjsq.com/\\\">ttjzbtjrhjsq</a>, [url=http://tsedhbyvdcnj.com/]tsedhbyvdcnj[/url], [link=http://utwwfillhjqq.com/]utwwfillhjqq[/link], http://umlvsamboevi.com/',11,4,'2010-10-02 22:02:54'),(20,NULL,'bnvjkg@ygmlgc.com',7,5,'2010-10-17 19:13:15'),(21,NULL,'bnvjkg@ygmlgc.com',8,5,'2010-10-17 19:13:15'),(22,NULL,'bnvjkg@ygmlgc.com',9,5,'2010-10-17 19:13:15'),(23,NULL,'bnvjkg@ygmlgc.com',10,5,'2010-10-17 19:13:15'),(24,NULL,'nR9V1r  <a href=\\\"http://dgpayofwmcki.com/\\\">dgpayofwmcki</a>, [url=http://iwxcrngyydyv.com/]iwxcrngyydyv[/url], [link=http://wvkiccbkdngc.com/]wvkiccbkdngc[/link], http://hlgktohkbbsf.com/',11,5,'2010-10-17 19:13:15'),(25,NULL,'lofzol@flaojm.com',7,6,'2010-10-19 15:18:29'),(26,NULL,'lofzol@flaojm.com',8,6,'2010-10-19 15:18:29'),(27,NULL,'lofzol@flaojm.com',9,6,'2010-10-19 15:18:29'),(28,NULL,'lofzol@flaojm.com',10,6,'2010-10-19 15:18:29'),(29,NULL,'pwthsg  <a href=\\\"http://ibpwjvuqfpst.com/\\\">ibpwjvuqfpst</a>, [url=http://xdekugptqygv.com/]xdekugptqygv[/url], [link=http://wykeholqvlka.com/]wykeholqvlka[/link], http://dcqrizmohwsp.com/',11,6,'2010-10-19 15:18:29'),(30,NULL,'wqrlbc@cirahd.com',7,7,'2010-10-23 21:19:53'),(31,NULL,'wqrlbc@cirahd.com',8,7,'2010-10-23 21:19:53'),(32,NULL,'wqrlbc@cirahd.com',9,7,'2010-10-23 21:19:53'),(33,NULL,'wqrlbc@cirahd.com',10,7,'2010-10-23 21:19:53'),(34,NULL,'YewvXo  <a href=\\\"http://rwfuiulunpwo.com/\\\">rwfuiulunpwo</a>, [url=http://vmyuwvtqtqwu.com/]vmyuwvtqtqwu[/url], [link=http://hreqwtgqfivw.com/]hreqwtgqfivw[/link], http://mlhyreviuggn.com/',11,7,'2010-10-23 21:19:53'),(35,NULL,'atcpsr@ylbtji.com',7,8,'2010-10-24 20:47:07'),(36,NULL,'atcpsr@ylbtji.com',8,8,'2010-10-24 20:47:07'),(37,NULL,'atcpsr@ylbtji.com',9,8,'2010-10-24 20:47:07'),(38,NULL,'atcpsr@ylbtji.com',10,8,'2010-10-24 20:47:07'),(39,NULL,'Z1fGjw  <a href=\\\"http://fhxvnuocdjef.com/\\\">fhxvnuocdjef</a>, [url=http://ztexbzcwlwlj.com/]ztexbzcwlwlj[/url], [link=http://yesicymctpif.com/]yesicymctpif[/link], http://toyqrfyyiacl.com/',11,8,'2010-10-24 20:47:07'),(40,NULL,'mhyjln@eflyui.com',7,9,'2010-10-24 21:57:43'),(41,NULL,'mhyjln@eflyui.com',8,9,'2010-10-24 21:57:43'),(42,NULL,'mhyjln@eflyui.com',9,9,'2010-10-24 21:57:43'),(43,NULL,'mhyjln@eflyui.com',10,9,'2010-10-24 21:57:43'),(44,NULL,'nyX17I  <a href=\\\"http://ojfvolxruwip.com/\\\">ojfvolxruwip</a>, [url=http://yttbyunoxhup.com/]yttbyunoxhup[/url], [link=http://upivzddpluna.com/]upivzddpluna[/link], http://njsdoxtwsmbz.com/',11,9,'2010-10-24 21:57:43'),(45,NULL,'Gregory Gulik',7,10,'2010-11-24 16:57:32'),(46,NULL,'ggulik@reachmail.com',8,10,'2010-11-24 16:57:32'),(47,NULL,'Have some equipment to donate',10,10,'2010-11-24 16:57:32'),(48,NULL,'We occasionally take some very functional but dated equipment out of service.  I\\\'d like try to donate it to an organization that could find it useful rather than just throwing it away.\r\n\r\nI currently have a Dell PowerEdge 1850 and PowerVault 220S that are no longer needed.',11,10,'2010-11-24 16:57:33'),(49,NULL,'GzYxBsWzRt',7,11,'2011-01-08 15:39:35'),(50,NULL,'AOrsqorFmQD',8,11,'2011-01-08 15:39:35'),(51,NULL,'yySHtheVA',9,11,'2011-01-08 15:39:35'),(52,NULL,'mtTgEGiH',10,11,'2011-01-08 15:39:35'),(53,NULL,'PDx9xE  <a href=\\\"http://tniwylvyaaik.com/\\\">tniwylvyaaik</a>, [url=http://vfhrkbpbppfu.com/]vfhrkbpbppfu[/url], [link=http://xoekpwmwzzzn.com/]xoekpwmwzzzn[/link], http://zdvreoadunqm.com/',11,11,'2011-01-08 15:39:35'),(54,NULL,'tYkJVWCaXwYgGWHa',7,12,'2011-01-08 19:18:59'),(55,NULL,'eUWUFswe',8,12,'2011-01-08 19:18:59'),(56,NULL,'zfpcyKDEPPBHVgltQB',9,12,'2011-01-08 19:18:59'),(57,NULL,'xRISZUXKUwhWZnJJIN',10,12,'2011-01-08 19:18:59'),(58,NULL,'6mu36T  <a href=\\\"http://esujnpmrzdbx.com/\\\">esujnpmrzdbx</a>, [url=http://btjicxljipkd.com/]btjicxljipkd[/url], [link=http://lflkwroisuen.com/]lflkwroisuen[/link], http://kbchcgyxspml.com/',11,12,'2011-01-08 19:18:59'),(59,NULL,'oBWKhkdFwIxOUbum',7,13,'2011-01-08 23:01:29'),(60,NULL,'fVKjQRyRwEMKVeIX',8,13,'2011-01-08 23:01:29'),(61,NULL,'qTUZBTtniYGwFsmfPiO',9,13,'2011-01-08 23:01:29'),(62,NULL,'iRdjAthmQLtkzLsFM',10,13,'2011-01-08 23:01:29'),(63,NULL,'sGZNag  <a href=\\\"http://locdncvctxkr.com/\\\">locdncvctxkr</a>, [url=http://ueueujrbhplm.com/]ueueujrbhplm[/url], [link=http://tytywvvcspjd.com/]tytywvvcspjd[/link], http://mcwlhmmuoryv.com/',11,13,'2011-01-08 23:01:29'),(64,NULL,'aPuBFgHOh',7,14,'2011-01-09 00:43:31'),(65,NULL,'VJpGyIOoABPvNsZaL',8,14,'2011-01-09 00:43:31'),(66,NULL,'ucgDipcaQARqc',9,14,'2011-01-09 00:43:31'),(67,NULL,'tkSbbgIXNPs',10,14,'2011-01-09 00:43:31'),(68,NULL,'TFM29F  <a href=\\\"http://bzuwhbamlhec.com/\\\">bzuwhbamlhec</a>, [url=http://hxvtkgsxbppg.com/]hxvtkgsxbppg[/url], [link=http://yrzcaasqslqd.com/]yrzcaasqslqd[/link], http://ywrjgygdyjll.com/',11,14,'2011-01-09 00:43:31'),(69,NULL,'xwBzfGINEbflTJDPwc',7,15,'2011-01-09 02:05:34'),(70,NULL,'pJoGWViopqbY',8,15,'2011-01-09 02:05:34'),(71,NULL,'rAsvmOFSSHrHrxEUKE',9,15,'2011-01-09 02:05:34'),(72,NULL,'BBfPcKUar',10,15,'2011-01-09 02:05:34'),(73,NULL,'XuYDGC  <a href=\\\"http://huqxgxzrxvzq.com/\\\">huqxgxzrxvzq</a>, [url=http://uqjggplbazij.com/]uqjggplbazij[/url], [link=http://lisgjfzbfgrr.com/]lisgjfzbfgrr[/link], http://yornxwnwsdpi.com/',11,15,'2011-01-09 02:05:34'),(74,NULL,'RDkGtCynJZxR',7,16,'2011-01-09 03:36:11'),(75,NULL,'JRwDRSkNuOCCQePn',8,16,'2011-01-09 03:36:11'),(76,NULL,'XIPwQiCBCxkprtRsN',9,16,'2011-01-09 03:36:11'),(77,NULL,'FqqWnonGmo',10,16,'2011-01-09 03:36:11'),(78,NULL,'SddYQS  <a href=\\\"http://nrbqczuzejcu.com/\\\">nrbqczuzejcu</a>, [url=http://ibqjlujsnzhr.com/]ibqjlujsnzhr[/url], [link=http://kwvwrjxevzng.com/]kwvwrjxevzng[/link], http://mreocnmsviok.com/',11,16,'2011-01-09 03:36:11'),(79,NULL,'xlqxmi@ctbulc.com',7,17,'2011-01-26 18:38:36'),(80,NULL,'xlqxmi@ctbulc.com',8,17,'2011-01-26 18:38:36'),(81,NULL,'xlqxmi@ctbulc.com',9,17,'2011-01-26 18:38:36'),(82,NULL,'xlqxmi@ctbulc.com',10,17,'2011-01-26 18:38:37'),(83,NULL,'5w8e11  <a href=\\\"http://phbjsylwvokf.com/\\\">phbjsylwvokf</a>, [url=http://fnrwcepaxboi.com/]fnrwcepaxboi[/url], [link=http://hzkyztcpmfrb.com/]hzkyztcpmfrb[/link], http://vwrcmangkjge.com/',11,17,'2011-01-26 18:38:37'),(84,NULL,'Gloria Ellenbaum',7,18,'2011-01-26 19:30:55'),(85,NULL,'gellenbaum@nssed.org',8,18,'2011-01-26 19:30:56'),(86,NULL,'Website',10,18,'2011-01-26 19:30:56'),(87,NULL,'I would like to remove my website from your server. If you let me know how to go about doing this I would appreciate it.\r\n\r\nThank you,\r\nGloria Ellenbaum',11,18,'2011-01-26 19:30:56'),(88,NULL,'njFTOMpAujlW',7,19,'2011-02-17 07:07:19'),(89,NULL,'zlvYfHaqDHKhmD',8,19,'2011-02-17 07:07:19'),(90,NULL,'imEjzFRZxC',9,19,'2011-02-17 07:07:19'),(91,NULL,'FOvkLKjrsHe',10,19,'2011-02-17 07:07:19'),(92,NULL,'HrdARl  <a href=\\\"http://dazqhomvehwh.com/\\\">dazqhomvehwh</a>, [url=http://kmdrrgpfenaj.com/]kmdrrgpfenaj[/url], [link=http://utjjbqxrjsgk.com/]utjjbqxrjsgk[/link], http://ztlyjijpidao.com/',11,19,'2011-02-17 07:07:19'),(93,NULL,'uopiaOpu',7,20,'2011-02-17 07:47:14'),(94,NULL,'JqCACfacCCJZeoiaK',8,20,'2011-02-17 07:47:14'),(95,NULL,'HOJaRcmepB',9,20,'2011-02-17 07:47:14'),(96,NULL,'tJmjEQAHw',10,20,'2011-02-17 07:47:14'),(97,NULL,'nhasUW  <a href=\\\"http://mudgxhvdmgzd.com/\\\">mudgxhvdmgzd</a>, [url=http://wyfydjytqvpd.com/]wyfydjytqvpd[/url], [link=http://hukpzmhcyikn.com/]hukpzmhcyikn[/link], http://qviclkwrqbhe.com/',11,20,'2011-02-17 07:47:14'),(98,NULL,'nsjFBFCavohURyWIAJ',7,21,'2011-02-17 08:26:08'),(99,NULL,'ruOghrZBsgFjqJ',8,21,'2011-02-17 08:26:08'),(100,NULL,'GSmgJMyntXa',9,21,'2011-02-17 08:26:08'),(101,NULL,'MvXBdBgUAErHS',10,21,'2011-02-17 08:26:08'),(102,NULL,'Wfgyez  <a href=\\\"http://pcuvbffpmgxz.com/\\\">pcuvbffpmgxz</a>, [url=http://akuogdrgnhhd.com/]akuogdrgnhhd[/url], [link=http://okbtiotsppnz.com/]okbtiotsppnz[/link], http://xfdddupdzsru.com/',11,21,'2011-02-17 08:26:08'),(103,NULL,'NQnKtgLpyocxsUsN',7,22,'2011-02-17 09:35:00'),(104,NULL,'LDxrpLfHdeQHlhZg',8,22,'2011-02-17 09:35:00'),(105,NULL,'ORvSbtCFc',9,22,'2011-02-17 09:35:00'),(106,NULL,'IbOFvZLYI',10,22,'2011-02-17 09:35:00'),(107,NULL,'1gzbv7  <a href=\\\"http://mmetthwkczra.com/\\\">mmetthwkczra</a>, [url=http://rjgunxsghjlt.com/]rjgunxsghjlt[/url], [link=http://jisuxlqdyqef.com/]jisuxlqdyqef[/link], http://szaxnfrvymhz.com/',11,22,'2011-02-17 09:35:00'),(108,NULL,'OkfwRxasHpsviANb',7,23,'2011-02-17 13:45:55'),(109,NULL,'slsvhWzGwwkFzovs',8,23,'2011-02-17 13:45:55'),(110,NULL,'MvAcpXAMeS',9,23,'2011-02-17 13:45:55'),(111,NULL,'qnqderAVfguRiajvI',10,23,'2011-02-17 13:45:55'),(112,NULL,'GOerN0  <a href=\\\"http://gwlykovcrkdq.com/\\\">gwlykovcrkdq</a>, [url=http://yzijoivqwclo.com/]yzijoivqwclo[/url], [link=http://usitwkkwcqxo.com/]usitwkkwcqxo[/link], http://lmeribhiqzty.com/',11,23,'2011-02-17 13:45:55'),(113,NULL,'rIsJaKmFTZQVg',7,24,'2011-02-17 14:23:13'),(114,NULL,'NxCBfWGjAmkbpxqcYQ',8,24,'2011-02-17 14:23:13'),(115,NULL,'XHqOpNnz',9,24,'2011-02-17 14:23:13'),(116,NULL,'KTWZBvByOYbVpp',10,24,'2011-02-17 14:23:13'),(117,NULL,'jejFKR  <a href=\\\"http://pfvccnlisfja.com/\\\">pfvccnlisfja</a>, [url=http://akavtctzorov.com/]akavtctzorov[/url], [link=http://dlsnfpfwpntk.com/]dlsnfpfwpntk[/link], http://myizwclouyvb.com/',11,24,'2011-02-17 14:23:13'),(118,NULL,'qjXpQeaslj',7,25,'2011-02-17 14:55:17'),(119,NULL,'RvHDTzoCCtF',8,25,'2011-02-17 14:55:17'),(120,NULL,'cTMdFznhTdgAOFZiUY',9,25,'2011-02-17 14:55:17'),(121,NULL,'NxzByCMbeLgxACIHwzH',10,25,'2011-02-17 14:55:17'),(122,NULL,'sJAz8j  <a href=\\\"http://wauqmovjdwyf.com/\\\">wauqmovjdwyf</a>, [url=http://bypbnlefasmx.com/]bypbnlefasmx[/url], [link=http://nutxqbwgcnvb.com/]nutxqbwgcnvb[/link], http://hehaaqggedin.com/',11,25,'2011-02-17 14:55:17'),(123,NULL,'tcavAHlFz',7,26,'2011-02-17 15:55:44'),(124,NULL,'XYzCxEKWCfKE',8,26,'2011-02-17 15:55:48'),(125,NULL,'UiBxAWozeX',9,26,'2011-02-17 15:55:50'),(126,NULL,'ksEwnZkYKTSptw',10,26,'2011-02-17 15:55:57'),(127,NULL,'bTOrs9  <a href=\\\"http://xhtelobwomxx.com/\\\">xhtelobwomxx</a>, [url=http://joxwulpyezvt.com/]joxwulpyezvt[/url], [link=http://porugcrgqlek.com/]porugcrgqlek[/link], http://aodmncxmefhw.com/',11,26,'2011-02-17 15:55:58'),(128,NULL,'Wendy Poush',7,27,'2011-02-22 19:49:34'),(129,NULL,'running.jack.knits@gmail.com',8,27,'2011-02-22 19:49:34'),(130,NULL,'http://runningjackknits.blogspot.com',9,27,'2011-02-22 19:49:34'),(131,NULL,'Please remove knitting pattern',10,27,'2011-02-22 19:49:34'),(132,NULL,'Hello,\r\n\r\nI recently discovered through a Google search that someone is hosting a PDF of one of my knitting patterns at this domain: http://cuip.net/~wmalva/Z/Data%20PDF%20Phyllis/Knit%20only/MittsUnstrung_Mitts_Pattern_-_Running_Jack_Knits.pdf\r\n\r\nThis person is not authorized to distribute this pattern. Please remove it immediately.\r\n\r\nThank you for your time,\r\nWendy Poush\r\nRunning Jack Knits',11,27,'2011-02-22 19:49:34'),(133,NULL,'rooznu@hjgtom.com',7,28,'2011-03-01 11:58:25'),(134,NULL,'rooznu@hjgtom.com',8,28,'2011-03-01 11:58:25'),(135,NULL,'rooznu@hjgtom.com',9,28,'2011-03-01 11:58:25'),(136,NULL,'rooznu@hjgtom.com',10,28,'2011-03-01 11:58:25'),(137,NULL,'c5lFt0  <a href=\\\"http://jamtzjlxbovt.com/\\\">jamtzjlxbovt</a>, [url=http://nonckrlszedi.com/]nonckrlszedi[/url], [link=http://swkmwhokmnin.com/]swkmwhokmnin[/link], http://fxmtkufmllzb.com/',11,28,'2011-03-01 11:58:25'),(138,NULL,'Elisabeth Murphy',7,29,'2011-03-10 16:42:41'),(139,NULL,'emurphy@sharpseniors.com',8,29,'2011-03-10 16:42:41'),(140,NULL,'Suggestion for Updating your Wbsite',10,29,'2011-03-10 16:42:41'),(141,NULL,'Hello,\r\n\r\nWhile I was looking for some interesting and useful websites, I ran across this page http://cuip.uchicago.edu/~edairyko/classwebpages/garden.html  which I found very helpful.\r\n\r\nHowever, I did notice that one of the links (Honey) you suggest isn\\\'t working properly. The link in question is this one:   http://www.honey.com/kids/index.html. You\\\'ll find a similar resource published here: \r\nhttp://www.culinary-training.com/cul/honey-ed.html.\r\n\r\n\r\nI know that it takes a lot of time keeping any website up-to-date, so I hope you\\\'ll find this helpful.\r\n\r\n\r\nKeep up the good work!\r\n\r\nBest regards,\r\n\r\nElisabeth Murphy',11,29,'2011-03-10 16:42:41'),(142,NULL,'Edric J. Robertson',7,30,'2011-03-11 01:33:06'),(143,NULL,'edricrobertson@ymail.com',8,30,'2011-03-11 01:33:06'),(144,NULL,'Aristotle\\\'s Ideas About Tragedy',10,30,'2011-03-11 01:33:06'),(145,NULL,'There\\\'s a PDF document on the web on Aristotle\\\'s Ideas on Tragedy and I need more info on it because I plan to use it as a source for my thesis essay. I was also wondering if it was exactly your schools work beacause I am not sure. I need more info to cite it like ASAP. If you can please email me as quick as you can and thank you. Any news would be great.',11,30,'2011-03-11 01:33:06'),(146,NULL,'Edric Robertson',7,31,'2011-03-11 01:35:19'),(147,NULL,'edricrobertson@ymail.com',8,31,'2011-03-11 01:35:19'),(148,NULL,'Aristotle\\\'s ideas on Tragedy',10,31,'2011-03-11 01:35:19'),(149,NULL,'By the way this is the URL  and thank you!\r\n<http://cuip.uchicago.edu/~ldernbach/msw/xhgkaristrag.pdf>',11,31,'2011-03-11 01:35:19'),(150,NULL,'isyaql@ucgpsz.com',7,32,'2011-03-13 15:49:25'),(151,NULL,'isyaql@ucgpsz.com',8,32,'2011-03-13 15:49:25'),(152,NULL,'isyaql@ucgpsz.com',9,32,'2011-03-13 15:49:25'),(153,NULL,'isyaql@ucgpsz.com',10,32,'2011-03-13 15:49:25'),(154,NULL,'KCdX1n  <a href=\\\"http://dlkypsxblkoe.com/\\\">dlkypsxblkoe</a>, [url=http://ydukkbhmpffu.com/]ydukkbhmpffu[/url], [link=http://gxwhwvpcbtsz.com/]gxwhwvpcbtsz[/link], http://twazkhigtbhx.com/',11,32,'2011-03-13 15:49:25'),(155,NULL,'PpIthjQugdjfWI',7,33,'2011-03-27 03:40:33'),(156,NULL,'XrZRycQgABG',8,33,'2011-03-27 03:40:33'),(157,NULL,'pWpxqvLS',9,33,'2011-03-27 03:40:33'),(158,NULL,'gLqXALExtxRbBNN',10,33,'2011-03-27 03:40:33'),(159,NULL,'rgoz8S  <a href=\\\"http://gmepzdczefuk.com/\\\">gmepzdczefuk</a>, [url=http://scurkuyevfap.com/]scurkuyevfap[/url], [link=http://mgfjqyqibsho.com/]mgfjqyqibsho[/link], http://kaibljgcztsf.com/',11,33,'2011-03-27 03:40:33'),(160,NULL,'Stuart Kurtz',7,34,'2011-04-01 14:36:25'),(161,NULL,'stuart@cs.uchicago.edu',8,34,'2011-04-01 14:36:25'),(162,NULL,'Misdirected email',10,34,'2011-04-01 14:36:25'),(163,NULL,'I just received an email from Kenwood High School teacher, who had a comment on the web page\r\n\r\nhttp://cuip.uchicago.edu/~stuart/dumas/web_resources.htm\r\n\r\nShe tried to write that Stuart, but got me.  Who is the right Stuart, and how can I direct her message to him?\r\n\r\nPeace,\r\n\r\nStu',11,34,'2011-04-01 14:36:25'),(164,NULL,'ulLMfNafEsCSqnnKM',7,35,'2011-04-12 16:14:17'),(165,NULL,'zWGBUZdzwwSfTT',8,35,'2011-04-12 16:14:17'),(166,NULL,'eBsCahmTlvd',9,35,'2011-04-12 16:14:17'),(167,NULL,'yklslykHInFJRp',10,35,'2011-04-12 16:14:17'),(168,NULL,'DYGuFA  <a href=\\\"http://cllijgqggdct.com/\\\">cllijgqggdct</a>, [url=http://ioctsuacbuvr.com/]ioctsuacbuvr[/url], [link=http://lkxjcyqdurqv.com/]lkxjcyqdurqv[/link], http://qgjuizuqtrdm.com/',11,35,'2011-04-12 16:14:17'),(169,NULL,'Elizabeth McGhee Hassrick',7,36,'2011-04-14 15:12:30'),(170,NULL,'mchass@uchicago.edu',8,36,'2011-04-14 15:12:30'),(171,NULL,'Parent Classroom Google groups',10,36,'2011-04-14 15:12:30'),(172,NULL,'Hello, I am a postdoc for the Committee on Education at UChicago and have been working with a few south side public schools to set up google groups for parents at the classroom level. It is an amazing (free) way for parents to get connected with what is going on inside their child\\\'s classroom and share information with other parents about homework and other school events as well. I brought a few UChicago undergrads with me when I went but thought this could be an amazing project for a group of undergrads, if they might be interested. I met with Todd Barnett at Donoghue and he referred me to you and told me about the great things you have been doing.  I  have this wildly ambitious goal of connecting all southside parents with their child\\\'s classroom and would love to work with you to develop this idea.  Please let me know if you are interested!\r\nBest, Elizabeth McGhee Hassrick\r\nhttp://home.uchicago.edu/~mchass/',11,36,'2011-04-14 15:12:30'),(173,NULL,'qnplde@smrdst.com',7,37,'2011-04-20 14:48:46'),(174,NULL,'qnplde@smrdst.com',8,37,'2011-04-20 14:48:46'),(175,NULL,'qnplde@smrdst.com',9,37,'2011-04-20 14:48:46'),(176,NULL,'qnplde@smrdst.com',10,37,'2011-04-20 14:48:46'),(177,NULL,'SV99Eo  <a href=\\\"http://kddrqwsvcsei.com/\\\">kddrqwsvcsei</a>, [url=http://rscqxqkmwfce.com/]rscqxqkmwfce[/url], [link=http://pppyypwjored.com/]pppyypwjored[/link], http://hlsdeyhljjzu.com/',11,37,'2011-04-20 14:48:46'),(178,NULL,'zwhdvd@ypnzzb.com',7,38,'2011-05-03 16:32:04'),(179,NULL,'zwhdvd@ypnzzb.com',8,38,'2011-05-03 16:32:04'),(180,NULL,'zwhdvd@ypnzzb.com',9,38,'2011-05-03 16:32:04'),(181,NULL,'zwhdvd@ypnzzb.com',10,38,'2011-05-03 16:32:04'),(182,NULL,'Anigp0  <a href=\\\"http://njnyxrfaauay.com/\\\">njnyxrfaauay</a>, [url=http://xfxapwvpmbfn.com/]xfxapwvpmbfn[/url], [link=http://zekexnuwefdy.com/]zekexnuwefdy[/link], http://wsjnqkimfdeo.com/',11,38,'2011-05-03 16:32:04'),(183,NULL,'mkqhxd@gzsoyr.com',7,39,'2011-05-11 07:49:46'),(184,NULL,'mkqhxd@gzsoyr.com',8,39,'2011-05-11 07:49:46'),(185,NULL,'mkqhxd@gzsoyr.com',9,39,'2011-05-11 07:49:46'),(186,NULL,'mkqhxd@gzsoyr.com',10,39,'2011-05-11 07:49:46'),(187,NULL,'KFPRn0  <a href=\\\"http://szvcfkvokgno.com/\\\">szvcfkvokgno</a>, [url=http://kgicvcbsordh.com/]kgicvcbsordh[/url], [link=http://mjhjpzntmdxa.com/]mjhjpzntmdxa[/link], http://jsaubtszcdls.com/',11,39,'2011-05-11 07:49:46'),(188,NULL,'jnxxdm@hhlwao.com',7,40,'2011-05-11 07:52:54'),(189,NULL,'jnxxdm@hhlwao.com',8,40,'2011-05-11 07:52:54'),(190,NULL,'jnxxdm@hhlwao.com',9,40,'2011-05-11 07:52:54'),(191,NULL,'jnxxdm@hhlwao.com',10,40,'2011-05-11 07:52:54'),(192,NULL,'21tIq4  <a href=\\\"http://dcvobqrodpow.com/\\\">dcvobqrodpow</a>, [url=http://pldcrqjybkvh.com/]pldcrqjybkvh[/url], [link=http://mjxrqqlcoreb.com/]mjxrqqlcoreb[/link], http://oszkzgykciyk.com/',11,40,'2011-05-11 07:52:54'),(193,NULL,'cnnqjy@zvkjxv.com',7,41,'2011-05-11 07:56:40'),(194,NULL,'cnnqjy@zvkjxv.com',8,41,'2011-05-11 07:56:40'),(195,NULL,'cnnqjy@zvkjxv.com',9,41,'2011-05-11 07:56:40'),(196,NULL,'cnnqjy@zvkjxv.com',10,41,'2011-05-11 07:56:40'),(197,NULL,'ScKIkY  <a href=\\\"http://ahjdlevtzaeu.com/\\\">ahjdlevtzaeu</a>, [url=http://bnyfpprowexe.com/]bnyfpprowexe[/url], [link=http://edmwtwmpeaxz.com/]edmwtwmpeaxz[/link], http://imzeqykkpkvf.com/',11,41,'2011-05-11 07:56:40'),(198,NULL,'rvjoen@dkerbe.com',7,42,'2011-05-12 12:13:08'),(199,NULL,'rvjoen@dkerbe.com',8,42,'2011-05-12 12:13:08'),(200,NULL,'rvjoen@dkerbe.com',9,42,'2011-05-12 12:13:08'),(201,NULL,'rvjoen@dkerbe.com',10,42,'2011-05-12 12:13:08'),(202,NULL,'Cp6y3j  <a href=\\\"http://bueofgskfehs.com/\\\">bueofgskfehs</a>, [url=http://ctczxmpgkuvv.com/]ctczxmpgkuvv[/url], [link=http://ltmdpnkuebbd.com/]ltmdpnkuebbd[/link], http://cdugbimczses.com/',11,42,'2011-05-12 12:13:08'),(203,NULL,'trhjwk@ixvtur.com',7,43,'2011-05-12 23:35:58'),(204,NULL,'trhjwk@ixvtur.com',8,43,'2011-05-12 23:35:58'),(205,NULL,'trhjwk@ixvtur.com',9,43,'2011-05-12 23:35:58'),(206,NULL,'trhjwk@ixvtur.com',10,43,'2011-05-12 23:35:58'),(207,NULL,'lNaT5g  <a href=\\\"http://sjcxeqeqmywg.com/\\\">sjcxeqeqmywg</a>, [url=http://pctxstmihher.com/]pctxstmihher[/url], [link=http://friewgmipons.com/]friewgmipons[/link], http://nttvmwavzeck.com/',11,43,'2011-05-12 23:35:58'),(208,NULL,'zavdvf@foqbes.com',7,44,'2011-05-12 23:39:09'),(209,NULL,'zavdvf@foqbes.com',8,44,'2011-05-12 23:39:09'),(210,NULL,'zavdvf@foqbes.com',9,44,'2011-05-12 23:39:09'),(211,NULL,'zavdvf@foqbes.com',10,44,'2011-05-12 23:39:09'),(212,NULL,'LhkCKh  <a href=\\\"http://tjzykaycttua.com/\\\">tjzykaycttua</a>, [url=http://aejbdyslroac.com/]aejbdyslroac[/url], [link=http://mjaxwcgmyejq.com/]mjaxwcgmyejq[/link], http://cepizagophez.com/',11,44,'2011-05-12 23:39:09'),(213,NULL,'osmrzd@vkjhll.com',7,45,'2011-05-13 22:12:06'),(214,NULL,'osmrzd@vkjhll.com',8,45,'2011-05-13 22:12:06'),(215,NULL,'osmrzd@vkjhll.com',9,45,'2011-05-13 22:12:06'),(216,NULL,'osmrzd@vkjhll.com',10,45,'2011-05-13 22:12:06'),(217,NULL,'hnxFXD  <a href=\\\"http://oxqthanwgpqe.com/\\\">oxqthanwgpqe</a>, [url=http://pnqapohavvtd.com/]pnqapohavvtd[/url], [link=http://lsgnbxfhatcu.com/]lsgnbxfhatcu[/link], http://pauimbuuulkc.com/',11,45,'2011-05-13 22:12:06'),(218,NULL,'nnqnwz@vaizps.com',7,46,'2011-05-17 05:10:55'),(219,NULL,'nnqnwz@vaizps.com',8,46,'2011-05-17 05:10:55'),(220,NULL,'nnqnwz@vaizps.com',9,46,'2011-05-17 05:10:55'),(221,NULL,'nnqnwz@vaizps.com',10,46,'2011-05-17 05:10:55'),(222,NULL,'25Cwew  <a href=\\\"http://dyboxgbryhph.com/\\\">dyboxgbryhph</a>, [url=http://sugfybvqpbvn.com/]sugfybvqpbvn[/url], [link=http://mhvaxohtcihm.com/]mhvaxohtcihm[/link], http://qpbzplkrehtp.com/',11,46,'2011-05-17 05:10:55'),(223,NULL,'pajscq@rsqkwv.com',7,47,'2011-05-17 05:19:02'),(224,NULL,'pajscq@rsqkwv.com',8,47,'2011-05-17 05:19:02'),(225,NULL,'pajscq@rsqkwv.com',9,47,'2011-05-17 05:19:02'),(226,NULL,'pajscq@rsqkwv.com',10,47,'2011-05-17 05:19:02'),(227,NULL,'BpkwuQ  <a href=\\\"http://gosvaxeigfzm.com/\\\">gosvaxeigfzm</a>, [url=http://mvgovjgyupje.com/]mvgovjgyupje[/url], [link=http://cjnhbvcqfmqz.com/]cjnhbvcqfmqz[/link], http://vabuwdokuxle.com/',11,47,'2011-05-17 05:19:02'),(228,NULL,'yqeuob@youfwh.com',7,48,'2011-05-17 05:21:41'),(229,NULL,'yqeuob@youfwh.com',8,48,'2011-05-17 05:21:41'),(230,NULL,'yqeuob@youfwh.com',9,48,'2011-05-17 05:21:41'),(231,NULL,'yqeuob@youfwh.com',10,48,'2011-05-17 05:21:41'),(232,NULL,'OY4KgQ  <a href=\\\"http://ybsqeiunimou.com/\\\">ybsqeiunimou</a>, [url=http://opkyrvflciab.com/]opkyrvflciab[/url], [link=http://ejqputlamoqg.com/]ejqputlamoqg[/link], http://vxqxiudrjzgq.com/',11,48,'2011-05-17 05:21:41'),(233,NULL,'Laura Pierce',7,49,'2011-05-20 10:31:49'),(234,NULL,'laurad@sharpseniors.com',8,49,'2011-05-20 10:31:49'),(235,NULL,'Editorial suggestion for your website',10,49,'2011-05-20 10:31:49'),(236,NULL,'Hi,\r\n\r\nWhile I was looking for some interesting and useful websites, I ran across this page of Tech Library European History...  and I found it very helpful.\r\n\r\nHowever, I did notice that one of the links (The Great) you suggest isn\\\'t working properly. The link in question is this one: www.bbc.co.uk/education/modern/\r\n\r\nYou\\\'ll find a similar resource published here: http://www.teachercertification.org/generalteaching/#article\r\n\r\nI know that it takes a lot of time keeping any website up-to-date, and I hope you\\\'ll find this helpful.\r\n\r\nKeep up the good work!\r\n\r\nBest regards,\r\nLaura Pierce',11,49,'2011-05-20 10:31:49'),(237,NULL,'UKHJXvuca',7,50,'2011-05-26 14:09:15'),(238,NULL,'spxhXCGpaBpVwmuAp',8,50,'2011-05-26 14:09:15'),(239,NULL,'jcRqARJqEkpoRpVpIXN',9,50,'2011-05-26 14:09:15'),(240,NULL,'yApmjBVqdfxU',10,50,'2011-05-26 14:09:15'),(241,NULL,'YkMSXo this is delisious!\r\nxfather123',11,50,'2011-05-26 14:09:15'),(242,NULL,'Michael O\\\'Brien',7,51,'2011-06-14 19:36:16'),(243,NULL,'slobrien@sbcglobal.net',8,51,'2011-06-14 19:36:16'),(244,NULL,'The Domain: PlantCell.com',10,51,'2011-06-14 19:36:16'),(245,NULL,'To whom it may concern,\r\n        Hello, my name is Michael O’Brien. I am representing the owner of the web domain PlantCell.com and we are interested in selling the domain. In a keyword search for\r\n “ Plant Cell ” on Google your website came up as a related listing, So I wanted to see if you had any interest in purchasing the domain?  I am contacting many different parties that have an interest in the name, or spend money on marketing and ads for these specific keywords. A response either way would be appreciated. \r\n\r\n Thank you for your time,\r\n                     Michael O’Brien\r\n\r\nMichael O\\\'Brien,  Slobrien Web Development   PO Box 99035  San Diego, Ca 92169-1035\r\nPhone: 858-480-5256    Email:  slobrien@sbcglobal.net\r\n This message may contain confidential and/or privileged information. If you are not the addressee or authorized to receive this for the addressee, you must not use, copy, disclose, or take any action based on this message or any information herein.   If you have received this message in error, please advise the sender immediately by reply e-mail and delete this message. Thank you for your cooperation.\r\nIf you do not wish to receive future email advertisement of our domains for sale,  please let us know by email at:  slobrien@sbcglobal.net    Please include  \\\"opt out of future emails\\\"  in the subject line.\r\nP Please consider the environment before printing this e-mail.',11,51,'2011-06-14 19:36:16'),(246,NULL,'Gregory Williams',7,52,'2011-06-19 16:45:17'),(247,NULL,'gwilliams@cuip.net',8,52,'2011-06-19 16:45:17'),(248,NULL,'cuip.net',9,52,'2011-06-19 16:45:17'),(249,NULL,'Cannot pull up e-mail',10,52,'2011-06-19 16:45:17'),(250,NULL,'I cannot receive the webmail address.  Therefore, I cannot see my e-mail.',11,52,'2011-06-19 16:45:17'),(251,NULL,'Anna Beth Craig',7,53,'2011-07-11 13:46:25'),(252,NULL,'craig.anna-beth@pmcsd.org',8,53,'2011-07-11 13:46:25'),(253,NULL,'Feedback on your resource page...',10,53,'2011-07-11 13:46:25'),(254,NULL,'Good morning,\r\n\r\nI hope you had a great weekend! I\\\'m just writing to let you know that your page(http://cuip.uchicago.edu/~mmcmiller/intech.htm) was a big help.\r\n\r\nI\\\'m working this Summer at the Boys & Girls club Sleep Away Camp and part of my job is organizing a science fair for the end of camp. I found your resource page while searching for experiment ideas and your links were a big help.\r\n\r\nI also found this page in my searching(http://www.gourmetgiftbaskets.com/Kitchen-Scientists-Home-Experiments.asp).  It has a ton of ideas and I thought maybe you\\\'d appreciate an additional resource for your page!  \r\n\r\nThanks again and have a great week! :-D\r\n\r\nAnna-Beth',11,53,'2011-07-11 13:46:25'),(255,NULL,'Elizabeth Owens',7,54,'2011-07-11 14:39:43'),(256,NULL,'eowens@pmcsd.org',8,54,'2011-07-11 14:39:43'),(257,NULL,'life sciences page',10,54,'2011-07-11 14:39:43'),(258,NULL,'I apologize for disrupting you, but I\\\'m a visitor and fan of your life sciences page (http://cuip.uchicago.edu/~tjones/home/science/bio.htm).  I made use of your resources for this year\\\'s summer school curriculum.\r\n\r\nI\\\'d like to return the favor (it\\\'s the least I can do!) by providing another science resource a student shared with me that you may want to include on your page. It\\\'s called, \\\"A Kid\\\'s Guide to Life Sciences: The Human Body Systems\\\" - (http://www.accuterm.com/life-sciences.html). I thought your users would like it too :)\r\n\r\nIt\\\'s always fun to meet other teachers, isn\\\'t the Internet great? Enjoy your summer! \r\n\r\nP.S. If you find that it\\\'s worth adding and don\\\'t mind giving me a shout back, I\\\'d appreciate it.  I\\\'ve given the student who discovered it the much coveted \\\"Student Star\\\" award (Haha, so cute) for such a great find and I\\\'d love to be able to show him someone added the link he found; just to make a little something special out of it and reward him for the extra effort :)\r\n\r\nSincerely,\r\nMrs. Elizabeth Owens\r\nPine Mountain Central School District',11,54,'2011-07-11 14:39:43'),(259,NULL,'Jaidah Wilson',7,55,'2011-08-02 21:38:54'),(260,NULL,'jrwilson@cps.k12.il.us',8,55,'2011-08-02 21:38:54'),(261,NULL,'beasleyac.org',9,55,'2011-08-02 21:38:54'),(262,NULL,'To become part of the Magnet Cluster',10,55,'2011-08-02 21:38:54'),(263,NULL,'As a past CUIP teacher and now Assistant Principal I am truly interested in becoming a CUIP school!',11,55,'2011-08-02 21:38:54'),(264,NULL,'Vinay Kumar',7,56,'2011-08-18 15:38:54'),(265,NULL,'techcom@eim.ae',8,56,'2011-08-18 15:38:54'),(266,NULL,'www.techcomuae.com',9,56,'2011-08-18 15:38:54'),(267,NULL,'Refurbished Laptops',10,56,'2011-08-18 15:38:54'),(268,NULL,'DO YOU EXPORT COMPUTER PRODUCTS IN WHOLESALE.\r\n\r\nIF YES PLS CONNECT YOUR TEAM TO US FOR THE SAME .\r\n\r\nWE CAN BUY LARGE QUANTITIES FOR EXPORT TO AFRICA AND INDIA .\r\n\r\nWE DO REFURB AND NEW LAPTOPS .\r\n\r\nREGARDS\r\nVINAY\r\nWWW.TECHCOMUAE.COM',11,56,'2011-08-18 15:38:54'),(269,NULL,'Linda',7,57,'2011-09-08 15:10:30'),(270,NULL,'libu1975@gmail.com',8,57,'2011-09-08 15:10:30'),(271,NULL,'Suggestion',10,57,'2011-09-08 15:10:30'),(272,NULL,'Hi,\r\n\r\nI came across your site and thought the following link was pretty relevant. You might want to consider sharing it with your readers.\r\nhttp://high-schools.com/back-to-high-school/\r\n\r\nI found some of the info pretty relevant, especially since my kids are starting back to school! \r\n\r\nHave a great day!\r\nLinda',11,57,'2011-09-08 15:10:30'),(273,NULL,'Justus Roe',7,58,'2011-09-23 18:34:22'),(274,NULL,'jgroe@cps.edu',8,58,'2011-09-23 18:34:22'),(275,NULL,'doolittleelementary.com',9,58,'2011-09-23 18:34:22'),(276,NULL,'Doolittle Elementary',10,58,'2011-09-23 18:34:22'),(277,NULL,'Hello, \r\n\r\nI am a new Tech Coordinator at Doolittle Elementary over on 35th.  I am in the process of revamping the schools labs, but was wondering if you have worked with any other schools on setting up a server to integrate mac\\\'s and pc\\\'s, or if you could point me to any related resources.\r\n\r\nBest,\r\nJustus\r\n\r\njustusroe@gmail.com',11,58,'2011-09-23 18:34:22'),(278,NULL,'Lauren Miller',7,59,'2011-10-03 17:56:04'),(279,NULL,'lauren@avinciinteractive.com',8,59,'2011-10-03 17:56:04'),(280,NULL,'cuip.uchicago.edu inquiry',10,59,'2011-10-03 17:56:04'),(281,NULL,'Hello, \r\n\r\nMy name is Lauren Miller. I am contacting you on behalf of a client of mine, who had requested we reach out to you. They are very interested in purchasing a small amount of advertising space on http://cuip.uchicago.edu, in the form of a contextual ad. \r\n\r\nWe feel we can compensate you quite well for such a small amount of screen real estate. Please contact me back directly upon receipt of this email to discuss this proposition in further detail. \r\n\r\nThank you in advance for your warm consideration in this matter. I very much look forward to hearing back from you soon. \r\n\r\nBest Regards, \r\n\r\nLauren Miller\r\nAvinci Interactive \r\n215-915-6060\r\nlauren@avinciinteractive.com',11,59,'2011-10-03 17:56:04'),(282,NULL,'Maya',7,60,'2011-10-05 15:27:58'),(283,NULL,'Maya@campprice.com',8,60,'2011-10-05 15:27:58'),(284,NULL,'http://cuip.uchicago.edu/~ldernbach/tlib/Depts/Science/ChmPhys/chemm.htm',9,60,'2011-10-05 15:27:58'),(285,NULL,'Just a mom with some feed back on your page...',10,60,'2011-10-05 15:27:58'),(286,NULL,'Hi There,\r\n\r\nThis may seem a little random, it\\\'s not very often that I go out of my way to contact a website.  I have been scouring the internet for some useful chemistry resources for my son, Michael, who\\\'s at a loss when it comes to the subject of Chemistry.  Unfortunately, it was always an extremely tough subject for myself when I was in school (a very long time ago!), so I don\\\'t serve as much help to him.  In my searches I have come across your page (http://cuip.uchicago.edu/~ldernbach/tlib/Depts/Science/ChmPhys/chemm.htm) which my son found to be helpful and I just wanted to extend a thank you for those resources that you provide.  I am attempting to bookmark some of these useful tools for him on our home computer and I will be adding yours to the list.  Also, I would like to send you another page I have bookmarked that Michael has found very helpful regarding the Periodic Table.  This article breaks the table down very nicely and makes it easy to comprehend.  There are some great links available on it as well.  You should add it to your other resources, I think there are many others like son who could benefit from it.  This is the page,\r\nhttp://www.barcodesinc.com/articles/all-about-the-periodic-table.htm\r\nHope it helps!\r\n\r\nBest Wishes,\r\nMaya',11,60,'2011-10-05 15:27:58'),(287,NULL,'Bruce Montgomery',7,61,'2011-10-15 17:04:56'),(288,NULL,'TATVShow@yahoo.com',8,61,'2011-10-15 17:04:56'),(289,NULL,'Gig-U',10,61,'2011-10-15 17:04:56'),(290,NULL,'Would like to have a conversation about the Gig.U opportunity for our community. Please call me at 773.220.5101 Thanks',11,61,'2011-10-15 17:04:56'),(291,NULL,'Aparna Vashisht',7,62,'2011-10-28 04:06:23'),(292,NULL,'avrota@kidzui.com',8,62,'2011-10-28 04:06:24'),(293,NULL,'Zui.com',9,62,'2011-10-28 04:06:24'),(294,NULL,'Greetings from KidZui',10,62,'2011-10-28 04:06:24'),(295,NULL,'Hi there,\r\nMy name is Aparna and I am the Senior Marketing Director at KidZui. Your site has been approved by KidZui for having quality, kid-friendly content, which means children can access your site from within the KidZui web browser. I am also excited to announce the launch of Zui.com, our revolutionary search and exploration engine for kids. We would love to add your site to Zui.com as well. Let me know if you are interested and I can provide you with a \\\"Zui.com Approved\\\" button that you display anywhere on your site.  Please contact me at aparna@kidzui.com and I will provide you with the necessary information.  \r\nWe are also interested in discussing other co-marketing opportunities with you such as press releases, blog coverage, mutual introductions on Facebook and Twitter, or any ideas that you may have. \r\nThank you for your time, \r\nAparna',11,62,'2011-10-28 04:06:24'),(296,NULL,'Rebecca Chase',7,63,'2011-11-10 14:55:03'),(297,NULL,'rebecca@afterskoolkids.org',8,63,'2011-11-10 14:55:04'),(298,NULL,'Just a mom with some feedback on your page...',10,63,'2011-11-10 14:55:04'),(299,NULL,'Hi There,\r\nMy 12 year old son and I came across your page (http://cuip.uchicago.edu/~tjones/home/science/eq/page4.html) while researching geology for kids, more specifically volcanoes, he loves them!  I liked your site a lot because there is some really good information for him on there and he found a lot of other great material (not on the topic of volcanoes) that also appealed to him.  I try to support him in whatever it is he is interested in learning more about because I feel its important for him to enjoy and have fun in the process of learning new things, no matter what the subject may be.  I have book marked your page so that we can continue to use it as a learning tool, and I am also sending you another great article my son really likes. \r\nIt has a lot of great information and resources on volcanoes!\r\nLet me know if you like it, he would be very excited to see it added to your page!  Haha :)\r\nThe article is http://www.fireplacespot.com/kids-volcano-facts, I hope you find it helpful.\r\nBest Wishes,\r\nBecky',11,63,'2011-11-10 14:55:04'),(300,NULL,'Aparna Vashisht',7,64,'2011-11-23 17:31:34'),(301,NULL,'avrota@kidzui.com',8,64,'2011-11-23 17:31:34'),(302,NULL,'avrota@kidzui.com',9,64,'2011-11-23 17:31:34'),(303,NULL,'Announcing Zui.com, a Revolutionary Search Engine for Kids',10,64,'2011-11-23 17:31:34'),(304,NULL,'Greetings teachers and educators,\r\nMy name is Aparna Vashisht, and I am writing to you on behalf of KidZui to share some exciting news.  KidZui is proud to announce the launch of Zui.com, a revolutionary search and exploration engine developed just for kids.  Zui.com features more than 5 million websites, pictures, videos and games, all hand-reviewed by our team of parents and teachers.  Your school may find Zui.com to be a unique learning tool, as the website gives children a way to explore the internet without risk of encountering violent, explicit, or otherwise inappropriate content.  Our Homework Helper feature, first introduced with the KidZui web browser, is also available on Zui.com.  Homework Helper is made up of a collection of grade-specific categories, organized using the national curriculum for grades first through eighth.  \r\nI encourage you to take a look at Zui.com and share it with your colleagues and parents.  I am also more than happy to provide a button that you can place on your website in order to help share Zui.com.  Finally, if your school puts Zui.com to use in the classroom, I would love to hear about your experiences with the website and what we can do to improve it for you and your students.  I can be reached at aparna@kidzui.com\r\nWarmest regards,\r\nAparna',11,64,'2011-11-23 17:31:34'),(305,NULL,'Mitch Testing',7,65,'2011-12-06 17:43:34'),(306,NULL,'marks@cps.edu',8,65,'2011-12-06 17:43:34'),(307,NULL,'web.cuip.net',9,65,'2011-12-06 17:43:34'),(308,NULL,'Test',10,65,'2011-12-06 17:43:34'),(309,NULL,'Testing contact form at http://web.cuip.net/contact/ after theme dsaster and recovery!',11,65,'2011-12-06 17:43:34'),(310,NULL,'Paulette B. Smith',7,66,'2012-01-07 20:57:41'),(311,NULL,'pbsmith@cps.edu',8,66,'2012-01-07 20:57:41'),(312,NULL,'http://paulreverees.org',9,66,'2012-01-07 20:57:42'),(313,NULL,'Starting a Project with CUIP',10,66,'2012-01-07 20:57:42'),(314,NULL,'How can we start an active project with CUIP?\r\nPaulette B. Smith, \r\nPaul Revere ES, Technology Coordinator',11,66,'2012-01-07 20:57:42'),(315,NULL,'Anaya Johns',7,67,'2012-01-11 20:17:22'),(316,NULL,'anaya@valleybookclub.com',8,67,'2012-01-11 20:17:22'),(317,NULL,'Question about Cinderella on cuip.uchicago.edu',10,67,'2012-01-11 20:17:23'),(318,NULL,'Hi there! How\\\'re you today?\r\n\r\nI hope it\\\'s ok that I\\\'m contacting you. My name is Anaya and I wanted to thank you for putting up your impressive and helpful page on the story of Cinderella (http://cuip.uchicago.edu/~fherron/curriculumguide/workingfiles/word/links%20page.htm). It certainly brought back some found memories of my childhood!\r\n\r\nI belong to a local book club and this week we\\\'ve decided to go with a fairytale theme so that we can include our children. My little girl Stella and her friends were given a choice as to what fairytale story they\\\'d like to learn more about and amazingly they all screamed out \\\"Cinderella!\\\" in unison - it was adorable! :)  In honor of them, we\\\'re publishing a section on our website with Cinderella reference guides and information and we\\\'re definitely including your page!\r\n\r\nAs a thank you for your wonderful resource, here\\\'s another guide that we\\\'re including that I thought you might like to add along with your other goodies (http://www.datehookup.com/content-a-dream-is-a-wish-your-heart-makes-the-cinderella-page.htm). I found it in my searching and this resource is full of wonderful information explaining the origins of the Cinderella story from all different cultures around the world. I really think your visitors will benefit from it as much as ours will! I would love for you to look it over and let me know if it\\\'s something you could add to your page. Thanks again and hope I could help!\r\n\r\nAll the best,\r\n\r\nAnaya :)',11,67,'2012-01-11 20:17:23'),(319,NULL,'Dexter Cahoy',7,68,'2012-01-22 04:34:07'),(320,NULL,'dcahoy@latech.edu',8,68,'2012-01-22 04:34:07'),(321,NULL,'Request removal of my pictures in your website',10,68,'2012-01-22 04:34:07'),(322,NULL,'To Whom This May Concern or To The Webmaster,\r\n\r\nI would like to request an urgent removal of my pictures from this website due to many important reasons: http://cuip.net/~dloquinte/souvenirs.htm\r\n\r\nMy  pictures\\\' files can be found/downloaded from this website: http://cuip.net/~dloquinte/my%20pictures/\r\n\r\nThe file names are daddyparty1.JPG, daddyparty1.bmp, daddyparty2.JPG, daddyparty2.bmp, daddyparty3.JPG, 	daddyparty3.bmp, daddyparty4.JPG, daddyparty4.bmp, dex,me.jpg, and  dex,me2.jpg,\r\n\r\nThese pictures can also be found/downloaded from another folder: http://cuip.net/~dloquinte/my%20pictures/set1\r\n\r\nRemoval/deletion of these pictures for public viewing  would be highly appreciated and I look forward to hearing from you.\r\n\r\nSincerely,\r\n\r\nDexter Cahoy',11,68,'2012-01-22 04:34:07'),(323,NULL,'Dexter Cahoy',7,69,'2012-01-22 04:35:49'),(324,NULL,'dcahoy@latech.edu',8,69,'2012-01-22 04:35:49'),(325,NULL,'Urgent request of deletion of my pictures',10,69,'2012-01-22 04:35:49'),(326,NULL,'To Whom This May Concern or To The Webmaster,\r\n\r\nI would like to request an urgent removal of my pictures from this website due to many important reasons: http://cuip.net/~dloquinte/souvenirs.htm\r\n\r\nMy  pictures\\\' files can be found/downloaded from this website: http://cuip.net/~dloquinte/my%20pictures/\r\n\r\nThe file names are daddyparty1.JPG, daddyparty1.bmp, daddyparty2.JPG, daddyparty2.bmp, daddyparty3.JPG, 	daddyparty3.bmp, daddyparty4.JPG, daddyparty4.bmp, dex,me.jpg, and  dex,me2.jpg,\r\n\r\nThese pictures can also be found/downloaded from another folder: http://cuip.net/~dloquinte/my%20pictures/set1\r\n\r\nRemoval/deletion of these pictures for public viewing  would be highly appreciated and I look forward to hearing from you.\r\n\r\nSincerely,\r\n\r\nDexter Cahoy',11,69,'2012-01-22 04:35:49'),(327,NULL,'Anika Jenkins-Flores',7,70,'2012-01-23 18:39:32'),(328,NULL,'aflores@krimmfoundation.org',8,70,'2012-01-23 18:39:32'),(329,NULL,'www.krimmfoundation.org',9,70,'2012-01-23 18:39:32'),(330,NULL,'Interest',10,70,'2012-01-23 18:39:32'),(331,NULL,'I was wondering if CUIP had any interest in additional resources.  Our company KRIMM teaches basic and advanced computer skills to youth and young adults, utilizing our Mobile Learning Labs.  If you are interested please contact Either myself or Kim Johnson-Thurmon at the e-mail address above.',11,70,'2012-01-23 18:39:32'),(332,NULL,'Daren Pearson',7,71,'2012-01-27 05:15:55'),(333,NULL,'daren.pearson@gmail.com',8,71,'2012-01-27 05:15:55'),(334,NULL,'Advertisement possibility in your website Web.cuip.net',10,71,'2012-01-27 05:15:55'),(335,NULL,'Hi,\r\n \r\nIt\\\'s my pleasure to let you know that I am interested in gaining a few text links from your website Web.cuip.net. I work for a number of sites vary from language, Travel, health, Books , entertainment  to matrimonial and given the similarity with the content of your site , I feel it would great to discuss about  the advertisement prospect.\r\n \r\nI will provide all required information, as well as the link text and the URL. It would be great to hear back from you about this.\r\n \r\nI wish you the best of luck and looking forward to a long and healthy business relationship with you and your company.\r\n \r\nI look forward to hear from you :)\r\n \r\nBest Regards,\r\nDaren\r\nEmail: daren.pearson@gmail.com\r\nInternet Marketing Executive',11,71,'2012-01-27 05:15:55'),(336,NULL,'Denise Monegato',7,72,'2012-02-08 19:42:17'),(337,NULL,'dmonegato@leyden212.org',8,72,'2012-02-08 19:42:17'),(338,NULL,'www.leyden212.org',9,72,'2012-02-08 19:42:17'),(339,NULL,'Poetry',10,72,'2012-02-08 19:42:17'),(340,NULL,'One of our teachers accessed the BioPoem template from U of Chicago on this website I believe. We cannot get it to format properly. When we input the text and click \\\'submit\\\" we get a formhandler in response instead of the formatted poem. Please advise. thank You!',11,72,'2012-02-08 19:42:18'),(341,NULL,'Audrey Plasse',7,73,'2012-02-20 19:20:21'),(342,NULL,'audrey.plasse@greenmountaincs.org',8,73,'2012-02-20 19:20:21'),(343,NULL,'quick question about your Life Science page!',10,73,'2012-02-20 19:20:21'),(344,NULL,'Hi there!\r\n\r\nI just wanted to drop you a quick note to let you know that your page http://cuip.uchicago.edu/~tjones/home/science/bio.htm has great info on it! The kids in my Biology class totally agree!  Two girls in my class found your page while researching for their cell project. They wanted to share another page that they found and really loved: http://www.serenataplants.com/Differences-Between-Plant-and-Animal-Cells It\\\'s a really fantastic guide to the differences between plant and animal cells!  \r\n\r\nI\\\'ve been tutoring and subbing for awhile but am just starting in the teaching field. It seems like such a collaborative profession, which is why I was hoping you wouldn\\\'t mind adding the page the kids found to your site with all of your other valuable resources ;)\r\n\r\nI think it would thrill the girls to see their suggested page on your website; I told them that if you were kind enough to include their page on yours, I would give them a few bonus points on their project (I\\\'m just so excited they\\\'re really getting into this assignment!). It actually is a useful article with a lot of good material, which is why I indulged them by contacting you. Again, sorry for the interruption!\r\n\r\nThanks so much, can\\\'t wait to hear from you!!\r\nAudrey Plasse ;)',11,73,'2012-02-20 19:20:21'),(345,NULL,'Mary',7,74,'2012-02-27 21:07:47'),(346,NULL,'mpkreilly@aol.com',8,74,'2012-02-27 21:07:47'),(347,NULL,'donate computers',10,74,'2012-02-27 21:07:47'),(348,NULL,'you are linked to the Microsoft Registered Refurbisher list as a facility that accepts computer donations for reuse by not-for-profits. do you accept donations?',11,74,'2012-02-27 21:07:47'),(349,NULL,'Chris Berg',7,75,'2012-03-10 13:44:18'),(350,NULL,'lchrisberg@gmail.com',8,75,'2012-03-10 13:44:18'),(351,NULL,'Fact or opinion quiz',10,75,'2012-03-10 13:44:18'),(352,NULL,'Number six is closer to an opinion than fact. Since it has not occurred yet, it is not a fact. If the statement read, that they PLAN to stop over in Denver, then it is a fact. That is not how the question was worded.',11,75,'2012-03-10 13:44:18'),(353,NULL,'Emma',7,76,'2012-04-03 17:59:38'),(354,NULL,'emmaboehn@gmail.com',8,76,'2012-04-03 17:59:38'),(355,NULL,'www.onlinemastersdegree.com',9,76,'2012-04-03 17:59:38'),(356,NULL,'Master\\\'s Degree Resource Inquiry',10,76,'2012-04-03 17:59:38'),(357,NULL,'Hi There,\r\n\r\nI am a researcher / writer involved with a project aimed at helping students get the most out of a master’s degree program in today’s job market. Although the resource provides many avenues of information, it focuses on how learning a second language can improve one’s chances of landing a reputable job.\r\n\r\nI came across your website http://cuip.uchicago.edu/wit/2000/homerooms/delta/usesite2.htm while conducting research and I would love to share this resource with those who might find it useful and am curious if you are the correct person to contact about such a request? \r\n\r\nThank you!\r\n\r\nBest,\r\n\r\nEmma',11,76,'2012-04-03 17:59:38'),(358,NULL,'Steve Marsey',7,77,'2012-04-12 03:42:51'),(359,NULL,'steve@robotmonster.net',8,77,'2012-04-12 03:42:51'),(360,NULL,'Your website is not secure',10,77,'2012-04-12 03:42:52'),(361,NULL,'During a search I received a link to an Excel spreadsheet on your domain. I was able to open it with no security prompts and see personal information for over 100 survey recipients. The file is located under the http://cuip.uchicago.edu/~stuart/ folder, which is also completely open to the public as a browsable directory structure. I was also able to determine that others folders under your domain are completely open and browsable. I\\\'d suggest you take your security more seriously as this is a hack and/or significant data breach just waiting to happen.',11,77,'2012-04-12 03:42:52'),(362,NULL,'Jennifer Jenkins',7,78,'2012-04-16 20:39:08'),(363,NULL,'jen.jenkins8@gmail.com',8,78,'2012-04-16 20:39:08'),(364,NULL,'Online University Resource Inquiry',10,78,'2012-04-16 20:39:09'),(365,NULL,'Hi There,\r\n\r\nI am a researcher / writer involved with a project aimed at covering providing a quality and informative platform for students to gain a valuable education online. I recently compiled a resource which I believe combines both relevancy and academic rigor for college students today.\r\n\r\nI came across your website cuip.net/schools/mireles/hispanic/hhmonth.html during my research and I would love to share this resource with those who might find it useful and am curious if you are the correct person to contact about such a request?  \r\n\r\nThank you!\r\n\r\nAll my best,\r\n\r\nJennifer',11,78,'2012-04-16 20:39:09'),(366,NULL,'Mitch Testing',7,79,'2012-05-09 17:47:56'),(367,NULL,'mmarks@pobox.com',8,79,'2012-05-09 17:47:56'),(368,NULL,'testing',10,79,'2012-05-09 17:47:56'),(369,NULL,'testing after update',11,79,'2012-05-09 17:47:56'),(370,NULL,'Cindy Lee',7,80,'2012-05-23 10:38:17'),(371,NULL,'cbensonlee@ymail.com',8,80,'2012-05-23 10:38:18'),(372,NULL,'math',10,80,'2012-05-23 10:38:18'),(373,NULL,'I recently searched the internet under factors and multiples. The website was: cuip.uchicago.edu/~jhammond/math/4.1\r\n\r\nIt was great! Are there any other powerpoint presentations for math? \r\n\r\nThank you.',11,80,'2012-05-23 10:38:18'),(374,NULL,'Katie Larsen',7,81,'2012-06-18 07:01:21'),(375,NULL,'katie@associatesdegrees.com',8,81,'2012-06-18 07:01:21'),(376,NULL,'http://www.associatesdegrees.com',9,81,'2012-06-18 07:01:21'),(377,NULL,'Question',10,81,'2012-06-18 07:01:21'),(378,NULL,'Hi, I really enjoyed your site and wanted to bring my education site dedicated to getting an Associates Degree to your attention called www.associatesdegrees.com . I did my best make an extensive resource of everything a student would need to know about picking the best Associate Degree to fit their needs.As you have a related site, I wanted to bring it to your attention and see if you found it useful enough to post anywhere on your site you see fit? I would certainly appreciate effort to do so. \r\n\r\nThanks so much! \r\n\r\nKatie Larsen',11,81,'2012-06-18 07:01:21'),(379,NULL,'Katie Larsen',7,82,'2012-06-21 05:01:02'),(380,NULL,'katie@associatesdegrees.com',8,82,'2012-06-21 05:01:02'),(381,NULL,'http://www.associatesdegrees.com',9,82,'2012-06-21 05:01:02'),(382,NULL,'Question',10,82,'2012-06-21 05:01:02'),(383,NULL,'Hi, I really enjoyed your site and wanted to bring my education site dedicated to getting an Associates Degree to your attention called http://www.associatesdegrees.com . I did my best make an extensive resource of everything a student would need to know about picking the best Associate Degree to fit their needs.As you have a related site, I wanted to bring it to your attention and see if you found it useful enough to post anywhere on your site you see fit? I would certainly appreciate effort to do so. \r\n\r\nThanks so much! \r\n\r\nKatie Larsen',11,82,'2012-06-21 05:01:02'),(384,NULL,'Allison Matheson',7,83,'2012-06-21 07:14:26'),(385,NULL,'allison@mastersinhistory.net',8,83,'2012-06-21 07:14:26'),(386,NULL,'http://www.mastersinhistory.net',9,83,'2012-06-21 07:14:26'),(387,NULL,'Question',10,83,'2012-06-21 07:14:26'),(388,NULL,'Hi, I came across your site and really enjoyed it. I have my own education site dedicated to helping students get a Masters Degree in History.\r\nIt is called www.mastersinhistory.net. Would you mind taking a look to see if you think it could be a valuable resource on your links or resources page? Any effort to post a link to my site would be greatly appreciated to help me spread the word and get some exposure.\r\nThank you very much and I look forward to hearing back!\r\nBest,\r\nAllison Matheson',11,83,'2012-06-21 07:14:26'),(389,NULL,'Susan Gorgalini',7,84,'2012-06-22 05:39:13'),(390,NULL,'s.gorgalini@gmail.com',8,84,'2012-06-22 05:39:13'),(391,NULL,'Medical Billing Research Project',10,84,'2012-06-22 05:39:13'),(392,NULL,'Hi,\r\n\r\nI came across your page during my research for a project for which I am contributor. It is a resource primarily aimed at those interested or already in the medical field in a medical billing or coding capacity. Our project provides a comprehensive look at the medical coding field with in-depth guide to ICD-10 and articles which highlight and speak to relevant progressive issues in the field. \r\n\r\nI would love to send over more details about this project and partner with you, let me know!\r\n\r\nThanks for your time. I look forward to working with you!\r\n\r\nSusan',11,84,'2012-06-22 05:39:13'),(393,NULL,'Lucius Furius',7,85,'2012-06-24 23:58:20'),(394,NULL,'Lucius@datarealm.com',8,85,'2012-06-24 23:58:20'),(395,NULL,'Broken link -- with correction',10,85,'2012-06-24 23:58:20'),(396,NULL,'At http://cuip.uchicago.edu/~jlemon/bookmarks.html the link to A Poetry-Lover\\\'s Guide needs to be corrected from:\r\nwww.serve.com/Lucius/PLG.index.html \r\nto:\r\nusers.datarealm.com/Lucius/PLG.index.html .\r\n\r\nThank you.\r\n\r\nLucius',11,85,'2012-06-24 23:58:20'),(397,NULL,'Chase Gentry',7,86,'2012-06-25 05:55:33'),(398,NULL,'chase@forestrydegree.net',8,86,'2012-06-25 05:55:33'),(399,NULL,'http://www.forestrydegree.net',9,86,'2012-06-25 05:55:33'),(400,NULL,'Question',10,86,'2012-06-25 05:55:33'),(401,NULL,'Hi, I came across your site and really enjoyed it. I have my own Forestry site dedicated to helping students find everything they need to know about getting a degree in Forestry. It is called www.forestrydegree.net. Would you mind taking a look to see if you think it could be a valuable resource on your links or resources page? Any effort to post a link to my site would be greatly appreciated to help me spread the word and get some exposure.\r\nThank you very much and I look forward to hearing back!\r\n\r\nBest,\r\n\r\nChase Gentry',11,86,'2012-06-25 05:55:33'),(402,NULL,'Steve jackson',7,87,'2012-06-26 15:42:45'),(403,NULL,'stevjacksoninc@mail.com',8,87,'2012-06-26 15:42:45'),(404,NULL,'Order Inquiry',10,87,'2012-06-26 15:42:45'),(405,NULL,'We would like to make a purchase order for notebook computers equipment and supplies, for a very good client of our Consultancy Agency. Let me know the price quote for the following specs of products in demand:\r\n\r\n-ANY BRAND OF NOTEBOOK\r\nIntel® Core™ i5\r\nprocessor 2.30 GHz to 2.90 GHz\r\nGenuine Windows® 7 Home Premium, 64-Bit, English\r\n4GB2 Memory Size\r\n500GB3 SATA hard drive (5400RPM)\r\n\r\nLet me know your price quote excluding freight charges and do alert me about the brand and your payment method? Keep me posted asap.\r\n\r\nThanks',11,87,'2012-06-26 15:42:45'),(406,NULL,'Diana Fisher',7,88,'2012-06-26 17:04:51'),(407,NULL,'fisher.diana1@gmail.com',8,88,'2012-06-26 17:04:51'),(408,NULL,'www.onlinefinancedegree.com',9,88,'2012-06-26 17:04:51'),(409,NULL,'Finance Resource Project',10,88,'2012-06-26 17:04:51'),(410,NULL,'Hi there,\r\n\r\nI came across your page during my research for a project for which I am contributor. It is a resource primarily aimed at finance professionals and those with an interest in the financial sector. It provides a comprehensive overview of the institution as well as educational avenues. It also takes a critical look at social impact bonds and weighs their benefits and drawbacks in society.\r\n\r\nI would love to send over more details about this project, and partner with you to have it listed as a resource link on your site. Let me know!\r\n\r\nThanks for your time. I look forward to working with you!\r\n\r\nDiana',11,88,'2012-06-26 17:04:51'),(411,NULL,'Michael Hinton',7,89,'2012-06-26 18:23:34'),(412,NULL,'mdhinton@cps.edu',8,89,'2012-06-26 18:23:34'),(413,NULL,'Becoming a Partner',10,89,'2012-06-26 18:23:34'),(414,NULL,'I am the new Assistant Principal at Paul Revere, but for the past 5 years I was at Enrico Fermi.  I would love to discuss a possible partnership between CUIP and Revere, similar to the one you all share with fermi.  Please contact me to discuss this possibility.  The principal\\\'s name is Veronica Thompson.',11,89,'2012-06-26 18:23:34'),(415,NULL,'Jennifer Jenkins',7,90,'2012-06-27 19:09:54'),(416,NULL,'jen.jenkins8@gmail.com',8,90,'2012-06-27 19:09:55'),(417,NULL,'College Resource Project',10,90,'2012-06-27 19:09:55'),(418,NULL,'Hi there,\r\n\r\nI came across your page during my research for a project aimed at providing a quality and informative platform for higher education students. The recently completed comprehensive resource is beneficial for any college-aged student looking for supplementary information in a wide range of subjects and topics. \r\n\r\nI would love to send over more details about this project and partner with you, let me know!\r\n\r\nThanks for your time. I look forward to working with you!\r\n\r\nJennifer',11,90,'2012-06-27 19:09:55'),(419,NULL,'Valerie Cecil',7,91,'2012-06-29 16:41:53'),(420,NULL,'valerie@outbounding.com',8,91,'2012-06-29 16:41:53'),(421,NULL,'quick question - dead page on your site',10,91,'2012-06-29 16:41:53'),(422,NULL,'Hello,\r\n\r\nValerie Cecil here. I\\\'ve been doing some ergonomics research and I have a quick note for the person in charge of updating the resources on this page:\r\nhttp://cuip.uchicago.edu/~efabiyi/bookmarks.htm\r\n\r\nOn this page, you’re pointing to a broken link: \r\nhttp://edmark.com/ \r\n\r\nI get an error in my browser when I try to click it and I imagine other researchers do too. That\\\'s no good!\r\n\r\nYou could fix it by using this URL instead:\r\nhttp://www.hmhinnovation.com/index.php \r\n\r\nAnd while you\\\'re updating that page I have two suggestions for you that I think could make great resource additions to your site:\r\nhttp://ergostoreonline.com\r\n\r\nVisitors to the site can get one-on-one usability assistance from the owner, over the phone. She\\\'s been selling ergonomic solutions since 1993 and REALLY knows her stuff.\r\n\r\nBased on the resources on your site, I wondered if you also might be interested in the Stand2Learn Desk, designed to fight childhood obesity and increase academic performance. The Stand2Learn Desk is great schools, homes and training settings:\r\nhttp://www.ergostoreonline.com/stand-2-learn-desk.html \r\n\r\nThanks for your time and the valuable resources on your site!\r\nValerie\r\n\r\n\r\nDISCONTINUE CONTACT\r\nDon\\\'t worry! You are not on any kind of mailing list because we identify and approach sites individually. However, it is not my intention to upset anyone by making contact. If I have inadvertently done so, first, please accept my apologies. Second, please let me know by replying with REMOVE in the subject line. Thank you!',11,91,'2012-06-29 16:41:53'),(423,NULL,'Jennifer Yee',7,92,'2012-07-02 14:37:31'),(424,NULL,'jennifer@hackcollege.com',8,92,'2012-07-02 14:37:32'),(425,NULL,'College Student 2.0 Project',10,92,'2012-07-02 14:37:32'),(426,NULL,'Hi there,\r\n\r\nI came across your page during my research for a project for which I am contributor. It is a resource primarily aimed at college-aged students and offers an insightful look at modern college survival with a heavy emphasis in technology. Our mission is to educate the students of the world about effective, open source software, putting techno-political arguments in everyday language, and creating a cult of “Students 2.0.” \r\n\r\nI would love to send over more details about this project and partner with you, let me know!\r\n\r\nThanks for your time. I look forward to working with you!\r\nJennifer',11,92,'2012-07-02 14:37:32'),(427,NULL,'Valerie Cecil',7,93,'2012-07-03 23:05:40'),(428,NULL,'valerie@outbounding.com',8,93,'2012-07-03 23:05:40'),(429,NULL,'follow up - dead page on your site',10,93,'2012-07-03 23:05:40'),(430,NULL,'Hello again,\r\n\r\nAfter doing some ergonomics research about a week ago, I contacted you regarding a broken link I came across on this page of your site:\r\nhttp://cuip.uchicago.edu/~efabiyi/bookmarks.htm\r\n\r\nOn this page, you’re pointing to a broken link: \r\nhttp://edmark.com/ \r\n\r\nI get an error in my browser when I try to click it and I imagine other researchers do too. That\\\'s no good!\r\n\r\nIf you’re still updating the page, you could fix it by using this URL instead:\r\nhttp://www.hmhinnovation.com/index.php \r\n\r\nAnd while you\\\'re updating that page I have a suggestion for you that I think makes a nice resource addition:\r\nhttp://ergostoreonline.com \r\n\r\nVisitors to the site can get one-on-one usability assistance from the owner, over the phone. She\\\'s been selling ergonomic solutions since 1993 and REALLY knows her stuff.\r\n\r\nBased on the resources on your site, I wondered if you also might be interested in the Stand2Learn Desk, designed to fight childhood obesity and increase academic performance. The Stand2Learn Desk is great for schools, homes and training settings:\r\nhttp://www.ergostoreonline.com/stand-2-learn-desk.html \r\n\r\nThanks for your time and the valuable resources on your site!\r\nValerie',11,93,'2012-07-03 23:05:40'),(431,NULL,'Estelle Shumann',7,94,'2012-07-07 16:04:26'),(432,NULL,'estelle.shumann10@gmail.com',8,94,'2012-07-07 16:04:26'),(433,NULL,'Florida Higher Education Resource Query',10,94,'2012-07-07 16:04:26'),(434,NULL,'Hi, \r\n\r\nI had a question about the listed college and career web resources for prospective students on your website. I would love to hear back from you, and if there is someone else I should be emailing, could you direct me to the appropriate contact?\r\n\r\nBest regards,\r\n\r\nEstelle',11,94,'2012-07-07 16:04:26'),(435,NULL,'Hildegard Chapman',7,95,'2012-07-15 15:03:16'),(436,NULL,'hildegard.chapman@wits.ac.za',8,95,'2012-07-15 15:03:16'),(437,NULL,'Using the Internet Logos  in an academic textbook',10,95,'2012-07-15 15:03:16'),(438,NULL,'Please can you put me in touch with the person who can give us permission to use the internet logos in an academic textbook',11,95,'2012-07-15 15:03:16'),(439,NULL,'Valerie Cecil',7,96,'2012-07-16 14:28:54'),(440,NULL,'valerie@outbounding.com',8,96,'2012-07-16 14:28:54'),(441,NULL,'2nd follow up - dead page on your site',10,96,'2012-07-16 14:28:54'),(442,NULL,'Hello again,\r\n\r\nI wanted to be sure to follow up with you one last time regarding a broken link I came across on this page of your site:\r\nhttp://cuip.uchicago.edu/~efabiyi/bookmarks.htm\r\n\r\nI know you’re likely swamped and fixing a broken link may well be last on your list of priorities, but I wanted to be sure to do my part :)\r\n\r\nOn this page, you’re pointing to a broken link: \r\nhttp://edmark.com/ \r\n\r\nI get an error in my browser when I try to click it and I imagine other researchers do too. That\\\'s no good!\r\n\r\nIf you’re still updating the page, you could fix it by using this URL instead:\r\nhttp://www.hmhinnovation.com/index.php \r\n\r\nAnd while you\\\'re updating that page I have a suggestion for you that I think would make a nice ergonomics resource addition. Visitors to the site will get individualized usability assistance from the owner herself. It’s truly a gem of a resource:\r\nhttp://ergostoreonline.com \r\n\r\nAlso, based on the resources on your site, I wondered if you might be interested in the Stand2Learn Desk, designed to fight childhood obesity and increase academic performance. The Stand2Learn Desk is great for schools, homes and training settings:\r\nhttp://www.ergostoreonline.com/stand-2-learn-desk.html \r\n\r\nThanks for your time and the valuable resources on your site!\r\nValerie',11,96,'2012-07-16 14:28:54'),(443,NULL,'Amanda Lewis',7,97,'2012-07-23 09:19:46'),(444,NULL,'amanda@mastersinteaching.net',8,97,'2012-07-23 09:19:46'),(445,NULL,'http://mastersinteaching.net',9,97,'2012-07-23 09:19:46'),(446,NULL,'Question',10,97,'2012-07-23 09:19:46'),(447,NULL,'Hi, I run a site dedicated to Teachers and teachers looking to explore a Masters Degree. It is called www.mastersinteaching.net and my goal is to help teaching students find all the information they need when it comes to choosing the best school for them. \r\nI was hoping you would not mind taking a look and posting a link to the page on your links or resources site? Any effort to help me spread the word would be great! Thank you! \r\nAmanda Lewis',11,97,'2012-07-23 09:19:46'),(448,NULL,'Tim Burke',7,98,'2012-07-27 16:50:24'),(449,NULL,'tim@goorulearning.org',8,98,'2012-07-27 16:50:24'),(450,NULL,'wwww.goorulearning.org',9,98,'2012-07-27 16:50:24'),(451,NULL,'Great talking with you at the CPS Tech Leadership Conference',10,98,'2012-07-27 16:50:24'),(452,NULL,'Hi Russ and Terry,\r\n\r\nIt was great speaking with you on Tuesday!  I\\\'m glad we connected and I look forward to hearing what you think of Gooru!  \r\nI didn\\\'t mention this then, but we have just released a search widget tool that can be placed on your website with a few simple steps.  Here is brief write up:\r\n\r\n\r\nWe just launched Gooru Search Widget that leverages Gooru\\\'s millions of curated resources, collections and quizzes and makes them accessible to users through your website or web application. Like Gooru web app and Gooru APIs, Gooru Search Widget is also free of cost and ads. Keeping teachers, students and organizations in mind, we made integration with the widget as simple as inserting a couple of lines of javascript on your page. \r\nhttp://widgets.goorulearning.org/gooru-search-widget/SearchWidget.html\r\n\r\nI would be more than happy to demo the widget and go over integration instructions in detail if you find this would be something of interest to you. \r\n\r\nLook forward to being in touch,\r\n\r\ntim',11,98,'2012-07-27 16:50:24'),(453,NULL,'Jocelyn Salada',7,99,'2012-08-08 15:25:26'),(454,NULL,'Jocelyn.Salada28@gmail.com',8,99,'2012-08-08 15:25:26'),(455,NULL,'Florida Higher Education Resource Query',10,99,'2012-08-08 15:25:26'),(456,NULL,'Hi,\r\n\r\nI had a question about the listed college and career web resources for prospective students on the http://www.onlineschools.org/guides/florida/ website. I would love to hear back from you, and if there is someone else I should be emailing, could you direct me to the appropriate contact?\r\n\r\nBest regards,\r\n\r\nJocelyn',11,99,'2012-08-08 15:25:26'),(457,NULL,'Karen Moore',7,100,'2012-08-22 17:06:24'),(458,NULL,'karen.moore117@gmail.com',8,100,'2012-08-22 17:06:25'),(459,NULL,'http://education.indiana.edu/cas/adol/adol.html',10,100,'2012-08-22 17:06:25'),(460,NULL,'Hi,\r\n\r\nI came across your website and wanted to notify you about a broken link on your page in case you weren\\\'t aware of it. The link on http://cuip.net/www4teach/98/teams/Peerpals/backup/teenresource.htm which links to http://education.indiana.edu/cas/adol/adol.html is no longer working. I\\\'ve included a link to a useful page with resources for parents with teenagers that you could replace the broken link with if you\\\'re interested in updating your site. Thanks for providing a great resource!\r\n\r\nLink: http://www.lifeinsurancequotes.org/additional-resources/parents-teenagers-resources\r\n\r\nBest,\r\nKaren',11,100,'2012-08-22 17:06:25'),(461,NULL,'Sarah B',7,101,'2012-08-27 09:02:21'),(462,NULL,'sarah@mastersinhistory.net',8,101,'2012-08-27 09:02:21'),(463,NULL,'http://www.mastersinhistory.net',9,101,'2012-08-27 09:02:21'),(464,NULL,'Question',10,101,'2012-08-27 09:02:21'),(465,NULL,'Hello,\r\nI am the owner of the website www.mastersinhisotry.net that helps provide information on career opportunities and degree information for those looking to pursue a college career or start a professional career. I happened to come across your site and realized it had great resources as well in the same industry and I was hoping you could include a link to mine if It’s not too much trouble. Any feedback or questions that you may have, I would love to discuss further.\r\nThanks again!',11,101,'2012-08-27 09:02:21'),(466,NULL,'Jen P',7,102,'2012-09-12 09:09:09'),(467,NULL,'jen@bsnprogram.com',8,102,'2012-09-12 09:09:09'),(468,NULL,'http://bsnprogram.com',9,102,'2012-09-12 09:09:09'),(469,NULL,'Question',10,102,'2012-09-12 09:09:09'),(470,NULL,'Hello,\r\n\r\nI am writing this to let you know about a site I have created bsnprogram.com , which I believe serves as a valuable resource for prospective nursing students, as well as anyone looking to advance their careers in the field of nursing. I was wondering if you could have a look at my site and if you agree that the content is useful and would fit in well with your resources, would you mind posting a link to it on yours? I think your resource page is compiled of very useful links and I feel my site would be a nice addition. If you agree, or have any other feedback, please don\\\'t hesitate to let me know.\r\n\r\nCheers,',11,102,'2012-09-12 09:09:09'),(471,NULL,'Lauren L',7,103,'2012-09-18 04:29:02'),(472,NULL,'lauren@associatesdegrees.com',8,103,'2012-09-18 04:29:02'),(473,NULL,'http://associatesdegrees.com/',9,103,'2012-09-18 04:29:02'),(474,NULL,'Question',10,103,'2012-09-18 04:29:02'),(475,NULL,'Hello,\r\nI am writing to let you know about a site I have created,associatesdegrees.com , which I made to be a helpful resource for students and professionals looking to launch their careers and earn their associates degree. I was wondering if you could take a look at my site, and if you agree with the quality of it, post a link to it on yours? I feel with the multiple useful resources you already offer, my site could be a great addition. Let me know if you have any questions or other feedback.\r\n\r\nCheers,',11,103,'2012-09-18 04:29:02'),(476,NULL,'Ashley Smithson',7,104,'2012-09-19 21:26:03'),(477,NULL,'ashleysmithson59@gmail.com',8,104,'2012-09-19 21:26:03'),(478,NULL,'Sexual health resource guide based on Planned Parenthood research',10,104,'2012-09-19 21:26:03'),(479,NULL,'Hi,\r\n\r\nI’ve recently co-authored an authoritative multipart resource that expands on Planned Parenthood’s safer sex guide - I was hoping to share it with you and your readers.\r\n\r\nAre you the correct person to get in touch with about including my resource among web.cuip.net’s external resources?  If not, please let me know who I should get in touch with.\r\n\r\nThanks in advance!\r\nAshley',11,104,'2012-09-19 21:26:03'),(480,NULL,'Megan H',7,105,'2012-09-27 05:32:18'),(481,NULL,'phdmegan2000@yahoo.com',8,105,'2012-09-27 05:32:18'),(482,NULL,'http://onlinephdprogram.org/',9,105,'2012-09-27 05:32:18'),(483,NULL,'Question',10,105,'2012-09-27 05:32:18'),(484,NULL,'Hello. My name is Megan and I created a site that I feel might be a good additional resoruce for your visitors, and I was hoping you\\\'d give it a quick look.\r\n\r\nMy site, http://onlinephdprogram.org, was created for people that might be struggling to find what kind of profession they want to pursue and where to start their search, and I was hoping that you\\\'d consider taking a look at it. If you thought it might benefit some of your readers, I\\\'d really appreciate you adding a link to it from your site.\r\n\r\nIf you have any questions, comments or feedback about my site, I\\\'d certainly like to hear back from you.\r\n\r\nThanks,\r\nMegan',11,105,'2012-09-27 05:32:18'),(485,NULL,'Megan H',7,106,'2012-09-28 04:17:39'),(486,NULL,'phdmegan2000@yahoo.com',8,106,'2012-09-28 04:17:39'),(487,NULL,'http://onlinephdprogram.org/',9,106,'2012-09-28 04:17:39'),(488,NULL,'Question',10,106,'2012-09-28 04:17:39'),(489,NULL,'Hello. My name is Megan and I created a site that I feel might be a good additional resoruce for your visitors, and I was hoping you\\\'d give it a quick look.\r\n\r\nMy site, http://onlinephdprogram.org, was created for people that might be struggling to find what kind of profession they want to pursue and where to start their search, and I was hoping that you\\\'d consider taking a look at it. If you thought it might benefit some of your readers, I\\\'d really appreciate you adding a link to it from your site.\r\n\r\nIf you have any questions, comments or feedback about my site, I\\\'d certainly like to hear back from you.\r\n\r\nThanks,\r\nMegan',11,106,'2012-09-28 04:17:39'),(490,NULL,'Megan H',7,107,'2012-09-28 04:18:02'),(491,NULL,'phdmegan2000@yahoo.com',8,107,'2012-09-28 04:18:02'),(492,NULL,'http://onlinephdprogram.org/',9,107,'2012-09-28 04:18:02'),(493,NULL,'Question',10,107,'2012-09-28 04:18:02'),(494,NULL,'Hello. My name is Megan and I created a site that I feel might be a good additional resoruce for your visitors, and I was hoping you\\\'d give it a quick look.\r\n\r\nMy site, http://onlinephdprogram.org, was created for people that might be struggling to find what kind of profession they want to pursue and where to start their search, and I was hoping that you\\\'d consider taking a look at it. If you thought it might benefit some of your readers, I\\\'d really appreciate you adding a link to it from your site.\r\n\r\nIf you have any questions, comments or feedback about my site, I\\\'d certainly like to hear back from you.\r\n\r\nThanks,\r\nMegan',11,107,'2012-09-28 04:18:02'),(495,NULL,'Jaden Cook',7,108,'2012-10-08 10:44:57'),(496,NULL,'jaden@forestrydegree.net',8,108,'2012-10-08 10:44:57'),(497,NULL,'http://forestrydegree.net/',9,108,'2012-10-08 10:44:57'),(498,NULL,'Other',10,108,'2012-10-08 10:44:57'),(499,NULL,'Hello,\r\n\r\nI work for ForestryDegree.net, and I’m writing to let you know about an article we have published highlighting the Top 100 Forestry Resources in 2012. You can view it here: http://forestrydegree.net/top-100-resources/\r\n\r\nI was hoping you would take a quick look at our article. I feel it is a great collection of sites for anyone interested in learning more about conservation, resource management, forestry careers, or simply exploring the great outdoors.\r\n\r\nThese final 100 sites were selected after a lengthy nomination period, and were included based on a variety of factors including their readership, quality of information, search ranking, update frequency, and overall commitment to championing conservation causes.\r\n\r\nWe\\\'re trying to spread the word about these great resources, so if you like the list, and think others would too, I\\\'d be thrilled if you would share it with your readers and anyone else you think would be interested.\r\n\r\nPlease don\\\'t hesitate to let me know if you have any questions or feedback about our article or site in general.\r\n\r\nCheers,\r\nJaden',11,108,'2012-10-08 10:44:57'),(500,NULL,'Jaden Cook',7,109,'2012-10-08 10:46:27'),(501,NULL,'jaden@forestrydegree.net',8,109,'2012-10-08 10:46:27'),(502,NULL,'http://forestrydegree.net/',9,109,'2012-10-08 10:46:27'),(503,NULL,'Other',10,109,'2012-10-08 10:46:27'),(504,NULL,'Hello,\r\n\r\nI work for ForestryDegree.net, and I’m writing to let you know about an article we have published highlighting the Top 100 Forestry Resources in 2012. You can view it here: http://forestrydegree.net/top-100-resources/\r\n\r\nI was hoping you would take a quick look at our article. I feel it is a great collection of sites for anyone interested in learning more about conservation, resource management, forestry careers, or simply exploring the great outdoors.\r\n\r\nThese final 100 sites were selected after a lengthy nomination period, and were included based on a variety of factors including their readership, quality of information, search ranking, update frequency, and overall commitment to championing conservation causes.\r\n\r\nWe\\\'re trying to spread the word about these great resources, so if you like the list, and think others would too, I\\\'d be thrilled if you would share it with your readers and anyone else you think would be interested.\r\n\r\nPlease don\\\'t hesitate to let me know if you have any questions or feedback about our article or site in general.\r\n\r\nCheers,\r\nJaden',11,109,'2012-10-08 10:46:27'),(505,NULL,'Hannah Edwards',7,110,'2012-10-08 22:13:50'),(506,NULL,'edwards.hannah007@gmail.com',8,110,'2012-10-08 22:13:50'),(507,NULL,'Broken Link on Your Site About Clocks and Calendars',10,110,'2012-10-08 22:13:50'),(508,NULL,'Hi,\r\n\r\nI came across your website and wanted to notify you about a broken link on your page in case you weren\\\'t aware of it. The link on http://cuip.net/~twaltrip/hotlist.htm which links to http://www.ecben.net/calendar.shtml is no longer working. I\\\'ve included a link to a useful page on LearnStuff.com that you could replace the broken link with if you\\\'re interested in updating your website. Thanks for providing a great resource!\r\n\r\nLink: http://www.learnstuff.com/learn-about-calendars-from-various-cultures/ \r\n\r\nBest,\r\n\r\nHannah Edwards',11,110,'2012-10-08 22:13:50'),(509,NULL,'Kim Young',7,111,'2012-10-25 20:28:05'),(510,NULL,'kim.young713@gmail.com',8,111,'2012-10-25 20:28:05'),(511,NULL,'http://www.iss.stthomas.edu/studyguides/',10,111,'2012-10-25 20:28:05'),(512,NULL,'Hi,\r\n\r\nI came across your website and wanted to notify you about a broken link on your page in case you weren\\\'t aware of it. The link on http://cuip.net/~efabiyi/bookmarks.htm which links to http://www.iss.stthomas.edu/studyguides/ is no longer working. I\\\'ve included a link to a useful page on new ways to study with our evolving classrooms that you could replace the broken link with if you\\\'re interested in updating your site. Thanks for providing a great resource!\r\n\r\nLink: http://www.onlinecollegecourses.com/2012/10/22/rethink-how-you-study/\r\n\r\nBest,\r\nKim',11,111,'2012-10-25 20:28:05'),(513,NULL,'erica clary',7,112,'2012-10-27 09:37:19'),(514,NULL,'ericaleeclary@yahoo.com',8,112,'2012-10-27 09:37:19'),(515,NULL,'fractions',10,112,'2012-10-27 09:37:19'),(516,NULL,'thank you ... after looking at like 8 sites for the formula to Adding Fractions with Different Denominators, yours was the first to actually make any sense. You explained it very simply and didn\\\'t skip any info. I appreciate you preventing me from wrecking my brain any further :)',11,112,'2012-10-27 09:37:19'),(517,NULL,'Greg Fishbein',7,113,'2012-10-31 16:56:52'),(518,NULL,'gfishbein@unitrends.com',8,113,'2012-10-31 16:56:52'),(519,NULL,'www.unitrends.com',9,113,'2012-10-31 16:56:52'),(520,NULL,'Sponsorship',10,113,'2012-10-31 16:56:52'),(521,NULL,'Hello,\r\n\r\nI\\\'m part of the Illinois team at Unitrends, a back up and recovery solution vendor, based out South Carolina.  We\\\'ve established a fairly significant presence in Illinois and have been working with a number of schools, libraries, and other education oriented organizations - Skyward, Illinois Library Association, dozens of local school districts, etc. - as both a standard vendor and partner.  As a part of our presence we offer free workshops related to developing a comprehensive back up and disaster recovery strategy.  I thought I\\\'d reach out to see if CUIP is open to discussing any sort of collaboration.  Please find a link to our website below.  \r\n\r\nBest,\r\n\r\nGreg Fishbein\r\nAccount Manager, Illinois\r\nUnitrends.com\r\n781.418-0445\r\ngfishbein@unitrends.com',11,113,'2012-10-31 16:56:52'),(522,NULL,'Ruth Clark',7,114,'2012-11-01 19:08:00'),(523,NULL,'ruth.clark43@gmail.com',8,114,'2012-11-01 19:08:01'),(524,NULL,'http://clerkkids.house.gov/',10,114,'2012-11-01 19:08:01'),(525,NULL,'Hi,\r\n\r\nI came across your website and wanted to notify you about a broken link on your page in case you weren\\\'t aware of it. The link on http://cuip.net/schools/mccosh/Classrooms/Activities/learning_center_activities_onlin.htm which links to http://clerkkids.house.gov/ is no longer working. I\\\'ve included a link to a useful page on how to effectively teach kids about our government that you could replace the broken link with if you\\\'re interested in updating your site. Thanks for providing a great resource!\r\n\r\nLink: http://www.teachingdegree.org/2012/10/29/kids-rule-the-white-house/\r\n\r\nBest,\r\nJessica',11,114,'2012-11-01 19:08:01'),(526,NULL,'Nina Robinson',7,115,'2012-11-08 04:16:42'),(527,NULL,'EducatorNina@yahoo.com',8,115,'2012-11-08 04:16:42'),(528,NULL,'http://www.onlinemastersineducation.org/teaching-resources',9,115,'2012-11-08 04:16:42'),(529,NULL,'100 Best Web Resources for Educators',10,115,'2012-11-08 04:16:42'),(530,NULL,'Hello,\r\nI work for OnlineMastersInEducation.org, and I’m writing to let you\r\nknow about an article we have published entitled 100 Best Web\r\nResources for Educators. You can view it here:\r\nhttp://www.onlinemastersineducation.org/teaching-resources\r\n\r\nI was hoping you would take a quick look at our article. I feel it is\r\na great collection of resources for anyone with a passion for\r\neducating students of all ages. Educators play a crucial role in\r\nsociety, and we feel this article can both inspire future teachers,\r\nand help current teachers improve their skills by seeing the great\r\nwork of their peers.\r\n\r\nThese final 100 were selected after a lengthy nomination period, and\r\nwere included based on a variety of factors including the quality of\r\ncontent, readership, search ranking, and update frequency.\r\n\r\nWe\\\'re trying to spread the word about this article, so if you like the\r\nlist, I\\\'d be thrilled if you would share it with your readers and\r\nanyone else you think would be interested.\r\n\r\nPlease don\\\'t hesitate to let me know if you have any questions or\r\nfeedback about the article or site in general!\r\n\r\nCheers,\r\nNina',11,115,'2012-11-08 04:16:42'),(531,NULL,'Jaden Cook',7,116,'2012-11-10 05:24:54'),(532,NULL,'jaden@forestrydegree.net',8,116,'2012-11-10 05:24:54'),(533,NULL,'http://forestrydegree.net/',9,116,'2012-11-10 05:24:54'),(534,NULL,'Top Forestry Resources in 2012',10,116,'2012-11-10 05:24:54'),(535,NULL,'Hello,\r\nI work for ForestryDegree.net, and I’m writing to let you know about\r\nan article we have published highlighting the Top 100 Forestry\r\nResources in 2012. You can view it here:\r\nhttp://forestrydegree.net/top-100-resources/\r\nI was hoping you would take a quick look at our article. I feel it is\r\na great collection of sites for anyone interested in learning more\r\nabout conservation, resource management, forestry careers, or simply\r\nexploring the great outdoors.\r\nThese final 100 sites were selected after a lengthy nomination period,\r\nand were included based on a variety of factors including their\r\nreadership, quality of information, search ranking, update frequency,\r\nand overall commitment to championing conservation causes.\r\nWe\\\'re trying to spread the word about these great resources, so if you\r\nlike the list, and think others would too, I\\\'d be thrilled if you\r\nwould share it with your readers and anyone else you think would be\r\ninterested.\r\nPlease don\\\'t hesitate to let me know if you have any questions or\r\nfeedback about our article or site in general.\r\nCheers,\r\nJaden',11,116,'2012-11-10 05:24:54'),(536,NULL,'Kate Gleason',7,117,'2012-11-27 06:13:45'),(537,NULL,'Kate@graphicdesignclasses.net',8,117,'2012-11-27 06:13:45'),(538,NULL,'http://graphicdesignclasses.net/graphic-greatness/',9,117,'2012-11-27 06:13:45'),(539,NULL,'100 Best Sites for Designers',10,117,'2012-11-27 06:13:45'),(540,NULL,'Hello,\r\nI work for GraphicDesignClasses.net, and I’m writing to let you know about an article we have published highlighting the 100 \r\n\r\nBest Sites for Graphic Designers. You can view it here: http://graphicdesignclasses.net/graphic-greatness/\r\nI was hoping you would take a quick look at our article. I feel it is a great collection of sites that are useful for \r\n\r\nstudents and professionals to improve their own skills, maximize their efficiency, and draw ideas from.\r\nThese final 100 sites were selected after a lengthy nomination period and were included based on a variety of factors \r\n\r\nincluding their creativity, quality of information, use for graphic design students and professionals, and overall adherence \r\n\r\nto design principals.\r\nWe\\\'re trying to spread the word about these great resources, so if you like the list, and think others would too, I\\\'d be \r\n\r\nthrilled if you would share it with your readers and anyone else you think would be interested.\r\nPlease don\\\'t hesitate to let me know if you have any questions or feedback about our article or site in general.\r\nBest,Kate',11,117,'2012-11-27 06:13:45'),(541,NULL,'Carisa Johnson',7,118,'2012-11-30 15:44:01'),(542,NULL,'crbryant@cps.edu',8,118,'2012-11-30 15:44:01'),(543,NULL,'Computer Leasing',10,118,'2012-11-30 15:44:01'),(544,NULL,'Good Morning!\r\nI sent Mitch, Tramayne & Russ an email earlier this week regarding computer leasing.  I never received a reply.  Did you receive it?  Please advise.\r\nThanks!',11,118,'2012-11-30 15:44:01'),(545,NULL,'Ruth Clark',7,119,'2012-12-05 21:18:21'),(546,NULL,'ruth.clark43@gmail.com',8,119,'2012-12-05 21:18:21'),(547,NULL,'http://school.discovery.com/lessonplans/',10,119,'2012-12-05 21:18:21'),(548,NULL,'Hi,\r\n\r\nI came across your website and wanted to notify you about a broken link on your page in case you weren\\\'t aware of it. The link on http://cuip.net/~camon/witmodule/myriadways.html which links to http://school.discovery.com/lessonplans/ is no longer working. I\\\'ve included a link to a useful page with a few websites that will help teacher\\\'s plan and critique their lesson plans for their students that you could replace the broken link with if you\\\'re interested in updating your site. Thanks for providing a great resource!\r\n\r\nLink: http://www.teachingdegree.org/2012/11/30/3-lesson-plan-sharing-platforms/\r\n\r\nBest,\r\nRuth',11,119,'2012-12-05 21:18:21'),(549,NULL,'Karen Ward',7,120,'2012-12-20 10:28:33'),(550,NULL,'Karen@onlinefnp.com',8,120,'2012-12-20 10:28:33'),(551,NULL,'http://onlinefnp.com/nursing-law/',9,120,'2012-12-20 10:28:33'),(552,NULL,'Top Resources for Nursing and Medical Law',10,120,'2012-12-20 10:28:33'),(553,NULL,'Hello,\r\n\r\nI help maintain the site OnlineFNP.com , and am writing to let you know about an article we have created entitled 100 Quality Resources for Nursing and Medical Law. You can view it here: http://onlinefnp.com/nursing-law/\r\n\r\nThis list highlights 100 of the best resources covering medical malpractice law, general nursing law, and more. Our readers are mainly nursing students and professionals, so we feel spreading awareness about legal issues in healthcare will help prepare them as they advance in their careers.\r\n\r\nWe’re trying to spread the word about this list not only to acknowledge some of the best legal resources in medicine, but also to spread awareness to as many doctors, nurses, and healthcare professionals beyond our reach as we can. To that end, I\\\'d be thrilled if you would share it with your readers, or anyone else you think could benefit from it.\r\n\r\nPlease don\\\'t hesitate to let me know if you have any general feedback or specific questions.\r\n\r\nBest,\r\nKaren Ward',11,120,'2012-12-20 10:28:33'),(554,NULL,'Laura Hester',7,121,'2012-12-28 06:19:56'),(555,NULL,'laura@onlinephdprogram.org',8,121,'2012-12-28 06:19:56'),(556,NULL,'http://onlinephdprogram.org/graduate-sites/',9,121,'2012-12-28 06:19:56'),(557,NULL,'100 Sites For PhD Candidates',10,121,'2012-12-28 06:19:56'),(558,NULL,'Hello,\r\n\r\nI help maintain the site OnlinePhDProgram.org, and I am writing to let you know about an article we\\\'ve published recognizing the top 100 sites by and for Master\\\'s and PhD Candidates: http://onlinephdprogram.org/graduate-sites/\r\n\r\nMy colleagues and I are passionate about graduate education and online mediums. These sites offer assistance to those who may be looking for ideas, educational resources or additional information that can help them succeed in their specific graduate programs. \r\n\r\nI feel this list of quality sites would be useful to many educators and students beyond our reach. To that end, I was hoping you\\\'d help spread the word about it by sharing it with your readers or anyone else you think would benefit from it. Please do let me know if you have any questions or comments.\r\n\r\nThanks so much, \r\nLaura Hester',11,121,'2012-12-28 06:19:56'),(559,NULL,'Ryan Lovell',7,122,'2013-01-03 15:03:38'),(560,NULL,'ryanl@esparklearning.com',8,122,'2013-01-03 15:03:39'),(561,NULL,'www.esparklearning.com',9,122,'2013-01-03 15:03:39'),(562,NULL,'Vendor Attendance',10,122,'2013-01-03 15:03:39'),(563,NULL,'What is the cost for a vendor to simply attend? How about to exhibit?\r\n\r\nIs there a site to go to for vendors?\r\n\r\nThanks!',11,122,'2013-01-03 15:03:39'),(564,NULL,'Taweewat Somboonpanyakul',7,123,'2013-01-08 16:22:20'),(565,NULL,'taweewats@uchicago.edu',8,123,'2013-01-08 16:22:21'),(566,NULL,'Question about available position for U of C students',10,123,'2013-01-08 16:22:21'),(567,NULL,'I have few questions regarding CUIP\r\n\r\n1. Is it still possible to apply for CUIP this quarter? I\\\'m non-work study college students. \r\n2. What time is it going to be like for the program?\r\n3. How do I apply? Do I just answer the questionnaire and turn in application in person? Or I have to send my application online as well. \r\n\r\nThank you, \r\n\r\nTaweewat',11,123,'2013-01-08 16:22:21'),(568,NULL,'Jill Boleski',7,124,'2013-01-09 09:08:58'),(569,NULL,'jill@onlinelpntorn.org',8,124,'2013-01-09 09:08:59'),(570,NULL,'http://onlinelpntorn.org/video-guide-to-lpn-to-rn-bridge-programs/',9,124,'2013-01-09 09:08:59'),(571,NULL,'Nursing video guide',10,124,'2013-01-09 09:08:59'),(572,NULL,'Hello,\r\n\r\nI help maintain the site OnlineLPNtoRN.org, which is an information resource for current and future students. I\\\'m writing to let you know about a video guide to LPN to RN bridge programs we\\\'ve created for our readers, prospective and current nursing students. You can view it here: http://onlinelpntorn.org/video-guide-to-lpn-to-rn-bridge-programs/\r\n\r\nI feel this video is a very useful resource for those that may have any interest in obtaining a nursing degree, learning more about the field itself, or simply investigating their next career step as it lays out a significant amount of useful information.\r\n\r\nI\\\'m trying to spread the word about this video to reach as many nurses, and aspiring nurses as possible beyond our own readership. So, if you think it\\\'s useful, and feel your site\\\'s visitors could potentially benefit from it, I\\\'d love if you could share it with them or anyone else you know of.\r\n\r\nIf you have any thoughts or questions for me, please let me know.\r\n\r\nWarm Regards,\r\nJill Boleski',11,124,'2013-01-09 09:09:00'),(573,NULL,'Todd Charette',7,125,'2013-03-01 15:26:33'),(574,NULL,'todd_charette@yahoo.com',8,125,'2013-03-01 15:26:33'),(575,NULL,'Trying to Locate Stephen Schneider',10,125,'2013-03-01 15:26:33'),(576,NULL,'If Steve Schneider is still employeed in your school system, please have him contact me at my email address.  We were buddies who served in SESERT STORM together and have found it impossible to locate him.  Thank you.',11,125,'2013-03-01 15:26:33'),(577,NULL,'Nicole Stoff',7,126,'2013-03-11 19:50:13'),(578,NULL,'nicole.college@answers.com',8,126,'2013-03-11 19:50:13'),(579,NULL,'quick note - dead link on your site',10,126,'2013-03-11 19:50:13'),(580,NULL,'Hello,\r\n\r\nI came across your site while researching and I noticed you had a dead resource listed - are you still updating your site?\r\n\r\nThe dead resource is on another site, but you mention it here:\r\nhttp://cuip.net/~rcollins/introconclus.html\r\n\r\nThis is the page that\\\'s no longer active:\r\nhttp://school.discovery.com/students\r\n\r\nIt looks like that page now lives here:\r\nhttp://www.discoveryeducation.com/students/index.cfm\r\n\r\nAlso, if you make that update, I wondered whether you might consider an additional resource?\r\n\r\nThis is a great guide that contains everything you need to know about gearing up for college - whether it’s a month or a decade away!\r\n\r\nThe Kids\\\' Guide to Higher Education from Answers.com\r\nhttp://college.answers.com/\r\n\r\nThanks very much - I appreciate your time and consideration!\r\n\r\nBest,\r\nNicki',11,126,'2013-03-11 19:50:13'),(581,NULL,'Nicole Stoff',7,127,'2013-03-13 18:27:58'),(582,NULL,'nicole.college@answers.com',8,127,'2013-03-13 18:27:58'),(583,NULL,'follow up - dead link on your site',10,127,'2013-03-13 18:27:58'),(584,NULL,'Hello,\r\n\r\nI wanted to send a quick follow-up to an email I sent to you a few days ago regarding a dead link on your site.\r\n\r\nAs a refresher, I was reading through the resources on this page of your site:\r\nhttp://cuip.net/~rcollins/introconclus.html\r\n\r\nAnd found that this page is no longer active:\r\nhttp://school.discovery.com/students \r\n\r\nIt looks like that page now lives here:\r\nhttp://www.discoveryeducation.com/students/index.cfm \r\n\r\nAlso, if you make that update, I wondered whether you might consider an additional resource?\r\n\r\nThis is a great guide that contains everything you need to know about gearing up for college - whether it’s a month or a decade away!\r\n\r\nThe Kids\\\' Guide to Higher Education from Answers.com\r\nhttp://college.answers.com/ \r\n\r\nThanks very much - I appreciate your time and consideration!\r\n\r\nBest,\r\nNicki',11,127,'2013-03-13 18:27:58'),(585,NULL,'Patrick Del Rosario',7,128,'2013-03-19 01:00:04'),(586,NULL,'patrick@oc.edu.au',8,128,'2013-03-19 01:00:04'),(587,NULL,'http://www.opencolleges.edu.au/',9,128,'2013-03-19 01:00:04'),(588,NULL,'cuip.uchicago.edu question',10,128,'2013-03-19 01:00:04'),(589,NULL,'hi there,\r\n\r\nAre you still updating cuip.uchicago.edu? I found a broken link I\\\'d like to point out.\r\n\r\n-Patrick Del Rosario',11,128,'2013-03-19 01:00:04');

--
-- Table structure for table `wp_frm_items`
--

CREATE TABLE `wp_frm_items` (
  `id` int(11) NOT NULL AUTO_INCREMENT,
  `item_key` varchar(255) DEFAULT NULL,
  `name` varchar(255) DEFAULT NULL,
  `description` text,
  `form_id` int(11) DEFAULT NULL,
  `parent_item_id` int(11) DEFAULT NULL,
  `created_at` datetime NOT NULL,
  `ip` text,
  `post_id` int(11) DEFAULT NULL,
  `user_id` int(11) DEFAULT NULL,
  `updated_by` int(11) DEFAULT NULL,
  `updated_at` datetime NOT NULL,
  PRIMARY KEY (`id`),
  UNIQUE KEY `item_key` (`item_key`),
  KEY `form_id` (`form_id`),
  KEY `parent_item_id` (`parent_item_id`),
  KEY `post_id` (`post_id`),
  KEY `user_id` (`user_id`)
) ENGINE=MyISAM AUTO_INCREMENT=129 DEFAULT CHARSET=utf8;

--
-- Dumping data for table `wp_frm_items`
--

INSERT INTO `wp_frm_items` (`id`, `item_key`, `name`, `description`, `form_id`, `parent_item_id`, `created_at`, `ip`, `post_id`, `user_id`, `updated_by`, `updated_at`) VALUES (1,'vijueu','SR','a:3:{s:2:\"ip\";s:14:\"128.135.229.14\";s:7:\"browser\";s:128:\"Mozilla/5.0 (Macintosh; U; Intel Mac OS X 10_5_8; en-us) AppleWebKit/531.21.8 (KHTML, like Gecko) Version/4.0.4 Safari/531.21.10\";s:8:\"referrer\";s:29:\"http://news.cuip.net/contact/\";}',2,NULL,'2010-02-19 19:28:13','128.135.229.14',NULL,NULL,NULL,'0000-00-00 00:00:00'),(2,'um4pyi','Jaime Jack','a:2:{s:7:\"browser\";s:95:\"Mozilla/5.0 (Windows; U; Windows NT 5.1; en-US; rv:1.9.1.9) Gecko/20100315 Firefox/3.5.9 GTB7.0\";s:8:\"referrer\";s:29:\"http://news.cuip.net/contact/\";}',2,NULL,'2010-06-18 07:07:13','122.161.105.143',NULL,NULL,NULL,'0000-00-00 00:00:00'),(3,'7i2m3n','fdkyoc@ehsiox.com','a:2:{s:7:\"browser\";s:55:\"Mozilla/4.0 (compatible; MSIE 6.0; Windows NT 5.1; SV1)\";s:8:\"referrer\";s:29:\"http://news.cuip.net/contact/\";}',2,NULL,'2010-10-01 17:59:13','113.35.91.202',NULL,NULL,NULL,'0000-00-00 00:00:00'),(4,'ayquyd','waspdj@turhhh.com','a:2:{s:7:\"browser\";s:55:\"Mozilla/4.0 (compatible; MSIE 6.0; Windows NT 5.1; SV1)\";s:8:\"referrer\";s:29:\"http://news.cuip.net/contact/\";}',2,NULL,'2010-10-02 22:02:53','198.185.241.254',NULL,NULL,NULL,'0000-00-00 00:00:00'),(5,'q54c07','bnvjkg@ygmlgc.com','a:2:{s:7:\"browser\";s:55:\"Mozilla/4.0 (compatible; MSIE 6.0; Windows NT 5.1; SV1)\";s:8:\"referrer\";s:29:\"http://news.cuip.net/contact/\";}',2,NULL,'2010-10-17 19:13:15','194.31.241.222',NULL,NULL,NULL,'0000-00-00 00:00:00'),(6,'p9pfej','lofzol@flaojm.com','a:2:{s:7:\"browser\";s:55:\"Mozilla/4.0 (compatible; MSIE 6.0; Windows NT 5.1; SV1)\";s:8:\"referrer\";s:29:\"http://news.cuip.net/contact/\";}',2,NULL,'2010-10-19 15:18:29','210.105.3.131',NULL,NULL,NULL,'0000-00-00 00:00:00'),(7,'vddpim','wqrlbc@cirahd.com','a:2:{s:7:\"browser\";s:55:\"Mozilla/4.0 (compatible; MSIE 6.0; Windows NT 5.1; SV1)\";s:8:\"referrer\";s:29:\"http://news.cuip.net/contact/\";}',2,NULL,'2010-10-23 21:19:53','64.186.153.199',NULL,NULL,NULL,'0000-00-00 00:00:00'),(8,'7r7pvp','atcpsr@ylbtji.com','a:2:{s:7:\"browser\";s:55:\"Mozilla/4.0 (compatible; MSIE 6.0; Windows NT 5.1; SV1)\";s:8:\"referrer\";s:29:\"http://news.cuip.net/contact/\";}',2,NULL,'2010-10-24 20:47:07','122.166.2.207',NULL,NULL,NULL,'0000-00-00 00:00:00'),(9,'1s62ul','mhyjln@eflyui.com','a:2:{s:7:\"browser\";s:55:\"Mozilla/4.0 (compatible; MSIE 6.0; Windows NT 5.1; SV1)\";s:8:\"referrer\";s:29:\"http://news.cuip.net/contact/\";}',2,NULL,'2010-10-24 21:57:43','208.44.108.30',NULL,NULL,NULL,'0000-00-00 00:00:00'),(10,'w1havs','Gregory Gulik','a:2:{s:7:\"browser\";s:116:\"Mozilla/5.0 (Windows; U; Windows NT 6.1; en-US) AppleWebKit/534.7 (KHTML, like Gecko) Chrome/7.0.517.44 Safari/534.7\";s:8:\"referrer\";s:29:\"http://news.cuip.net/contact/\";}',2,NULL,'2010-11-24 16:57:31','24.1.95.232',NULL,NULL,NULL,'0000-00-00 00:00:00'),(11,'c2imlh','GzYxBsWzRt','a:2:{s:7:\"browser\";s:55:\"Mozilla/4.0 (compatible; MSIE 6.0; Windows NT 5.1; SV1)\";s:8:\"referrer\";s:28:\"http://web.cuip.net/contact/\";}',2,NULL,'2011-01-08 15:39:35','174.133.230.37',NULL,NULL,NULL,'0000-00-00 00:00:00'),(12,'7p50lj','tYkJVWCaXwYgGWHa','a:2:{s:7:\"browser\";s:46:\"Mozilla/5.0 (Windows NT 5.1; U; en) Opera 8.01\";s:8:\"referrer\";s:28:\"http://web.cuip.net/contact/\";}',2,NULL,'2011-01-08 19:18:59','194.149.210.66',NULL,NULL,NULL,'0000-00-00 00:00:00'),(13,'duhgyh','oBWKhkdFwIxOUbum','a:2:{s:7:\"browser\";s:46:\"Mozilla/5.0 (Windows NT 5.1; U; en) Opera 8.01\";s:8:\"referrer\";s:28:\"http://web.cuip.net/contact/\";}',2,NULL,'2011-01-08 23:01:29','205.123.248.18',NULL,NULL,NULL,'0000-00-00 00:00:00'),(14,'lx3k6a','aPuBFgHOh','a:2:{s:7:\"browser\";s:92:\"Mozilla/5.0 (Windows; U; Windows NT 5.1; en-US; rv:1.9.0.10) Gecko/2009042316 Firefox/3.0.10\";s:8:\"referrer\";s:28:\"http://web.cuip.net/contact/\";}',2,NULL,'2011-01-09 00:43:31','84.233.174.4',NULL,NULL,NULL,'0000-00-00 00:00:00'),(15,'9zsmo7','xwBzfGINEbflTJDPwc','a:2:{s:7:\"browser\";s:46:\"Mozilla/5.0 (Windows NT 5.1; U; en) Opera 8.01\";s:8:\"referrer\";s:28:\"http://web.cuip.net/contact/\";}',2,NULL,'2011-01-09 02:05:34','173.0.57.178',NULL,NULL,NULL,'0000-00-00 00:00:00'),(16,'2alocv','RDkGtCynJZxR','a:2:{s:7:\"browser\";s:46:\"Mozilla/5.0 (Windows NT 5.1; U; en) Opera 8.01\";s:8:\"referrer\";s:28:\"http://web.cuip.net/contact/\";}',2,NULL,'2011-01-09 03:36:11','81.16.224.130',NULL,NULL,NULL,'0000-00-00 00:00:00'),(17,'tg9dk0','xlqxmi@ctbulc.com','a:2:{s:7:\"browser\";s:55:\"Mozilla/4.0 (compatible; MSIE 6.0; Windows NT 5.1; SV1)\";s:8:\"referrer\";s:28:\"http://web.cuip.net/contact/\";}',2,NULL,'2011-01-26 18:38:35','85.17.26.68',NULL,NULL,NULL,'0000-00-00 00:00:00'),(18,'kqnoa2','Gloria Ellenbaum','a:2:{s:7:\"browser\";s:163:\"Mozilla/4.0 (compatible; MSIE 8.0; Windows NT 6.0; Trident/4.0; SLCC1; .NET CLR 2.0.50727; Media Center PC 5.0; InfoPath.2; .NET CLR 3.5.30729; .NET CLR 3.0.30618)\";s:8:\"referrer\";s:28:\"http://web.cuip.net/contact/\";}',2,NULL,'2011-01-26 19:30:54','66.99.51.174',NULL,NULL,NULL,'0000-00-00 00:00:00'),(19,'42cc0e','njFTOMpAujlW','a:2:{s:7:\"browser\";s:55:\"Mozilla/4.0 (compatible; MSIE 6.0; Windows NT 5.1; SV1)\";s:8:\"referrer\";s:28:\"http://web.cuip.net/contact/\";}',2,NULL,'2011-02-17 07:07:19','189.77.217.234',NULL,NULL,NULL,'0000-00-00 00:00:00'),(20,'5vn66l','uopiaOpu','a:2:{s:7:\"browser\";s:55:\"Mozilla/4.0 (compatible; MSIE 6.0; Windows NT 5.1; SV1)\";s:8:\"referrer\";s:28:\"http://web.cuip.net/contact/\";}',2,NULL,'2011-02-17 07:47:14','128.249.1.206',NULL,NULL,NULL,'0000-00-00 00:00:00'),(21,'x6h1ab','nsjFBFCavohURyWIAJ','a:2:{s:7:\"browser\";s:90:\"Mozilla/5.0 (Windows; U; Windows NT 5.1; en-US; rv:1.9.0.5) Gecko/2008120122 Firefox/3.0.5\";s:8:\"referrer\";s:28:\"http://web.cuip.net/contact/\";}',2,NULL,'2011-02-17 08:26:08','142.22.16.50',NULL,NULL,NULL,'0000-00-00 00:00:00'),(22,'ecgbjo','NQnKtgLpyocxsUsN','a:2:{s:7:\"browser\";s:92:\"Mozilla/5.0 (Windows; U; Windows NT 5.1; en-US; rv:1.9.0.10) Gecko/2009042316 Firefox/3.0.10\";s:8:\"referrer\";s:28:\"http://web.cuip.net/contact/\";}',2,NULL,'2011-02-17 09:35:00','158.109.168.41',NULL,NULL,NULL,'0000-00-00 00:00:00'),(23,'iw2wcx','OkfwRxasHpsviANb','a:2:{s:7:\"browser\";s:55:\"Mozilla/4.0 (compatible; MSIE 6.0; Windows NT 5.1; SV1)\";s:8:\"referrer\";s:28:\"http://web.cuip.net/contact/\";}',2,NULL,'2011-02-17 13:45:55','194.126.21.7',NULL,NULL,NULL,'0000-00-00 00:00:00'),(24,'u26vy2','rIsJaKmFTZQVg','a:2:{s:7:\"browser\";s:46:\"Mozilla/5.0 (Windows NT 5.1; U; en) Opera 8.01\";s:8:\"referrer\";s:28:\"http://web.cuip.net/contact/\";}',2,NULL,'2011-02-17 14:23:13','66.204.16.253',NULL,NULL,NULL,'0000-00-00 00:00:00'),(25,'etat44','qjXpQeaslj','a:2:{s:7:\"browser\";s:55:\"Mozilla/4.0 (compatible; MSIE 6.0; Windows NT 5.1; SV1)\";s:8:\"referrer\";s:28:\"http://web.cuip.net/contact/\";}',2,NULL,'2011-02-17 14:55:17','57.90.36.29',NULL,NULL,NULL,'0000-00-00 00:00:00'),(26,'gwkdcv','tcavAHlFz','a:2:{s:7:\"browser\";s:90:\"Mozilla/5.0 (Windows; U; Windows NT 5.1; en-US; rv:1.9.0.5) Gecko/2008120122 Firefox/3.0.5\";s:8:\"referrer\";s:28:\"http://web.cuip.net/contact/\";}',2,NULL,'2011-02-17 15:55:43','123.124.170.2',NULL,NULL,NULL,'0000-00-00 00:00:00'),(27,'9apavh','Wendy Poush','a:2:{s:7:\"browser\";s:111:\"Mozilla/5.0 (Windows; U; Windows NT 5.1; en-US; rv:1.9.2.13) Gecko/20101203 Firefox/3.6.13 (.NET CLR 3.5.30729)\";s:8:\"referrer\";s:28:\"http://web.cuip.net/contact/\";}',2,NULL,'2011-02-22 19:49:33','209.234.90.239',NULL,NULL,NULL,'0000-00-00 00:00:00'),(28,'62r62o','rooznu@hjgtom.com','a:2:{s:7:\"browser\";s:55:\"Mozilla/4.0 (compatible; MSIE 6.0; Windows NT 5.1; SV1)\";s:8:\"referrer\";s:28:\"http://web.cuip.net/contact/\";}',2,NULL,'2011-03-01 11:58:25','94.100.25.52',NULL,NULL,NULL,'0000-00-00 00:00:00'),(29,'4gasoo','Elisabeth Murphy','a:2:{s:7:\"browser\";s:112:\"Mozilla/5.0 (Windows; U; Windows NT 5.1; es-ES; rv:1.9.2.15) Gecko/20110303 Firefox/3.6.15 ( .NET CLR 3.5.30729)\";s:8:\"referrer\";s:28:\"http://web.cuip.net/contact/\";}',2,NULL,'2011-03-10 16:42:41','87.216.161.175',NULL,NULL,NULL,'0000-00-00 00:00:00'),(30,'6v9es3','Edric J. Robertson','a:2:{s:7:\"browser\";s:161:\"Mozilla/4.0 (compatible; MSIE 8.0; Windows NT 5.1; Trident/4.0; .NET CLR 1.0.3705; .NET CLR 1.1.4322; Media Center PC 4.0; BO1IE8_v1;ENUS; AskTbFWV5/5.9.1.14019)\";s:8:\"referrer\";s:29:\"http://news.cuip.net/contact/\";}',2,NULL,'2011-03-11 01:33:06','184.38.64.57',NULL,NULL,NULL,'0000-00-00 00:00:00'),(31,'tu4kpt','Edric Robertson','a:2:{s:7:\"browser\";s:161:\"Mozilla/4.0 (compatible; MSIE 8.0; Windows NT 5.1; Trident/4.0; .NET CLR 1.0.3705; .NET CLR 1.1.4322; Media Center PC 4.0; BO1IE8_v1;ENUS; AskTbFWV5/5.9.1.14019)\";s:8:\"referrer\";s:29:\"http://news.cuip.net/contact/\";}',2,NULL,'2011-03-11 01:35:19','184.38.64.57',NULL,NULL,NULL,'0000-00-00 00:00:00'),(32,'az1t13','isyaql@ucgpsz.com','a:2:{s:7:\"browser\";s:55:\"Mozilla/4.0 (compatible; MSIE 6.0; Windows NT 5.1; SV1)\";s:8:\"referrer\";s:28:\"http://web.cuip.net/contact/\";}',2,NULL,'2011-03-13 15:49:25','91.212.226.170',NULL,NULL,NULL,'0000-00-00 00:00:00'),(33,'w1q0y8','PpIthjQugdjfWI','a:2:{s:7:\"browser\";s:55:\"Mozilla/4.0 (compatible; MSIE 6.0; Windows NT 5.1; SV1)\";s:8:\"referrer\";s:28:\"http://web.cuip.net/contact/\";}',2,NULL,'2011-03-27 03:40:33','95.211.110.135',NULL,NULL,NULL,'0000-00-00 00:00:00'),(34,'p89mt','Stuart Kurtz','a:2:{s:7:\"browser\";s:129:\"Mozilla/5.0 (Macintosh; U; Intel Mac OS X 10_6_7; en-us) AppleWebKit/533.20.25 (KHTML, like Gecko) Version/5.0.4 Safari/533.20.27\";s:8:\"referrer\";s:28:\"http://web.cuip.net/contact/\";}',2,NULL,'2011-04-01 14:36:25','98.214.61.223',NULL,NULL,NULL,'0000-00-00 00:00:00'),(35,'xviet3','ulLMfNafEsCSqnnKM','a:2:{s:7:\"browser\";s:55:\"Mozilla/4.0 (compatible; MSIE 6.0; Windows NT 5.1; SV1)\";s:8:\"referrer\";s:28:\"http://web.cuip.net/contact/\";}',2,NULL,'2011-04-12 16:14:17','95.211.110.135',NULL,NULL,NULL,'0000-00-00 00:00:00'),(36,'wu4w13','Elizabeth McGhee Hassrick','a:2:{s:7:\"browser\";s:112:\"Mozilla/5.0 (Windows; U; Windows NT 5.1; en-US; rv:1.9.2.16) Gecko/20110319 Firefox/3.6.16 ( .NET CLR 3.5.30729)\";s:8:\"referrer\";s:28:\"http://web.cuip.net/contact/\";}',2,NULL,'2011-04-14 15:12:30','128.135.133.13',NULL,NULL,NULL,'0000-00-00 00:00:00'),(37,'wlqzr8','qnplde@smrdst.com','a:2:{s:7:\"browser\";s:55:\"Mozilla/4.0 (compatible; MSIE 6.0; Windows NT 5.1; SV1)\";s:8:\"referrer\";s:28:\"http://web.cuip.net/contact/\";}',2,NULL,'2011-04-20 14:48:46','81.25.50.202',NULL,NULL,NULL,'0000-00-00 00:00:00'),(38,'qtd3mu','zwhdvd@ypnzzb.com','a:2:{s:7:\"browser\";s:55:\"Mozilla/4.0 (compatible; MSIE 6.0; Windows NT 5.1; SV1)\";s:8:\"referrer\";s:28:\"http://web.cuip.net/contact/\";}',2,NULL,'2011-05-03 16:32:04','75.25.158.41',NULL,NULL,NULL,'0000-00-00 00:00:00'),(39,'mfsd0f','mkqhxd@gzsoyr.com','a:2:{s:7:\"browser\";s:55:\"Mozilla/4.0 (compatible; MSIE 6.0; Windows NT 5.1; SV1)\";s:8:\"referrer\";s:29:\"http://news.cuip.net/contact/\";}',2,NULL,'2011-05-11 07:49:46','213.71.18.93',NULL,NULL,NULL,'0000-00-00 00:00:00'),(40,'itm3fn','jnxxdm@hhlwao.com','a:2:{s:7:\"browser\";s:55:\"Mozilla/4.0 (compatible; MSIE 6.0; Windows NT 5.1; SV1)\";s:8:\"referrer\";s:28:\"http://web.cuip.net/contact/\";}',2,NULL,'2011-05-11 07:52:54','72.46.64.134',NULL,NULL,NULL,'0000-00-00 00:00:00'),(41,'kdasst','cnnqjy@zvkjxv.com','a:2:{s:7:\"browser\";s:55:\"Mozilla/4.0 (compatible; MSIE 6.0; Windows NT 5.1; SV1)\";s:8:\"referrer\";s:28:\"http://web.cuip.net/contact/\";}',2,NULL,'2011-05-11 07:56:40','186.56.20.93',NULL,NULL,NULL,'0000-00-00 00:00:00'),(42,'fs4l2i','rvjoen@dkerbe.com','a:2:{s:7:\"browser\";s:55:\"Mozilla/4.0 (compatible; MSIE 6.0; Windows NT 5.1; SV1)\";s:8:\"referrer\";s:28:\"http://web.cuip.net/contact/\";}',2,NULL,'2011-05-12 12:13:08','210.171.130.75',NULL,NULL,NULL,'0000-00-00 00:00:00'),(43,'eskot2','trhjwk@ixvtur.com','a:2:{s:7:\"browser\";s:55:\"Mozilla/4.0 (compatible; MSIE 6.0; Windows NT 5.1; SV1)\";s:8:\"referrer\";s:29:\"http://news.cuip.net/contact/\";}',2,NULL,'2011-05-12 23:35:58','217.13.127.179',NULL,NULL,NULL,'0000-00-00 00:00:00'),(44,'m04yq3','zavdvf@foqbes.com','a:2:{s:7:\"browser\";s:55:\"Mozilla/4.0 (compatible; MSIE 6.0; Windows NT 5.1; SV1)\";s:8:\"referrer\";s:28:\"http://web.cuip.net/contact/\";}',2,NULL,'2011-05-12 23:39:09','212.51.207.126',NULL,NULL,NULL,'0000-00-00 00:00:00'),(45,'f2buos','osmrzd@vkjhll.com','a:2:{s:7:\"browser\";s:55:\"Mozilla/4.0 (compatible; MSIE 6.0; Windows NT 5.1; SV1)\";s:8:\"referrer\";s:28:\"http://web.cuip.net/contact/\";}',2,NULL,'2011-05-13 22:12:06','150.214.20.116',NULL,NULL,NULL,'0000-00-00 00:00:00'),(46,'xg61sg','nnqnwz@vaizps.com','a:2:{s:7:\"browser\";s:55:\"Mozilla/4.0 (compatible; MSIE 6.0; Windows NT 5.1; SV1)\";s:8:\"referrer\";s:28:\"http://web.cuip.net/contact/\";}',2,NULL,'2011-05-17 05:10:55','86.188.201.118',NULL,NULL,NULL,'0000-00-00 00:00:00'),(47,'v4hzdk','pajscq@rsqkwv.com','a:2:{s:7:\"browser\";s:55:\"Mozilla/4.0 (compatible; MSIE 6.0; Windows NT 5.1; SV1)\";s:8:\"referrer\";s:28:\"http://web.cuip.net/contact/\";}',2,NULL,'2011-05-17 05:19:02','82.137.196.241',NULL,NULL,NULL,'0000-00-00 00:00:00'),(48,'pc66gn','yqeuob@youfwh.com','a:2:{s:7:\"browser\";s:55:\"Mozilla/4.0 (compatible; MSIE 6.0; Windows NT 5.1; SV1)\";s:8:\"referrer\";s:28:\"http://web.cuip.net/contact/\";}',2,NULL,'2011-05-17 05:21:41','93.110.96.158',NULL,NULL,NULL,'0000-00-00 00:00:00'),(49,'rfw8l','Laura Pierce','a:2:{s:7:\"browser\";s:83:\"Mozilla/5.0 (Macintosh; Intel Mac OS X 10.6; rv:2.0.1) Gecko/20100101 Firefox/4.0.1\";s:8:\"referrer\";s:28:\"http://web.cuip.net/contact/\";}',2,NULL,'2011-05-20 10:31:49','95.61.117.147',NULL,NULL,NULL,'0000-00-00 00:00:00'),(50,'ub7zto','UKHJXvuca','a:2:{s:7:\"browser\";s:70:\"Mozilla/5.0 (Windows NT 6.1; WOW64; rv:2.0) Gecko/20100101 Firefox/4.0\";s:8:\"referrer\";s:28:\"http://web.cuip.net/contact/\";}',2,NULL,'2011-05-26 14:09:15','91.224.160.4',NULL,NULL,NULL,'0000-00-00 00:00:00'),(51,'bc9svc','Michael O\\\'Brien','a:2:{s:7:\"browser\";s:127:\"Mozilla/5.0 (Macintosh; U; Intel Mac OS X 10_5_8; en-us) AppleWebKit/533.21.1 (KHTML, like Gecko) Version/5.0.5 Safari/533.21.1\";s:8:\"referrer\";s:28:\"http://web.cuip.net/contact/\";}',2,NULL,'2011-06-14 19:36:16','71.136.234.194',NULL,NULL,NULL,'0000-00-00 00:00:00'),(52,'xv95jr','Gregory Williams','a:2:{s:7:\"browser\";s:138:\"Mozilla/4.0 (compatible; MSIE 7.0; Windows NT 6.0; SLCC1; .NET CLR 2.0.50727; Media Center PC 5.0; .NET CLR 3.0.30618; .NET CLR 3.5.30729)\";s:8:\"referrer\";s:28:\"http://web.cuip.net/contact/\";}',2,NULL,'2011-06-19 16:45:17','69.171.163.37',NULL,NULL,NULL,'0000-00-00 00:00:00'),(53,'d0ym4i',' Anna Beth Craig','a:2:{s:7:\"browser\";s:106:\"Mozilla/5.0 (X11; U; Linux i686; en-US; rv:1.9.2.17) Gecko/20110422 Ubuntu/10.10 (maverick) Firefox/3.6.17\";s:8:\"referrer\";s:2420:\"Referer 1:          http://cuip.uchicago.edu/\r\nReferer 2:          Type-in or bookmark\r\n\r\nPage visited 1:     http://web.cuip.net/\r\nPage visited 2:     http://web.cuip.net/wp-content/themes/malleable/hybrid/library/css/20px.css\r\nPage visited 3:     http://web.cuip.net/wp-content/themes/malleable/hybrid/library/css/plugins.css\r\nPage visited 4:     http://web.cuip.net/wp-content/themes/malleable/hybrid/library/css/drop-downs.css\r\nPage visited 5:     http://web.cuip.net/\r\nPage visited 6:     http://web.cuip.net/wp-content/themes/malleable/hybrid/library/css/20px.css\r\nPage visited 7:     http://web.cuip.net/wp-content/themes/malleable/hybrid/library/css/drop-downs.css\r\nPage visited 8:     http://web.cuip.net/wp-content/themes/malleable/hybrid/library/css/plugins.css\r\nPage visited 9:     http://web.cuip.net/contact/\r\nPage visited 10:    http://web.cuip.net/about/\r\nPage visited 11:    http://web.cuip.net/wp-content/themes/malleable/hybrid/library/css/plugins.css\r\nPage visited 12:    http://web.cuip.net/wp-content/themes/malleable/hybrid/library/css/20px.css\r\nPage visited 13:    http://web.cuip.net/wp-content/themes/malleable/hybrid/library/css/drop-downs.css\r\nPage visited 14:    http://web.cuip.net/contact/\r\nPage visited 15:    http://web.cuip.net/wp-content/themes/malleable/hybrid/library/css/20px.css\r\nPage visited 16:    http://web.cuip.net/wp-content/themes/malleable/hybrid/library/css/drop-downs.css\r\nPage visited 17:    http://web.cuip.net/wp-content/themes/malleable/hybrid/library/css/plugins.css\r\nPage visited 18:    http://web.cuip.net/about/\r\nPage visited 19:    http://web.cuip.net/wp-content/themes/malleable/hybrid/library/css/drop-downs.css\r\nPage visited 20:    http://web.cuip.net/wp-content/themes/malleable/hybrid/library/css/plugins.css\r\nPage visited 21:    http://web.cuip.net/wp-content/themes/malleable/hybrid/library/css/20px.css\r\nPage visited 22:    http://web.cuip.net/photos/\r\nPage visited 23:    http://web.cuip.net/staff/\r\nPage visited 24:    http://web.cuip.net/contact/\r\nPage visited 25:    http://web.cuip.net/wp-content/themes/malleable/hybrid/library/css/20px.css\r\nPage visited 26:    http://web.cuip.net/wp-content/themes/malleable/hybrid/library/css/plugins.css\r\nPage visited 27:    http://web.cuip.net/wp-content/themes/malleable/hybrid/library/css/drop-downs.css\r\nPage visited 28:    http://web.cuip.net/photos/\r\nPage visited 29:    http://web.cuip.net/contact/\r\n\r\n\r\n\";}',2,NULL,'2011-07-11 13:46:25','173.45.230.10',NULL,NULL,NULL,'2011-07-11 13:46:25'),(54,'6qmh7h','Elizabeth Owens','a:2:{s:7:\"browser\";s:106:\"Mozilla/5.0 (X11; U; Linux i686; en-US; rv:1.9.2.13) Gecko/20101206 Ubuntu/10.10 (maverick) Firefox/3.6.13\";s:8:\"referrer\";s:1924:\"Referer 1:          http://cuip.uchicago.edu/\r\nReferer 2:          Type-in or bookmark\r\n\r\nPage visited 1:     http://web.cuip.net/\r\nPage visited 2:     http://web.cuip.net/wp-content/themes/malleable/hybrid/library/css/drop-downs.css\r\nPage visited 3:     http://web.cuip.net/wp-content/themes/malleable/hybrid/library/css/20px.css\r\nPage visited 4:     http://web.cuip.net/\r\nPage visited 5:     http://web.cuip.net/wp-content/themes/malleable/hybrid/library/css/plugins.css\r\nPage visited 6:     http://web.cuip.net/wp-content/themes/malleable/hybrid/library/css/drop-downs.css\r\nPage visited 7:     http://web.cuip.net/wp-content/themes/malleable/hybrid/library/css/20px.css\r\nPage visited 8:     http://web.cuip.net/contact/\r\nPage visited 9:     http://web.cuip.net/about/\r\nPage visited 10:    http://web.cuip.net/wp-content/themes/malleable/hybrid/library/css/20px.css\r\nPage visited 11:    http://web.cuip.net/wp-content/themes/malleable/hybrid/library/css/plugins.css\r\nPage visited 12:    http://web.cuip.net/wp-content/themes/malleable/hybrid/library/css/drop-downs.css\r\nPage visited 13:    http://web.cuip.net/staff/\r\nPage visited 14:    http://web.cuip.net/wp-content/themes/malleable/hybrid/library/css/20px.css\r\nPage visited 15:    http://web.cuip.net/wp-content/themes/malleable/hybrid/library/css/drop-downs.css\r\nPage visited 16:    http://web.cuip.net/wp-content/themes/malleable/hybrid/library/css/plugins.css\r\nPage visited 17:    http://web.cuip.net/contact/\r\nPage visited 18:    http://web.cuip.net/wp-content/themes/malleable/hybrid/library/css/plugins.css\r\nPage visited 19:    http://web.cuip.net/wp-content/themes/malleable/hybrid/library/css/drop-downs.css\r\nPage visited 20:    http://web.cuip.net/wp-content/themes/malleable/hybrid/library/css/20px.css\r\nPage visited 21:    http://web.cuip.net/partners/\r\nPage visited 22:    http://web.cuip.net/photos/\r\nPage visited 23:    http://web.cuip.net/contact/\r\n\r\n\r\n\";}',2,NULL,'2011-07-11 14:39:43','173.45.230.45',NULL,NULL,NULL,'2011-07-11 14:39:43'),(55,'7jmfqa','Jaidah Wilson','a:2:{s:7:\"browser\";s:152:\"Mozilla/4.0 (compatible; MSIE 7.0; Windows NT 5.1; SearchToolbar 1.2; .NET CLR 1.1.4322; .NET CLR 2.0.50727; .NET CLR 3.0.4506.2152; .NET CLR 3.5.30729)\";s:8:\"referrer\";s:1726:\"Referer 1:          Type-in or bookmark\r\nReferer 2:          Type-in or bookmark\r\n\r\nPage visited 1:     http://web.cuip.net/about\r\nPage visited 2:     http://web.cuip.net/about/\r\nPage visited 3:     http://web.cuip.net/wp-content/themes/malleable/hybrid/library/css/20px.css\r\nPage visited 4:     http://web.cuip.net/wp-content/themes/malleable/hybrid/library/css/drop-downs.css\r\nPage visited 5:     http://web.cuip.net/wp-content/plugins/pixopoint-menu/css/style.php\r\nPage visited 6:     http://web.cuip.net/wp-content/themes/malleable/hybrid/library/css/plugins.css\r\nPage visited 7:     http://web.cuip.net/wp-content/plugins/pixopoint-menu/scripts/hoverIntent.js.php?ver=r5\r\nPage visited 8:     http://web.cuip.net/wp-content/plugins/pixopoint-menu/scripts/superfish_settings.js.php?ver=1.0\r\nPage visited 9:     http://web.cuip.net/schools/\r\nPage visited 10:    http://web.cuip.net/wp-content/plugins/pixopoint-menu/css/style.php\r\nPage visited 11:    http://web.cuip.net/wp-content/themes/malleable/hybrid/library/css/20px.css\r\nPage visited 12:    http://web.cuip.net/wp-content/themes/malleable/hybrid/library/css/plugins.css\r\nPage visited 13:    http://web.cuip.net/wp-content/themes/malleable/hybrid/library/css/drop-downs.css\r\nPage visited 14:    http://web.cuip.net/contact/\r\nPage visited 15:    http://web.cuip.net/wp-content/themes/malleable/hybrid/library/css/20px.css\r\nPage visited 16:    http://web.cuip.net/wp-content/themes/malleable/hybrid/library/css/plugins.css\r\nPage visited 17:    http://web.cuip.net/wp-content/themes/malleable/hybrid/library/css/drop-downs.css\r\nPage visited 18:    http://web.cuip.net/wp-content/plugins/pixopoint-menu/css/style.php\r\nPage visited 19:    http://web.cuip.net/contact/\r\n\r\n\r\n\";}',2,NULL,'2011-08-02 21:38:54','64.150.17.4',NULL,NULL,NULL,'2011-08-02 21:38:54'),(56,'xszscj','Vinay Kumar','a:2:{s:7:\"browser\";s:139:\"Mozilla/4.0 (compatible; MSIE 8.0; Windows NT 5.1; Trident/4.0; InfoPath.2; .NET CLR 2.0.50727; .NET CLR 3.0.4506.2152; .NET CLR 3.5.30729)\";s:8:\"referrer\";s:1632:\"Referer 1:          Type-in or bookmark\r\n\r\nPage visited 1:     http://web.cuip.net/\r\nPage visited 2:     http://web.cuip.net/wp-content/plugins/pixopoint-menu/css/style.php\r\nPage visited 3:     http://web.cuip.net/wp-content/themes/malleable/hybrid/library/css/20px.css\r\nPage visited 4:     http://web.cuip.net/wp-content/themes/malleable/hybrid/library/css/plugins.css\r\nPage visited 5:     http://web.cuip.net/wp-content/themes/malleable/hybrid/library/css/drop-downs.css\r\nPage visited 6:     http://web.cuip.net/wp-content/plugins/pixopoint-menu/scripts/hoverIntent.js.php?ver=r5\r\nPage visited 7:     http://web.cuip.net/wp-content/plugins/pixopoint-menu/scripts/superfish_settings.js.php?ver=1.0\r\nPage visited 8:     http://web.cuip.net/contact/\r\nPage visited 9:     http://web.cuip.net/wp-content/themes/malleable/hybrid/library/css/drop-downs.css\r\nPage visited 10:    http://web.cuip.net/wp-content/themes/malleable/hybrid/library/css/plugins.css\r\nPage visited 11:    http://web.cuip.net/wp-content/themes/malleable/hybrid/library/css/20px.css\r\nPage visited 12:    http://web.cuip.net/wp-content/plugins/pixopoint-menu/css/style.php\r\nPage visited 13:    http://web.cuip.net/contact/\r\nPage visited 14:    http://web.cuip.net/wp-content/themes/malleable/hybrid/library/css/20px.css\r\nPage visited 15:    http://web.cuip.net/wp-content/plugins/pixopoint-menu/css/style.php\r\nPage visited 16:    http://web.cuip.net/wp-content/themes/malleable/hybrid/library/css/plugins.css\r\nPage visited 17:    http://web.cuip.net/wp-content/themes/malleable/hybrid/library/css/drop-downs.css\r\nPage visited 18:    http://web.cuip.net/contact/\r\n\r\n\r\n\";}',2,NULL,'2011-08-18 15:38:54','83.110.252.35',NULL,NULL,NULL,'2011-08-18 15:38:54'),(57,'og1w4s','Linda','a:2:{s:7:\"browser\";s:112:\"Mozilla/5.0 (Windows; U; Windows NT 5.1; en-US; rv:1.9.2.21) Gecko/20110830 Firefox/3.6.21 ( .NET CLR 3.5.30729)\";s:8:\"referrer\";s:1902:\"Referer 1:          Type-in or bookmark\r\nReferer 2:          Type-in or bookmark\r\n\r\nPage visited 1:     http://web.cuip.net/\r\nPage visited 2:     http://web.cuip.net/wp-content/plugins/pixopoint-menu/css/style.php\r\nPage visited 3:     http://web.cuip.net/wp-content/themes/malleable/hybrid/library/css/20px.css\r\nPage visited 4:     http://web.cuip.net/wp-content/themes/malleable/hybrid/library/css/plugins.css\r\nPage visited 5:     http://web.cuip.net/wp-content/themes/malleable/hybrid/library/css/drop-downs.css\r\nPage visited 6:     http://web.cuip.net/wp-content/plugins/pixopoint-menu/scripts/hoverIntent.js.php?ver=r5\r\nPage visited 7:     http://web.cuip.net/wp-content/plugins/pixopoint-menu/scripts/superfish_settings.js.php?ver=1.0\r\nPage visited 8:     http://web.cuip.net/contact/\r\nPage visited 9:     http://web.cuip.net/wp-content/themes/malleable/hybrid/library/css/20px.css\r\nPage visited 10:    http://web.cuip.net/wp-content/themes/malleable/hybrid/library/css/plugins.css\r\nPage visited 11:    http://web.cuip.net/wp-content/themes/malleable/hybrid/library/css/drop-downs.css\r\nPage visited 12:    http://web.cuip.net/wp-content/plugins/pixopoint-menu/css/style.php\r\nPage visited 13:    http://web.cuip.net/photos/\r\nPage visited 14:    http://web.cuip.net/\r\nPage visited 15:    http://web.cuip.net/wp-content/plugins/pixopoint-menu/css/style.php\r\nPage visited 16:    http://web.cuip.net/contact/\r\nPage visited 17:    http://web.cuip.net/wp-content/themes/malleable/hybrid/library/css/plugins.css\r\nPage visited 18:    http://web.cuip.net/wp-content/plugins/pixopoint-menu/css/style.php\r\nPage visited 19:    http://web.cuip.net/wp-content/themes/malleable/hybrid/library/css/20px.css\r\nPage visited 20:    http://web.cuip.net/wp-content/themes/malleable/hybrid/library/css/drop-downs.css\r\nPage visited 21:    http://web.cuip.net/photos/\r\nPage visited 22:    http://web.cuip.net/contact/\r\n\r\n\r\n\";}',2,NULL,'2011-09-08 15:10:30','65.214.69.250',NULL,NULL,NULL,'2011-09-08 15:10:30'),(58,'6r9bvc','Justus Roe','a:2:{s:7:\"browser\";s:97:\"Mozilla/5.0 (Macintosh; U; Intel Mac OS X 10.5; en-US; rv:1.9.0.5) Gecko/2008120121 Firefox/3.0.5\";s:8:\"referrer\";s:30:\"http://web.cuip.net/contact/\r\n\";}',2,NULL,'2011-09-23 18:34:22','64.150.16.10',NULL,NULL,NULL,'2011-09-23 18:34:22'),(59,'sjpc37','Lauren Miller','a:2:{s:7:\"browser\";s:99:\"Mozilla/5.0 (Windows NT 5.1) AppleWebKit/535.1 (KHTML, like Gecko) Chrome/14.0.835.187 Safari/535.1\";s:8:\"referrer\";s:30:\"http://web.cuip.net/contact/\r\n\";}',2,NULL,'2011-10-03 17:56:04','96.245.111.122',NULL,NULL,NULL,'2011-10-03 17:56:04'),(60,'rf8u1y','Maya','a:2:{s:7:\"browser\";s:106:\"Mozilla/5.0 (X11; U; Linux i686; en-US; rv:1.9.2.22) Gecko/20110905 Ubuntu/10.10 (maverick) Firefox/3.6.22\";s:8:\"referrer\";s:30:\"http://web.cuip.net/contact/\r\n\";}',2,NULL,'2011-10-05 15:27:58','173.45.230.196',NULL,NULL,NULL,'2011-10-05 15:27:58'),(61,'vhxwsu','Bruce Montgomery','a:2:{s:7:\"browser\";s:139:\"Mozilla/5.0 (iPad; U; CPU OS 4_3 like Mac OS X; en-us) AppleWebKit/533.17.9 (KHTML, like Gecko) Version/5.0.2 Mobile/8F190 Safari/6533.18.5\";s:8:\"referrer\";s:30:\"http://web.cuip.net/contact/\r\n\";}',2,NULL,'2011-10-15 17:04:56','69.47.245.5',NULL,NULL,NULL,'2011-10-15 17:04:56'),(62,'b1m9fg','Aparna Vashisht','a:2:{s:7:\"browser\";s:74:\"Mozilla/5.0 (Windows NT 6.1; WOW64; rv:7.0.1) Gecko/20100101 Firefox/7.0.1\";s:8:\"referrer\";s:30:\"http://web.cuip.net/contact/\r\n\";}',2,NULL,'2011-10-28 04:06:23','115.117.143.244',NULL,NULL,NULL,'2011-10-28 04:06:23'),(63,'kvk13n','Rebecca Chase','a:2:{s:7:\"browser\";s:68:\"Mozilla/5.0 (X11; Linux i686; rv:7.0.1) Gecko/20100101 Firefox/7.0.1\";s:8:\"referrer\";s:30:\"http://web.cuip.net/contact/\r\n\";}',2,NULL,'2011-11-10 14:55:03','173.45.230.76',NULL,NULL,NULL,'2011-11-10 14:55:03'),(64,'n46hgk','Aparna Vashisht','a:2:{s:7:\"browser\";s:107:\"Mozilla/5.0 (Windows; U; Windows NT 6.1; en-US; rv:1.9.2.16) Gecko/20110325 Firefox/3.6.16 CometBird/3.6.16\";s:8:\"referrer\";s:30:\"http://web.cuip.net/contact/\r\n\";}',2,NULL,'2011-11-23 17:31:34','58.97.208.81',NULL,NULL,NULL,'2011-11-23 17:31:34'),(65,'g91oir','Mitch Testing','a:2:{s:7:\"browser\";s:106:\"Mozilla/5.0 (Windows NT 6.1; WOW64) AppleWebKit/535.2 (KHTML, like Gecko) Chrome/15.0.874.121 Safari/535.2\";s:8:\"referrer\";s:30:\"http://web.cuip.net/contact/\r\n\";}',2,NULL,'2011-12-06 17:43:34','75.22.29.33',NULL,2,2,'2011-12-06 17:43:34'),(66,'2zflzn','Paulette B. Smith','a:2:{s:7:\"browser\";s:207:\"Mozilla/4.0 (compatible; MSIE 8.0; Windows NT 6.1; WOW64; Trident/4.0; GTB7.2; SLCC2; .NET CLR 2.0.50727; .NET CLR 3.5.30729; .NET CLR 3.0.30729; Media Center PC 6.0; InfoPath.2; .NET4.0C; .NET CLR 1.1.4322)\";s:8:\"referrer\";s:30:\"http://web.cuip.net/contact/\r\n\";}',2,NULL,'2012-01-07 20:57:40','64.53.155.2',NULL,NULL,NULL,'2012-01-07 20:57:40'),(67,'niamp4','Anaya Johns','a:2:{s:7:\"browser\";s:68:\"Mozilla/5.0 (X11; Linux i686; rv:7.0.1) Gecko/20100101 Firefox/7.0.1\";s:8:\"referrer\";s:30:\"http://web.cuip.net/contact/\r\n\";}',2,NULL,'2012-01-11 20:17:22','173.45.230.196',NULL,NULL,NULL,'2012-01-11 20:17:22'),(68,'bv8h74','Dexter Cahoy','a:2:{s:7:\"browser\";s:98:\"Mozilla/5.0 (Windows NT 6.0) AppleWebKit/535.7 (KHTML, like Gecko) Chrome/16.0.912.75 Safari/535.7\";s:8:\"referrer\";s:30:\"http://web.cuip.net/contact/\r\n\";}',2,NULL,'2012-01-22 04:34:07','76.107.50.248',NULL,NULL,NULL,'2012-01-22 04:34:07'),(69,'uu1f49','Dexter Cahoy','a:2:{s:7:\"browser\";s:98:\"Mozilla/5.0 (Windows NT 6.0) AppleWebKit/535.7 (KHTML, like Gecko) Chrome/16.0.912.75 Safari/535.7\";s:8:\"referrer\";s:30:\"http://web.cuip.net/contact/\r\n\";}',2,NULL,'2012-01-22 04:35:49','76.107.50.248',NULL,NULL,NULL,'2012-01-22 04:35:49'),(70,'1arf5c','Anika Jenkins-Flores','a:2:{s:7:\"browser\";s:161:\"Mozilla/4.0 (compatible; MSIE 7.0; Windows NT 5.1; GTB6.5; .NET CLR 1.1.4322; .NET CLR 2.0.50727; .NET CLR 3.0.4506.2152; .NET CLR 3.5.30729; .NET4.0C; .NET4.0E)\";s:8:\"referrer\";s:30:\"http://web.cuip.net/contact/\r\n\";}',2,NULL,'2012-01-23 18:39:32','165.68.253.3',NULL,NULL,NULL,'2012-01-23 18:39:32'),(71,'sv79w8','Daren Pearson','a:2:{s:7:\"browser\";s:92:\"Mozilla/5.0 (Windows; U; Windows NT 5.1; en-US; rv:1.8.1.20) Gecko/20081217 Firefox/2.0.0.20\";s:8:\"referrer\";s:30:\"http://web.cuip.net/contact/\r\n\";}',2,NULL,'2012-01-27 05:15:55','113.19.82.14',NULL,NULL,NULL,'2012-01-27 05:15:55'),(72,'c6jlv4','Denise Monegato','a:2:{s:7:\"browser\";s:100:\"Mozilla/5.0 (Windows NT 5.1) AppleWebKit/535.11 (KHTML, like Gecko) Chrome/17.0.963.46 Safari/535.11\";s:8:\"referrer\";s:30:\"http://web.cuip.net/contact/\r\n\";}',2,NULL,'2012-02-08 19:42:16','12.235.59.50',NULL,NULL,NULL,'2012-02-08 19:42:16'),(73,'j2gsgl','Audrey Plasse','a:2:{s:7:\"browser\";s:68:\"Mozilla/5.0 (X11; Linux i686; rv:7.0.1) Gecko/20100101 Firefox/7.0.1\";s:8:\"referrer\";s:2:\"\r\n\";}',2,NULL,'2012-02-20 19:20:21','173.45.230.196',NULL,NULL,NULL,'2012-02-20 19:20:21'),(74,'wvuqda','Mary','a:2:{s:7:\"browser\";s:230:\"Mozilla/4.0 (compatible; MSIE 7.0; Windows NT 5.1; GTB7.3; .NET CLR 1.0.3705; .NET CLR 1.1.4322; SpamBlockerUtility 4.7.1; .NET CLR 2.0.50727; .NET CLR 3.0.04506.648; .NET CLR 3.5.21022; .NET CLR 3.0.4506.2152; .NET CLR 3.5.30729)\";s:8:\"referrer\";s:31:\"http://news.cuip.net/contact/\r\n\";}',2,NULL,'2012-02-27 21:07:47','67.167.208.49',NULL,NULL,NULL,'2012-02-27 21:07:47'),(75,'45xznw','Chris Berg','a:2:{s:7:\"browser\";s:100:\"Mozilla/5.0 (Windows NT 5.1) AppleWebKit/535.11 (KHTML, like Gecko) Chrome/17.0.963.78 Safari/535.11\";s:8:\"referrer\";s:30:\"http://web.cuip.net/contact/\r\n\";}',2,NULL,'2012-03-10 13:44:18','174.100.35.15',NULL,NULL,NULL,'2012-03-10 13:44:18'),(76,'jpcuxp','Emma','a:2:{s:7:\"browser\";s:102:\"Mozilla/5.0 (Windows NT 5.1) AppleWebKit/535.19 (KHTML, like Gecko) Chrome/18.0.1025.142 Safari/535.19\";s:8:\"referrer\";s:30:\"http://web.cuip.net/contact/\r\n\";}',2,NULL,'2012-04-03 17:59:38','122.2.0.34',NULL,NULL,NULL,'2012-04-03 17:59:38'),(77,'ceilyi','Steve Marsey','a:2:{s:7:\"browser\";s:71:\"Mozilla/5.0 (compatible; MSIE 10.0; Windows NT 6.2; WOW64; Trident/6.0)\";s:8:\"referrer\";s:30:\"http://web.cuip.net/contact/\r\n\";}',2,NULL,'2012-04-12 03:42:51','24.148.31.173',NULL,NULL,NULL,'2012-04-12 03:42:51'),(78,'25wm3h','Jennifer Jenkins','a:2:{s:7:\"browser\";s:102:\"Mozilla/5.0 (Windows NT 5.1) AppleWebKit/535.19 (KHTML, like Gecko) Chrome/18.0.1025.162 Safari/535.19\";s:8:\"referrer\";s:30:\"http://web.cuip.net/contact/\r\n\";}',2,NULL,'2012-04-16 20:39:06','122.2.0.34',NULL,NULL,NULL,'2012-04-16 20:39:06'),(79,'iwrzb9','Mitch Testing','a:2:{s:7:\"browser\";s:109:\"Mozilla/5.0 (Windows NT 6.1; WOW64) AppleWebKit/535.19 (KHTML, like Gecko) Chrome/18.0.1025.168 Safari/535.19\";s:8:\"referrer\";s:30:\"http://web.cuip.net/contact/\r\n\";}',2,NULL,'2012-05-09 17:47:56','75.21.92.172',NULL,2,2,'2012-05-09 17:47:56'),(80,'y5zj46','Cindy Lee','a:2:{s:7:\"browser\";s:65:\"Mozilla/5.0 (Windows NT 5.1; rv:12.0) Gecko/20100101 Firefox/12.0\";s:8:\"referrer\";s:30:\"http://web.cuip.net/contact/\r\n\";}',2,NULL,'2012-05-23 10:38:17','97.81.75.118',NULL,NULL,NULL,'2012-05-23 10:38:17'),(81,'s0n0u2','Katie Larsen','a:2:{s:7:\"browser\";s:65:\"Mozilla/5.0 (Windows NT 6.1; rv:12.0) Gecko/20100101 Firefox/12.0\";s:8:\"referrer\";s:30:\"http://web.cuip.net/contact/\r\n\";}',2,NULL,'2012-06-18 07:01:20','117.215.17.174',NULL,NULL,NULL,'2012-06-18 07:01:20'),(82,'1e7vgq','Katie Larsen','a:2:{s:7:\"browser\";s:65:\"Mozilla/5.0 (Windows NT 6.1; rv:12.0) Gecko/20100101 Firefox/12.0\";s:8:\"referrer\";s:30:\"http://web.cuip.net/contact/\r\n\";}',2,NULL,'2012-06-21 05:01:01','117.215.16.252',NULL,NULL,NULL,'2012-06-21 05:01:01'),(83,'aujtm9','Allison Matheson','a:2:{s:7:\"browser\";s:65:\"Mozilla/5.0 (Windows NT 6.1; rv:12.0) Gecko/20100101 Firefox/12.0\";s:8:\"referrer\";s:30:\"http://web.cuip.net/contact/\r\n\";}',2,NULL,'2012-06-21 07:14:26','117.215.18.29',NULL,NULL,NULL,'2012-06-21 07:14:26'),(84,'juedf9','Susan Gorgalini','a:2:{s:7:\"browser\";s:106:\"Mozilla/5.0 (Windows NT 6.1; WOW64) AppleWebKit/536.5 (KHTML, like Gecko) Chrome/19.0.1084.56 Safari/536.5\";s:8:\"referrer\";s:30:\"http://web.cuip.net/contact/\r\n\";}',2,NULL,'2012-06-22 05:39:13','122.2.0.34',NULL,NULL,NULL,'2012-06-22 05:39:13'),(85,'l467nd','Lucius Furius','a:2:{s:7:\"browser\";s:99:\"Mozilla/5.0 (Windows NT 5.1) AppleWebKit/536.5 (KHTML, like Gecko) Chrome/19.0.1084.56 Safari/536.5\";s:8:\"referrer\";s:30:\"http://web.cuip.net/contact/\r\n\";}',2,NULL,'2012-06-24 23:58:19','24.12.209.246',NULL,NULL,NULL,'2012-06-24 23:58:19'),(86,'g76rlr','Chase Gentry','a:2:{s:7:\"browser\";s:67:\"Mozilla/5.0 (Windows NT 5.1; rv:13.0) Gecko/20100101 Firefox/13.0.1\";s:8:\"referrer\";s:30:\"http://web.cuip.net/contact/\r\n\";}',2,NULL,'2012-06-25 05:55:33','27.48.51.28',NULL,NULL,NULL,'2012-06-25 05:55:33'),(87,'1550z8','Steve jackson','a:2:{s:7:\"browser\";s:106:\"Mozilla/5.0 (Windows NT 6.1; WOW64) AppleWebKit/536.5 (KHTML, like Gecko) Chrome/19.0.1084.56 Safari/536.5\";s:8:\"referrer\";s:30:\"http://web.cuip.net/contact/\r\n\";}',2,NULL,'2012-06-26 15:42:45','197.251.129.167',NULL,NULL,NULL,'2012-06-26 15:42:45'),(88,'dk3kv','Diana Fisher','a:2:{s:7:\"browser\";s:106:\"Mozilla/5.0 (Windows NT 6.1; WOW64) AppleWebKit/536.5 (KHTML, like Gecko) Chrome/19.0.1084.56 Safari/536.5\";s:8:\"referrer\";s:30:\"http://web.cuip.net/contact/\r\n\";}',2,NULL,'2012-06-26 17:04:51','122.2.0.34',NULL,NULL,NULL,'2012-06-26 17:04:51'),(89,'rkzb42','Michael Hinton','a:2:{s:7:\"browser\";s:81:\"Mozilla/4.0 (compatible; MSIE 7.0; Windows NT 5.1; InfoPath.1; .NET CLR 1.1.4322)\";s:8:\"referrer\";s:30:\"http://web.cuip.net/contact/\r\n\";}',2,NULL,'2012-06-26 18:23:34','64.150.16.1',NULL,NULL,NULL,'2012-06-26 18:23:34'),(90,'utq2s3','Jennifer Jenkins','a:2:{s:7:\"browser\";s:106:\"Mozilla/5.0 (Windows NT 6.1; WOW64) AppleWebKit/536.5 (KHTML, like Gecko) Chrome/19.0.1084.56 Safari/536.5\";s:8:\"referrer\";s:30:\"http://web.cuip.net/contact/\r\n\";}',2,NULL,'2012-06-27 19:09:54','122.2.0.34',NULL,NULL,NULL,'2012-06-27 19:09:54'),(91,'eag762','Valerie Cecil','a:2:{s:7:\"browser\";s:117:\"Mozilla/5.0 (Macintosh; Intel Mac OS X 10_5_8) AppleWebKit/534.50.2 (KHTML, like Gecko) Version/5.0.6 Safari/533.22.3\";s:8:\"referrer\";s:30:\"http://web.cuip.net/contact/\r\n\";}',2,NULL,'2012-06-29 16:41:53','74.134.77.235',NULL,NULL,NULL,'2012-06-29 16:41:53'),(92,'32hmgu','Jennifer Yee','a:2:{s:7:\"browser\";s:108:\"Mozilla/5.0 (Windows NT 6.1; WOW64) AppleWebKit/536.11 (KHTML, like Gecko) Chrome/20.0.1132.47 Safari/536.11\";s:8:\"referrer\";s:30:\"http://web.cuip.net/contact/\r\n\";}',2,NULL,'2012-07-02 14:37:31','122.2.0.34',NULL,NULL,NULL,'2012-07-02 14:37:31'),(93,'km7pu7','Valerie Cecil','a:2:{s:7:\"browser\";s:117:\"Mozilla/5.0 (Macintosh; Intel Mac OS X 10_5_8) AppleWebKit/534.50.2 (KHTML, like Gecko) Version/5.0.6 Safari/533.22.3\";s:8:\"referrer\";s:30:\"http://web.cuip.net/contact/\r\n\";}',2,NULL,'2012-07-03 23:05:40','74.134.77.235',NULL,NULL,NULL,'2012-07-03 23:05:40'),(94,'bbtxqc','Estelle Shumann','a:2:{s:7:\"browser\";s:108:\"Mozilla/5.0 (Windows NT 6.1; WOW64) AppleWebKit/536.11 (KHTML, like Gecko) Chrome/20.0.1132.47 Safari/536.11\";s:8:\"referrer\";s:30:\"http://web.cuip.net/contact/\r\n\";}',2,NULL,'2012-07-07 16:04:25','122.2.0.34',NULL,NULL,NULL,'2012-07-07 16:04:25'),(95,'h09lm1','Hildegard Chapman','a:2:{s:7:\"browser\";s:63:\"Mozilla/5.0 (compatible; MSIE 9.0; Windows NT 6.1; Trident/5.0)\";s:8:\"referrer\";s:30:\"http://web.cuip.net/contact/\r\n\";}',2,NULL,'2012-07-15 15:03:15','197.87.39.215',NULL,NULL,NULL,'2012-07-15 15:03:15'),(96,'x3w58p','Valerie Cecil','a:2:{s:7:\"browser\";s:117:\"Mozilla/5.0 (Macintosh; Intel Mac OS X 10_5_8) AppleWebKit/534.50.2 (KHTML, like Gecko) Version/5.0.6 Safari/533.22.3\";s:8:\"referrer\";s:30:\"http://web.cuip.net/contact/\r\n\";}',2,NULL,'2012-07-16 14:28:54','74.134.77.235',NULL,NULL,NULL,'2012-07-16 14:28:54'),(97,'3zm5y3','Amanda Lewis','a:2:{s:7:\"browser\";s:63:\"Mozilla/5.0 (compatible; MSIE 9.0; Windows NT 6.1; Trident/5.0)\";s:8:\"referrer\";s:30:\"http://web.cuip.net/contact/\r\n\";}',2,NULL,'2012-07-23 09:19:46','27.48.40.15',NULL,NULL,NULL,'2012-07-23 09:19:46'),(98,'cg3hgh','Tim Burke','a:2:{s:7:\"browser\";s:119:\"Mozilla/5.0 (Macintosh; Intel Mac OS X 10_7_4) AppleWebKit/536.11 (KHTML, like Gecko) Chrome/20.0.1132.57 Safari/536.11\";s:8:\"referrer\";s:30:\"http://web.cuip.net/contact/\r\n\";}',2,NULL,'2012-07-27 16:50:24','50.193.35.157',NULL,NULL,NULL,'2012-07-27 16:50:24'),(99,'49rwg3','Jocelyn Salada','a:2:{s:7:\"browser\";s:106:\"Mozilla/5.0 (Windows NT 6.1; WOW64) AppleWebKit/537.1 (KHTML, like Gecko) Chrome/21.0.1180.60 Safari/537.1\";s:8:\"referrer\";s:30:\"http://web.cuip.net/contact/\r\n\";}',2,NULL,'2012-08-08 15:25:26','121.96.61.130',NULL,NULL,NULL,'2012-08-08 15:25:26'),(100,'9ci8wl','Karen Moore','a:2:{s:7:\"browser\";s:106:\"Mozilla/5.0 (Windows NT 6.1; WOW64) AppleWebKit/537.1 (KHTML, like Gecko) Chrome/21.0.1180.79 Safari/537.1\";s:8:\"referrer\";s:30:\"http://web.cuip.net/contact/\r\n\";}',2,NULL,'2012-08-22 17:06:23','121.96.61.130',NULL,NULL,NULL,'2012-08-22 17:06:23'),(101,'pioz6z','Sarah B','a:2:{s:7:\"browser\";s:63:\"Mozilla/5.0 (Windows NT 6.1; rv:9.0) Gecko/20100101 Firefox/9.0\";s:8:\"referrer\";s:30:\"http://web.cuip.net/contact/\r\n\";}',2,NULL,'2012-08-27 09:02:21','27.48.40.13',NULL,NULL,NULL,'2012-08-27 09:02:21'),(102,'jenwli','Jen P','a:2:{s:7:\"browser\";s:65:\"Mozilla/5.0 (Windows NT 6.1; rv:12.0) Gecko/20100101 Firefox/12.0\";s:8:\"referrer\";s:30:\"http://web.cuip.net/contact/\r\n\";}',2,NULL,'2012-09-12 09:09:09','27.48.40.11',NULL,NULL,NULL,'2012-09-12 09:09:09'),(103,'nn47n2','Lauren L','a:2:{s:7:\"browser\";s:65:\"Mozilla/5.0 (Windows NT 6.1; rv:12.0) Gecko/20100101 Firefox/12.0\";s:8:\"referrer\";s:30:\"http://web.cuip.net/contact/\r\n\";}',2,NULL,'2012-09-18 04:29:02','122.50.200.12',NULL,NULL,NULL,'2012-09-18 04:29:02'),(104,'89i874','Ashley Smithson','a:2:{s:7:\"browser\";s:106:\"Mozilla/5.0 (Windows NT 6.1; WOW64) AppleWebKit/537.1 (KHTML, like Gecko) Chrome/21.0.1180.89 Safari/537.1\";s:8:\"referrer\";s:30:\"http://web.cuip.net/contact/\r\n\";}',2,NULL,'2012-09-19 21:26:03','121.96.61.130',NULL,NULL,NULL,'2012-09-19 21:26:03'),(105,'bcc2kf','Megan H','a:2:{s:7:\"browser\";s:65:\"Mozilla/5.0 (Windows NT 6.1; rv:12.0) Gecko/20100101 Firefox/12.0\";s:8:\"referrer\";s:30:\"http://web.cuip.net/contact/\r\n\";}',2,NULL,'2012-09-27 05:32:18','122.50.200.31',NULL,NULL,NULL,'2012-09-27 05:32:18'),(106,'dhn272','Megan H','a:2:{s:7:\"browser\";s:65:\"Mozilla/5.0 (Windows NT 6.1; rv:12.0) Gecko/20100101 Firefox/12.0\";s:8:\"referrer\";s:30:\"http://web.cuip.net/contact/\r\n\";}',2,NULL,'2012-09-28 04:17:39','122.50.200.16',NULL,NULL,NULL,'2012-09-28 04:17:39'),(107,'iwmg7v','Megan H','a:2:{s:7:\"browser\";s:65:\"Mozilla/5.0 (Windows NT 6.1; rv:12.0) Gecko/20100101 Firefox/12.0\";s:8:\"referrer\";s:30:\"http://web.cuip.net/contact/\r\n\";}',2,NULL,'2012-09-28 04:18:02','122.50.200.16',NULL,NULL,NULL,'2012-09-28 04:18:02'),(108,'qca4e','Jaden Cook','a:2:{s:7:\"browser\";s:65:\"Mozilla/5.0 (Windows NT 6.1; rv:12.0) Gecko/20100101 Firefox/12.0\";s:8:\"referrer\";s:30:\"http://web.cuip.net/contact/\r\n\";}',2,NULL,'2012-10-08 10:44:57','122.50.200.14',NULL,NULL,NULL,'2012-10-08 10:44:57'),(109,'mapl98','Jaden Cook','a:2:{s:7:\"browser\";s:65:\"Mozilla/5.0 (Windows NT 6.1; rv:12.0) Gecko/20100101 Firefox/12.0\";s:8:\"referrer\";s:30:\"http://web.cuip.net/contact/\r\n\";}',2,NULL,'2012-10-08 10:46:27','122.50.200.14',NULL,NULL,NULL,'2012-10-08 10:46:27'),(110,'s89708','Hannah Edwards','a:2:{s:7:\"browser\";s:106:\"Mozilla/5.0 (Windows NT 6.1; WOW64) AppleWebKit/537.4 (KHTML, like Gecko) Chrome/22.0.1229.79 Safari/537.4\";s:8:\"referrer\";s:30:\"http://web.cuip.net/contact/\r\n\";}',2,NULL,'2012-10-08 22:13:49','121.96.61.130',NULL,NULL,NULL,'2012-10-08 22:13:49'),(111,'cgag9b','Kim Young','a:2:{s:7:\"browser\";s:106:\"Mozilla/5.0 (Windows NT 6.1; WOW64) AppleWebKit/537.4 (KHTML, like Gecko) Chrome/22.0.1229.94 Safari/537.4\";s:8:\"referrer\";s:30:\"http://web.cuip.net/contact/\r\n\";}',2,NULL,'2012-10-25 20:28:05','121.96.61.130',NULL,NULL,NULL,'2012-10-25 20:28:05'),(112,'gtw41d','erica clary','a:2:{s:7:\"browser\";s:70:\"Mozilla/5.0 (compatible; MSIE 9.0; Windows NT 6.1; WOW64; Trident/5.0)\";s:8:\"referrer\";s:30:\"http://web.cuip.net/contact/\r\n\";}',2,NULL,'2012-10-27 09:37:19','108.195.41.63',NULL,NULL,NULL,'2012-10-27 09:37:19'),(113,'zzv3km','Greg Fishbein','a:2:{s:7:\"browser\";s:72:\"Mozilla/5.0 (Windows NT 6.1; WOW64; rv:16.0) Gecko/20100101 Firefox/16.0\";s:8:\"referrer\";s:30:\"http://web.cuip.net/contact/\r\n\";}',2,NULL,'2012-10-31 16:56:52','173.48.226.250',NULL,NULL,NULL,'2012-10-31 16:56:52'),(114,'h8d8p7','Ruth Clark','a:2:{s:7:\"browser\";s:106:\"Mozilla/5.0 (Windows NT 6.1; WOW64) AppleWebKit/537.4 (KHTML, like Gecko) Chrome/22.0.1229.94 Safari/537.4\";s:8:\"referrer\";s:30:\"http://web.cuip.net/contact/\r\n\";}',2,NULL,'2012-11-01 19:08:00','121.96.61.130',NULL,NULL,NULL,'2012-11-01 19:08:00'),(115,'z93kcd','Nina Robinson','a:2:{s:7:\"browser\";s:65:\"Mozilla/5.0 (Windows NT 6.1; rv:16.0) Gecko/20100101 Firefox/16.0\";s:8:\"referrer\";s:30:\"http://web.cuip.net/contact/\r\n\";}',2,NULL,'2012-11-08 04:16:42','122.50.200.8',NULL,NULL,NULL,'2012-11-08 04:16:42'),(116,'5qtjst','Jaden Cook','a:2:{s:7:\"browser\";s:65:\"Mozilla/5.0 (Windows NT 6.1; rv:12.0) Gecko/20100101 Firefox/12.0\";s:8:\"referrer\";s:30:\"http://web.cuip.net/contact/\r\n\";}',2,NULL,'2012-11-10 05:24:54','122.50.200.5',NULL,NULL,NULL,'2012-11-10 05:24:54'),(117,'p8oan9','Kate Gleason','a:2:{s:7:\"browser\";s:65:\"Mozilla/5.0 (Windows NT 5.1; rv:16.0) Gecko/20100101 Firefox/16.0\";s:8:\"referrer\";s:30:\"http://web.cuip.net/contact/\r\n\";}',2,NULL,'2012-11-27 06:13:45','117.201.160.105',NULL,NULL,NULL,'2012-11-27 06:13:45'),(118,'jjlpvr','Carisa Johnson','a:2:{s:7:\"browser\";s:102:\"Mozilla/4.0 (compatible; MSIE 8.0; Windows NT 5.1; Trident/4.0; .NET CLR 1.1.4322; .NET CLR 2.0.50727)\";s:8:\"referrer\";s:30:\"http://web.cuip.net/contact/\r\n\";}',2,NULL,'2012-11-30 15:44:01','64.150.17.4',NULL,NULL,NULL,'2012-11-30 15:44:01'),(119,'8r7iy0','Ruth Clark','a:2:{s:7:\"browser\";s:108:\"Mozilla/5.0 (Windows NT 6.1; WOW64) AppleWebKit/537.11 (KHTML, like Gecko) Chrome/23.0.1271.95 Safari/537.11\";s:8:\"referrer\";s:30:\"http://web.cuip.net/contact/\r\n\";}',2,NULL,'2012-12-05 21:18:21','209.20.71.11',NULL,NULL,NULL,'2012-12-05 21:18:21'),(120,'p5b7l9','Karen Ward','a:2:{s:7:\"browser\";s:65:\"Mozilla/5.0 (Windows NT 6.1; rv:12.0) Gecko/20100101 Firefox/12.0\";s:8:\"referrer\";s:30:\"http://web.cuip.net/contact/\r\n\";}',2,NULL,'2012-12-20 10:28:33','122.50.200.14',NULL,NULL,NULL,'2012-12-20 10:28:33'),(121,'i0l7tf','Laura Hester','a:2:{s:7:\"browser\";s:65:\"Mozilla/5.0 (Windows NT 5.1; rv:17.0) Gecko/20100101 Firefox/17.0\";s:8:\"referrer\";s:30:\"http://web.cuip.net/contact/\r\n\";}',2,NULL,'2012-12-28 06:19:56','117.197.246.78',NULL,NULL,NULL,'2012-12-28 06:19:56'),(122,'ajskbo','Ryan Lovell','a:2:{s:7:\"browser\";s:117:\"Mozilla/5.0 (Macintosh; Intel Mac OS X 10_7_4) AppleWebKit/534.56.5 (KHTML, like Gecko) Version/5.1.6 Safari/534.56.5\";s:8:\"referrer\";s:30:\"http://web.cuip.net/contact/\r\n\";}',2,NULL,'2013-01-03 15:03:38','99.135.146.220',NULL,NULL,NULL,'2013-01-03 15:03:38'),(123,'2vm6mr','Taweewat Somboonpanyakul','a:2:{s:7:\"browser\";s:108:\"Mozilla/5.0 (Windows NT 6.1; WOW64) AppleWebKit/537.11 (KHTML, like Gecko) Chrome/23.0.1271.97 Safari/537.11\";s:8:\"referrer\";s:30:\"http://web.cuip.net/contact/\r\n\";}',2,NULL,'2013-01-08 16:22:20','128.135.96.70',NULL,NULL,NULL,'2013-01-08 16:22:20'),(124,'yate20','Jill Boleski','a:2:{s:7:\"browser\";s:65:\"Mozilla/5.0 (Windows NT 6.1; rv:17.0) Gecko/20100101 Firefox/17.0\";s:8:\"referrer\";s:30:\"http://web.cuip.net/contact/\r\n\";}',2,NULL,'2013-01-09 09:08:58','122.50.200.10',NULL,NULL,NULL,'2013-01-09 09:08:58'),(125,'l4canm','Todd Charette','a:2:{s:7:\"browser\";s:63:\"Mozilla/5.0 (compatible; MSIE 9.0; Windows NT 6.1; Trident/5.0)\";s:8:\"referrer\";s:30:\"http://web.cuip.net/contact/\r\n\";}',2,NULL,'2013-03-01 15:26:33','155.19.82.30',NULL,NULL,NULL,'2013-03-01 15:26:33'),(126,'y8vhom','Nicole Stoff','a:2:{s:7:\"browser\";s:65:\"Mozilla/5.0 (Windows NT 6.1; rv:19.0) Gecko/20100101 Firefox/19.0\";s:8:\"referrer\";s:30:\"http://web.cuip.net/contact/\r\n\";}',2,NULL,'2013-03-11 19:50:13','84.43.141.78',NULL,NULL,NULL,'2013-03-11 19:50:13'),(127,'16mcah','Nicole Stoff','a:2:{s:7:\"browser\";s:65:\"Mozilla/5.0 (Windows NT 6.1; rv:19.0) Gecko/20100101 Firefox/19.0\";s:8:\"referrer\";s:30:\"http://web.cuip.net/contact/\r\n\";}',2,NULL,'2013-03-13 18:27:58','84.43.141.78',NULL,NULL,NULL,'2013-03-13 18:27:58'),(128,'l1xpr3','Patrick Del Rosario','a:2:{s:7:\"browser\";s:99:\"Mozilla/5.0 (Windows NT 6.1) AppleWebKit/535.1 (KHTML, like Gecko) Chrome/14.0.835.202 Safari/535.1\";s:8:\"referrer\";s:30:\"http://web.cuip.net/contact/\r\n\";}',2,NULL,'2013-03-19 01:00:03','124.6.181.45',NULL,NULL,NULL,'2013-03-19 01:00:03');

--
